{"id":1266,"date":"2020-02-11T08:31:33","date_gmt":"2020-02-11T08:31:33","guid":{"rendered":"http:\/\/eveniments.es\/?page_id=1266"},"modified":"2022-05-12T07:45:27","modified_gmt":"2022-05-12T07:45:27","slug":"the-troupers","status":"publish","type":"page","link":"https:\/\/eveniments.es\/home\/servicios\/espectaculos-circo\/the-troupers","title":{"rendered":"Los Trotamundos"},"content":{"rendered":"<p>Tras a\u00f1os de \u00e9xitos con su espect\u00e1culo el gran circo Bambola cerr\u00f3 sus puertas.Ya no est\u00e1 la carpa,los elefantes,los domadores,el lanzador de cuchillos,las lentejuelas,las partenaires&#8230;<\/p>\n<p>Pero quedan ellos Los Trotamundos,tres artistas de aquel circo cl\u00e1sico y aquella vendedora de palomitas que siempre quiso ser artista.<\/p>\n<p>Los Trotamundos son cl\u00e1sicos actuales,malabaristas sin miedo al error,acr\u00f3batas intr\u00e9pidos, trapecistas con miedo a las alturas,magos sin truco,payasos sin maquillaje,domadores sin animales,artistas sin complejos.<\/p>\n<p>Los cuatro vuelven a hacer su propio espect\u00e1culo,a reinventarse,a desempolvar la pista de circo,y a buscar su hueco en el circo actual.<\/p>\n<p><img loading=\"lazy\" decoding=\"async\" class=\"alignnone wp-image-3821 size-large\" src=\"https:\/\/eveniments.es\/wp-content\/uploads\/2020\/07\/circo-5-1024x683.jpg\" alt=\"\" width=\"1024\" height=\"683\" srcset=\"https:\/\/eveniments.es\/wp-content\/uploads\/2020\/07\/circo-5-1024x683.jpg 1024w, https:\/\/eveniments.es\/wp-content\/uploads\/2020\/07\/circo-5-300x200.jpg 300w, https:\/\/eveniments.es\/wp-content\/uploads\/2020\/07\/circo-5-768x512.jpg 768w, https:\/\/eveniments.es\/wp-content\/uploads\/2020\/07\/circo-5.jpg 1500w\" sizes=\"auto, (max-width: 1024px) 100vw, 1024px\" \/><img loading=\"lazy\" decoding=\"async\" class=\"alignnone wp-image-3823\" src=\"https:\/\/eveniments.es\/wp-content\/uploads\/2020\/07\/Dossier-THE-TROUPERS-Comprimido_page-0006-e1595002685196-295x300.jpg\" alt=\"\" width=\"1024\" height=\"1043\" srcset=\"https:\/\/eveniments.es\/wp-content\/uploads\/2020\/07\/Dossier-THE-TROUPERS-Comprimido_page-0006-e1595002685196-295x300.jpg 295w, https:\/\/eveniments.es\/wp-content\/uploads\/2020\/07\/Dossier-THE-TROUPERS-Comprimido_page-0006-e1595002685196-1005x1024.jpg 1005w, https:\/\/eveniments.es\/wp-content\/uploads\/2020\/07\/Dossier-THE-TROUPERS-Comprimido_page-0006-e1595002685196-768x782.jpg 768w, https:\/\/eveniments.es\/wp-content\/uploads\/2020\/07\/Dossier-THE-TROUPERS-Comprimido_page-0006-e1595002685196.jpg 1179w\" sizes=\"auto, (max-width: 1024px) 100vw, 1024px\" \/><\/p>\n<p><iframe loading=\"lazy\" title=\"Los Trotamundos\" width=\"500\" height=\"281\" src=\"https:\/\/www.youtube.com\/embed\/Tq1X8Tra_NA?feature=oembed\" frameborder=\"0\" allow=\"accelerometer; autoplay; clipboard-write; encrypted-media; gyroscope; picture-in-picture; web-share\" referrerpolicy=\"strict-origin-when-cross-origin\" allowfullscreen><\/iframe><\/p>\n","protected":false},"excerpt":{"rendered":"<div class=\"mh-excerpt\"><p>Tras a\u00f1os de \u00e9xitos con su espect\u00e1culo el gran circo Bambola cerr\u00f3 sus puertas.Ya no est\u00e1 la carpa,los elefantes,los domadores,el lanzador de cuchillos,las lentejuelas,las partenaires&#8230; <a class=\"mh-excerpt-more\" href=\"https:\/\/eveniments.es\/home\/servicios\/espectaculos-circo\/the-troupers\" title=\"Los Trotamundos\">[&#8230;]<\/a><\/p>\n<\/div>","protected":false},"author":1,"featured_media":0,"parent":698,"menu_order":0,"comment_status":"closed","ping_status":"closed","template":"template-full.php","meta":{"footnotes":""},"class_list":["post-1266","page","type-page","status-publish","hentry"],"_links":{"self":[{"href":"https:\/\/eveniments.es\/home\/wp-json\/wp\/v2\/pages\/1266","targetHints":{"allow":["GET"]}}],"collection":[{"href":"https:\/\/eveniments.es\/home\/wp-json\/wp\/v2\/pages"}],"about":[{"href":"https:\/\/eveniments.es\/home\/wp-json\/wp\/v2\/types\/page"}],"author":[{"embeddable":true,"href":"https:\/\/eveniments.es\/home\/wp-json\/wp\/v2\/users\/1"}],"replies":[{"embeddable":true,"href":"https:\/\/eveniments.es\/home\/wp-json\/wp\/v2\/comments?post=1266"}],"version-history":[{"count":4,"href":"https:\/\/eveniments.es\/home\/wp-json\/wp\/v2\/pages\/1266\/revisions"}],"predecessor-version":[{"id":4732,"href":"https:\/\/eveniments.es\/home\/wp-json\/wp\/v2\/pages\/1266\/revisions\/4732"}],"up":[{"embeddable":true,"href":"https:\/\/eveniments.es\/home\/wp-json\/wp\/v2\/pages\/698"}],"wp:attachment":[{"href":"https:\/\/eveniments.es\/home\/wp-json\/wp\/v2\/media?parent=1266"}],"curies":[{"name":"wp","href":"https:\/\/api.w.org\/{rel}","templated":true}]}}