{"id":1634,"date":"2020-02-21T17:57:54","date_gmt":"2020-02-21T17:57:54","guid":{"rendered":"http:\/\/eveniments.es\/?page_id=1634"},"modified":"2020-06-30T13:50:19","modified_gmt":"2020-06-30T13:50:19","slug":"special-night","status":"publish","type":"page","link":"https:\/\/eveniments.es\/home\/servicios\/espectaculos-musicales\/special-night","title":{"rendered":"Special Night"},"content":{"rendered":"<h5><strong>\u00a1SPECIAL NIGHT, una noche \u00fanica!<\/strong><\/h5>\n<h6><strong>Special Night<\/strong>&nbsp;es un espect\u00e1culo din\u00e1mico y sorprendente cargado de impactos visuales y variedad de contenido que convertir\u00e1n una noche en algo especial. Con un elenco profesional y perfectamente conjuntado, donde todo sucede de manera \u00e1gil y sin que el p\u00fablico pueda tener ni un segundo para descubrir que va a suceder a continuaci\u00f3n. Podr\u00e1s disfrutar de:<\/h6>\n<h6>Coloridos vestuarios y coreograf\u00edas profesionales envuelven a un elenco de baile que domina multitud de estilos y aportan una incre\u00edble energ\u00eda al espect\u00e1culo.<\/h6>\n<h6>La voz de Mireia Ortiz, \u00fanica espa\u00f1ola que ha cantado junto a Withney Houston, pone la voz en vivo a los n\u00fameros musicales, y deslumbra con su capacidad para cantar diferentes estilos musicales.<\/h6>\n<h6>El impacto visual est\u00e1 asegurado con el equipo acrob\u00e1tico, el n\u00famero de elegantes telas a\u00e9reas y tambi\u00e9n el del en\u00e9rgico aro a\u00e9reo, ambos har\u00e1n que el acr\u00f3bata deje al p\u00fablico sin aliento y emocionado a la vez, al ver el riesgo y el desaf\u00edo que suponen sus acrobacias. Pero no suceder\u00e1 en el aire, uno de los momentos m\u00e1s bonitos del espect\u00e1culo es cuando un d\u00fao de acr\u00f3batas realizaran un mano a mano realizando portes incre\u00edbles sin descuidar la elegancia de su coreograf\u00eda musical.<\/h6>\n<h6>La presencia del fuego no pasar\u00e1 desapercibida para nadie, un espectacular momento llega rodeado de llamas, dos especialistas en el manejo del fuego hipnotizan al publico a ritmo de Carmina Burana, con una presencia inmejorable en el escenario no solo ellos aportaran fuego, sino que el elenco completo de bailarines aparecer\u00e1n en el escenario portando antorchas y platos de fuego, convirtiendo el escenario en un impacto visual incre\u00edble para el p\u00fablico.<\/h6>\n<h6><strong>Special Night<\/strong>&nbsp;no ser\u00eda especial si no contase con la ilusi\u00f3n que derrocha la magia en vivo, momentos m\u00e1gicos y elegantes har\u00e1n que desde los m\u00e1s peque\u00f1os a los m\u00e1s grandes duden de la realidad y se dejen llevar simplemente por la ilusi\u00f3n y sorpresa a manos de nuestro equipo.<\/h6>\n<h6>Y por supuesto sin olvidar lo important\u00edsimo que es el buen rollo y el humor que crea nuestro Showman Adrian Romero, con el que el publico disfrutara siendo parte del espect\u00e1culo, y disfrutando de sus alocadas propuestas que hacen que la noche sea completa y podamos vivir en un mismo lugar de todo aquello que hace que convirtamos una noche cualquiera en una incre\u00edble y espectacular, SPECIAL NIGHT!<\/h6>\n<p><iframe loading=\"lazy\" title=\"Special Night\" width=\"500\" height=\"281\" src=\"https:\/\/www.youtube.com\/embed\/5JSdEo0QmhA?feature=oembed\" frameborder=\"0\" allow=\"accelerometer; autoplay; clipboard-write; encrypted-media; gyroscope; picture-in-picture; web-share\" referrerpolicy=\"strict-origin-when-cross-origin\" allowfullscreen><\/iframe><\/p>\n","protected":false},"excerpt":{"rendered":"<div class=\"mh-excerpt\"><p>\u00a1SPECIAL NIGHT, una noche \u00fanica! Special Night&nbsp;es un espect\u00e1culo din\u00e1mico y sorprendente cargado de impactos visuales y variedad de contenido que convertir\u00e1n una noche en <a class=\"mh-excerpt-more\" href=\"https:\/\/eveniments.es\/home\/servicios\/espectaculos-musicales\/special-night\" title=\"Special Night\">[&#8230;]<\/a><\/p>\n<\/div>","protected":false},"author":1,"featured_media":0,"parent":956,"menu_order":0,"comment_status":"closed","ping_status":"closed","template":"template-full.php","meta":{"footnotes":""},"class_list":["post-1634","page","type-page","status-publish","hentry"],"_links":{"self":[{"href":"https:\/\/eveniments.es\/home\/wp-json\/wp\/v2\/pages\/1634","targetHints":{"allow":["GET"]}}],"collection":[{"href":"https:\/\/eveniments.es\/home\/wp-json\/wp\/v2\/pages"}],"about":[{"href":"https:\/\/eveniments.es\/home\/wp-json\/wp\/v2\/types\/page"}],"author":[{"embeddable":true,"href":"https:\/\/eveniments.es\/home\/wp-json\/wp\/v2\/users\/1"}],"replies":[{"embeddable":true,"href":"https:\/\/eveniments.es\/home\/wp-json\/wp\/v2\/comments?post=1634"}],"version-history":[{"count":1,"href":"https:\/\/eveniments.es\/home\/wp-json\/wp\/v2\/pages\/1634\/revisions"}],"predecessor-version":[{"id":1635,"href":"https:\/\/eveniments.es\/home\/wp-json\/wp\/v2\/pages\/1634\/revisions\/1635"}],"up":[{"embeddable":true,"href":"https:\/\/eveniments.es\/home\/wp-json\/wp\/v2\/pages\/956"}],"wp:attachment":[{"href":"https:\/\/eveniments.es\/home\/wp-json\/wp\/v2\/media?parent=1634"}],"curies":[{"name":"wp","href":"https:\/\/api.w.org\/{rel}","templated":true}]}}