{"id":1637,"date":"2020-02-21T18:13:19","date_gmt":"2020-02-21T18:13:19","guid":{"rendered":"http:\/\/eveniments.es\/?page_id=1637"},"modified":"2020-06-30T13:45:21","modified_gmt":"2020-06-30T13:45:21","slug":"table-maping","status":"publish","type":"page","link":"https:\/\/eveniments.es\/home\/servicios\/espectaculos-gastronomicos\/table-maping","title":{"rendered":"Table Maping"},"content":{"rendered":"<h5><strong>Global Dinner \u2013 Un viaje gastron\u00f3mico<\/strong><\/h5>\n<h6><strong>Global Dinner<\/strong>&nbsp;es un viaje gastron\u00f3mico que comienza por el espacio, mostrando al comensal las conexiones entre la&nbsp;<strong>tecnolog\u00eda, la conectividad y el futuro<\/strong>&nbsp;que est\u00e1 por venir.<\/h6>\n<h6>Durante el viaje se muestran paisajes naturales y urbanos con los que podr\u00e1s relajarte y disfrutar de platos elaborados con materias primas inspiradas en las diferentes partes del planeta Tierra, las cuales se visitan a lo largo del trayecto.<\/h6>\n<h6>El&nbsp;<strong><em>\u201cTable Mapping\u201d<\/em><\/strong>&nbsp;es realmente novedoso. Lo hace posible un selecto equipo de profesionales y artistas enfocados a la creaci\u00f3n de cenas de gala donde se mezcla la tecnolog\u00eda y la alta cocina en un mismo espacio. Capaces de desarrollar una experiencia gourmet innovadora donde los platos se funden en sincron\u00eda con ambientes virtuales y puestas en escena impactantes.<\/h6>\n<h6>Pioneros en el desarrollo de servicios mapping para cenas corporativas. Creadores de la \u00abLux Tables\u00bb un formato de mesas proyectadas en su superficie con im\u00e1genes 3D y mapping para grupos desde 30 hasta 900 personas simult\u00e1neamente. Su pantalla vertical o en 360\u00ba complementa el espect\u00e1culo como hilo conductor. Una experiencia gastron\u00f3mica \u00fanica.<\/h6>\n<h6>A este impactante espect\u00e1culo hay que sumarle un equipo de restauraci\u00f3n de alta cocina. Un grupo formado por profesionales que pondr\u00e1n sobre la mesa los mejores platos de la gastronom\u00eda internacional.<\/h6>\n<h6>Estas cenas pueden ser llevadas a cualquier parte del mundo. Contacta con nosotros y te informaremos.<\/h6>\n<p><iframe loading=\"lazy\" title=\"Lumentium\" width=\"500\" height=\"375\" src=\"https:\/\/www.youtube.com\/embed\/XNeXPDE_zDA?feature=oembed\" frameborder=\"0\" allow=\"accelerometer; autoplay; clipboard-write; encrypted-media; gyroscope; picture-in-picture; web-share\" referrerpolicy=\"strict-origin-when-cross-origin\" allowfullscreen><\/iframe><\/p>\n","protected":false},"excerpt":{"rendered":"<div class=\"mh-excerpt\"><p>Global Dinner \u2013 Un viaje gastron\u00f3mico Global Dinner&nbsp;es un viaje gastron\u00f3mico que comienza por el espacio, mostrando al comensal las conexiones entre la&nbsp;tecnolog\u00eda, la conectividad <a class=\"mh-excerpt-more\" href=\"https:\/\/eveniments.es\/home\/servicios\/espectaculos-gastronomicos\/table-maping\" title=\"Table Maping\">[&#8230;]<\/a><\/p>\n<\/div>","protected":false},"author":1,"featured_media":0,"parent":1469,"menu_order":0,"comment_status":"closed","ping_status":"closed","template":"template-full.php","meta":{"footnotes":""},"class_list":["post-1637","page","type-page","status-publish","hentry"],"_links":{"self":[{"href":"https:\/\/eveniments.es\/home\/wp-json\/wp\/v2\/pages\/1637","targetHints":{"allow":["GET"]}}],"collection":[{"href":"https:\/\/eveniments.es\/home\/wp-json\/wp\/v2\/pages"}],"about":[{"href":"https:\/\/eveniments.es\/home\/wp-json\/wp\/v2\/types\/page"}],"author":[{"embeddable":true,"href":"https:\/\/eveniments.es\/home\/wp-json\/wp\/v2\/users\/1"}],"replies":[{"embeddable":true,"href":"https:\/\/eveniments.es\/home\/wp-json\/wp\/v2\/comments?post=1637"}],"version-history":[{"count":1,"href":"https:\/\/eveniments.es\/home\/wp-json\/wp\/v2\/pages\/1637\/revisions"}],"predecessor-version":[{"id":1638,"href":"https:\/\/eveniments.es\/home\/wp-json\/wp\/v2\/pages\/1637\/revisions\/1638"}],"up":[{"embeddable":true,"href":"https:\/\/eveniments.es\/home\/wp-json\/wp\/v2\/pages\/1469"}],"wp:attachment":[{"href":"https:\/\/eveniments.es\/home\/wp-json\/wp\/v2\/media?parent=1637"}],"curies":[{"name":"wp","href":"https:\/\/api.w.org\/{rel}","templated":true}]}}