{"id":1643,"date":"2020-02-21T18:26:09","date_gmt":"2020-02-21T18:26:09","guid":{"rendered":"http:\/\/eveniments.es\/?page_id=1643"},"modified":"2020-06-30T13:28:09","modified_gmt":"2020-06-30T13:28:09","slug":"cocteleria-molecular","status":"publish","type":"page","link":"https:\/\/eveniments.es\/home\/cocteleria-molecular","title":{"rendered":"Cocteler\u00eda molecular"},"content":{"rendered":"<h6>Se trata de una degustaci\u00f3n de cocteler\u00eda molecular, cuyo objetivo es sumar valor a\u00f1adido y sorprender. El m\u00e9todo es totalemente revolucionario ya que consiguieron que las \u00abperlas\u00bb fueran totalmente liquidas en su interior. Esta ventaja permite usar perlas para degustaciones con alcoholes PREMIUM, y por supuesto; se convierte en un producto ideal para el branding. La satisfacci\u00f3n y elegancia del producto posiciona e invita al consumidor a probar o degustar un nuevo combinado con el sabor que se proponga.<\/h6>\n<h6><strong>Formato esf\u00e9rico.&nbsp;Un formato que sorprende<\/strong><\/h6>\n<h6>Se aplican t\u00e9cnicas cient\u00edficas para manipular los estados de la materia y as\u00ed brindar sensaciones nuevas a los consumidores.<\/h6>\n<h6>\u2013 Vodka Frambuesa<br \/>\n\u2013 Vodka Rosas<br \/>\n\u2013 Gin&amp;Tonic<br \/>\n\u2013 Ron pasi\u00f3n<br \/>\n\u2013 Ron Vainilla Coco<br \/>\n\u2013 Sorprendente puesta en escena<\/h6>\n<h6><strong>\u00bfC\u00f3mo funciona?<\/strong><\/h6>\n<h6>Contamos con un m\u00ednimo de 6 \u201cPerlas\u201d por persona, una de cada&nbsp;sabor y dos de Gint\u00f3nic (para poder jugar con los \u201cbitters\u201d y as\u00ed&nbsp;sumar m\u00e1s matices de sabores y poder continuar sorprendiendo)<\/h6>\n<h6>Durante la degustaci\u00f3n se hace una peque\u00f1a explicaci\u00f3n y se va informando a los invitados sobre los ingredientes, el orden l\u00f3gico de sabores y atienden a sus preguntas.<\/h6>\n<h6>Es importante sumar al m\u00e1ximo de valor a\u00f1adido a cada momento y subir la sugesti\u00f3n al m\u00e1ximo. Se convierte en un punto din\u00e1mico donde los degustadores una vez acabada su degustaci\u00f3n, repiten brindando con perlas.<\/h6>\n<h6>Sin duda, es una novedad y supone una gran fuerza<\/h6>\n<p><img loading=\"lazy\" decoding=\"async\" class=\"alignnone wp-image-1644 size-full\" src=\"http:\/\/eveniments.es\/wp-content\/uploads\/2020\/02\/cocteleria-molecular.jpg\" alt=\"\" width=\"800\" height=\"500\" srcset=\"https:\/\/eveniments.es\/wp-content\/uploads\/2020\/02\/cocteleria-molecular.jpg 800w, https:\/\/eveniments.es\/wp-content\/uploads\/2020\/02\/cocteleria-molecular-300x188.jpg 300w, https:\/\/eveniments.es\/wp-content\/uploads\/2020\/02\/cocteleria-molecular-768x480.jpg 768w\" sizes=\"auto, (max-width: 800px) 100vw, 800px\" \/><img loading=\"lazy\" decoding=\"async\" class=\"alignnone wp-image-1645 size-full\" src=\"http:\/\/eveniments.es\/wp-content\/uploads\/2020\/02\/coctel-molecular.jpg\" alt=\"\" width=\"800\" height=\"500\" srcset=\"https:\/\/eveniments.es\/wp-content\/uploads\/2020\/02\/coctel-molecular.jpg 800w, https:\/\/eveniments.es\/wp-content\/uploads\/2020\/02\/coctel-molecular-300x188.jpg 300w, https:\/\/eveniments.es\/wp-content\/uploads\/2020\/02\/coctel-molecular-768x480.jpg 768w\" sizes=\"auto, (max-width: 800px) 100vw, 800px\" \/><img loading=\"lazy\" decoding=\"async\" class=\"alignnone wp-image-1646 size-full\" src=\"http:\/\/eveniments.es\/wp-content\/uploads\/2020\/02\/MOLECULAR.jpg\" alt=\"\" width=\"800\" height=\"500\" srcset=\"https:\/\/eveniments.es\/wp-content\/uploads\/2020\/02\/MOLECULAR.jpg 800w, https:\/\/eveniments.es\/wp-content\/uploads\/2020\/02\/MOLECULAR-300x188.jpg 300w, https:\/\/eveniments.es\/wp-content\/uploads\/2020\/02\/MOLECULAR-768x480.jpg 768w\" sizes=\"auto, (max-width: 800px) 100vw, 800px\" \/><\/p>\n","protected":false},"excerpt":{"rendered":"<div class=\"mh-excerpt\"><p>Se trata de una degustaci\u00f3n de cocteler\u00eda molecular, cuyo objetivo es sumar valor a\u00f1adido y sorprender. El m\u00e9todo es totalemente revolucionario ya que consiguieron que <a class=\"mh-excerpt-more\" href=\"https:\/\/eveniments.es\/home\/cocteleria-molecular\" title=\"Cocteler\u00eda molecular\">[&#8230;]<\/a><\/p>\n<\/div>","protected":false},"author":1,"featured_media":0,"parent":0,"menu_order":0,"comment_status":"closed","ping_status":"closed","template":"template-full.php","meta":{"footnotes":""},"class_list":["post-1643","page","type-page","status-publish","hentry"],"_links":{"self":[{"href":"https:\/\/eveniments.es\/home\/wp-json\/wp\/v2\/pages\/1643","targetHints":{"allow":["GET"]}}],"collection":[{"href":"https:\/\/eveniments.es\/home\/wp-json\/wp\/v2\/pages"}],"about":[{"href":"https:\/\/eveniments.es\/home\/wp-json\/wp\/v2\/types\/page"}],"author":[{"embeddable":true,"href":"https:\/\/eveniments.es\/home\/wp-json\/wp\/v2\/users\/1"}],"replies":[{"embeddable":true,"href":"https:\/\/eveniments.es\/home\/wp-json\/wp\/v2\/comments?post=1643"}],"version-history":[{"count":2,"href":"https:\/\/eveniments.es\/home\/wp-json\/wp\/v2\/pages\/1643\/revisions"}],"predecessor-version":[{"id":1649,"href":"https:\/\/eveniments.es\/home\/wp-json\/wp\/v2\/pages\/1643\/revisions\/1649"}],"wp:attachment":[{"href":"https:\/\/eveniments.es\/home\/wp-json\/wp\/v2\/media?parent=1643"}],"curies":[{"name":"wp","href":"https:\/\/api.w.org\/{rel}","templated":true}]}}