{"id":1852,"date":"2020-04-28T11:33:28","date_gmt":"2020-04-28T11:33:28","guid":{"rendered":"http:\/\/eveniments.es\/?page_id=1852"},"modified":"2025-02-12T09:52:55","modified_gmt":"2025-02-12T09:52:55","slug":"eventos-y-ferias-virtuales","status":"publish","type":"page","link":"https:\/\/eveniments.es\/home\/eventos-y-ferias-virtuales","title":{"rendered":"Realidad virtual"},"content":{"rendered":"\n<h2 class=\"wp-block-heading has-text-align-center\">\u00bfNecesitas dinamizar tu evento,feria o celebraci\u00f3n particular?<\/h2>\n\n\n\n<h2 class=\"wp-block-heading has-text-align-center\">\u00bfQuieres entrar en el Metaverso?<\/h2>\n\n\n\n<p>Experimente un viaje inmersivo y realista como ning\u00fan otro con nuestros simuladores de realidad virtual. Nuestra tecnolog\u00eda VR de \u00faltima generaci\u00f3n te llevar\u00e1 en un emocionante viaje al metaverso, transport\u00e1ndote a un mundo completamente nuevo de emoci\u00f3n y aventura. Con nuestros simuladores de videojuegos de VR, no s\u00f3lo disfrutar\u00e1 de un nivel de entretenimiento sin igual, sino que tambi\u00e9n podr\u00e1 explorar nuevos horizontes y superar los l\u00edmites de su imaginaci\u00f3n. \u00bfPor qu\u00e9 conformarse con menos? Prep\u00e1rese hoy mismo para sumergirse en la experiencia de juego definitiva con nuestros simuladores de realidad virtual.<\/p>\n\n\n\n\n\n<figure class=\"wp-block-image size-large\"><img loading=\"lazy\" decoding=\"async\" width=\"1024\" height=\"569\" src=\"https:\/\/eveniments.es\/wp-content\/uploads\/2023\/05\/Paginas-desde-DOSIER-VR-GAME-STATION-Y-PLATAFORMAS-Abril-2023-1-2-3-1024x569.png\" alt=\"\" class=\"wp-image-5136\" srcset=\"https:\/\/eveniments.es\/wp-content\/uploads\/2023\/05\/Paginas-desde-DOSIER-VR-GAME-STATION-Y-PLATAFORMAS-Abril-2023-1-2-3-1024x569.png 1024w, https:\/\/eveniments.es\/wp-content\/uploads\/2023\/05\/Paginas-desde-DOSIER-VR-GAME-STATION-Y-PLATAFORMAS-Abril-2023-1-2-3-300x167.png 300w, https:\/\/eveniments.es\/wp-content\/uploads\/2023\/05\/Paginas-desde-DOSIER-VR-GAME-STATION-Y-PLATAFORMAS-Abril-2023-1-2-3-768x427.png 768w, https:\/\/eveniments.es\/wp-content\/uploads\/2023\/05\/Paginas-desde-DOSIER-VR-GAME-STATION-Y-PLATAFORMAS-Abril-2023-1-2-3-1536x853.png 1536w, https:\/\/eveniments.es\/wp-content\/uploads\/2023\/05\/Paginas-desde-DOSIER-VR-GAME-STATION-Y-PLATAFORMAS-Abril-2023-1-2-3-2048x1138.png 2048w\" sizes=\"auto, (max-width: 1024px) 100vw, 1024px\" \/><figcaption class=\"wp-element-caption\">Estaciones y simuladores de realidad virtual<\/figcaption><\/figure>\n\n\n\n<div class=\"wp-block-media-text alignwide is-stacked-on-mobile\"><figure class=\"wp-block-media-text__media\"><img loading=\"lazy\" decoding=\"async\" width=\"1024\" height=\"551\" src=\"https:\/\/eveniments.es\/wp-content\/uploads\/2023\/05\/Paginas-desde-Paginas-desde-DOSIER-VR-GAME-STATION-Y-PLATAFORMAS-Abril-2023-1-2-1024x551.jpg\" alt=\"\" class=\"wp-image-5115 size-full\" srcset=\"https:\/\/eveniments.es\/wp-content\/uploads\/2023\/05\/Paginas-desde-Paginas-desde-DOSIER-VR-GAME-STATION-Y-PLATAFORMAS-Abril-2023-1-2-1024x551.jpg 1024w, https:\/\/eveniments.es\/wp-content\/uploads\/2023\/05\/Paginas-desde-Paginas-desde-DOSIER-VR-GAME-STATION-Y-PLATAFORMAS-Abril-2023-1-2-300x161.jpg 300w, https:\/\/eveniments.es\/wp-content\/uploads\/2023\/05\/Paginas-desde-Paginas-desde-DOSIER-VR-GAME-STATION-Y-PLATAFORMAS-Abril-2023-1-2-768x413.jpg 768w, https:\/\/eveniments.es\/wp-content\/uploads\/2023\/05\/Paginas-desde-Paginas-desde-DOSIER-VR-GAME-STATION-Y-PLATAFORMAS-Abril-2023-1-2-1536x826.jpg 1536w, https:\/\/eveniments.es\/wp-content\/uploads\/2023\/05\/Paginas-desde-Paginas-desde-DOSIER-VR-GAME-STATION-Y-PLATAFORMAS-Abril-2023-1-2-2048x1101.jpg 2048w\" sizes=\"auto, (max-width: 1024px) 100vw, 1024px\" \/><\/figure><div class=\"wp-block-media-text__content\">\n<p>Realidad Virtual para tu evento<\/p>\n\n\n\n<h2 class=\"wp-block-heading\">Estaci\u00f3n de realidad virtual<\/h2>\n<\/div><\/div>\n\n\n\n<div class=\"wp-block-media-text alignwide has-media-on-the-right is-stacked-on-mobile\"><div class=\"wp-block-media-text__content\">\n<p>2 Cabinas 9D m\u00e1s de 82 experiencias<\/p>\n\n\n\n<ul class=\"wp-block-list\">\n<li>2 m\u00f3dulos de gafas Oculus Quest 2 para vivir el movimiento en otra dimensi\u00f3n.<\/li>\n<\/ul>\n\n\n\n<p>M\u00f3dulos de realidad virtual para vivir experiencias \u00fanicas<br>Vive la aventura, el terror, los viajes,las emociones y visita los lugares que no podr\u00e1s imaginar. M\u00e1s de 90 juegos y aplicaciones para disfrutar de esta experiencia<\/p>\n\n\n\n<p><br><\/p>\n\n\n\n<p><\/p>\n<\/div><figure class=\"wp-block-media-text__media\"><img loading=\"lazy\" decoding=\"async\" width=\"1024\" height=\"576\" src=\"https:\/\/eveniments.es\/wp-content\/uploads\/2023\/06\/DOSIER-VR-GAME-STATION-Y-PLATAFORMAS-Abril-2023-1-4-1024x576.jpg\" alt=\"\" class=\"wp-image-5579 size-full\" srcset=\"https:\/\/eveniments.es\/wp-content\/uploads\/2023\/06\/DOSIER-VR-GAME-STATION-Y-PLATAFORMAS-Abril-2023-1-4-1024x576.jpg 1024w, https:\/\/eveniments.es\/wp-content\/uploads\/2023\/06\/DOSIER-VR-GAME-STATION-Y-PLATAFORMAS-Abril-2023-1-4-300x169.jpg 300w, https:\/\/eveniments.es\/wp-content\/uploads\/2023\/06\/DOSIER-VR-GAME-STATION-Y-PLATAFORMAS-Abril-2023-1-4-768x432.jpg 768w, https:\/\/eveniments.es\/wp-content\/uploads\/2023\/06\/DOSIER-VR-GAME-STATION-Y-PLATAFORMAS-Abril-2023-1-4-1536x864.jpg 1536w, https:\/\/eveniments.es\/wp-content\/uploads\/2023\/06\/DOSIER-VR-GAME-STATION-Y-PLATAFORMAS-Abril-2023-1-4-678x381.jpg 678w, https:\/\/eveniments.es\/wp-content\/uploads\/2023\/06\/DOSIER-VR-GAME-STATION-Y-PLATAFORMAS-Abril-2023-1-4.jpg 1920w\" sizes=\"auto, (max-width: 1024px) 100vw, 1024px\" \/><\/figure><\/div>\n\n\n\n<div class=\"wp-block-media-text alignwide is-stacked-on-mobile\" style=\"grid-template-columns:54% auto\"><figure class=\"wp-block-media-text__media\"><img loading=\"lazy\" decoding=\"async\" width=\"914\" height=\"790\" src=\"https:\/\/eveniments.es\/wp-content\/uploads\/2023\/06\/DOSIER-VR-GAME-STATION-Y-PLATAFORMAS-Abril-2023-1-41.jpg\" alt=\"\" class=\"wp-image-5580 size-full\" srcset=\"https:\/\/eveniments.es\/wp-content\/uploads\/2023\/06\/DOSIER-VR-GAME-STATION-Y-PLATAFORMAS-Abril-2023-1-41.jpg 914w, https:\/\/eveniments.es\/wp-content\/uploads\/2023\/06\/DOSIER-VR-GAME-STATION-Y-PLATAFORMAS-Abril-2023-1-41-300x259.jpg 300w, https:\/\/eveniments.es\/wp-content\/uploads\/2023\/06\/DOSIER-VR-GAME-STATION-Y-PLATAFORMAS-Abril-2023-1-41-768x664.jpg 768w\" sizes=\"auto, (max-width: 914px) 100vw, 914px\" \/><\/figure><div class=\"wp-block-media-text__content\">\n<p><br><\/p>\n\n\n\n<h2><strong>Caracter\u00edsticas T\u00e9cnicas<\/strong><\/h2>\n\n\n\n<p><\/p>\n\n\n\n<p>Gafas VR-Plataforma.<\/p>\n\n\n\n<ul class=\"wp-block-list\">\n<li>Campo de visi\u00f3n bi\u00f3nico de 125 \u00b0, resoluci\u00f3n HD 080P<br>con dos ojos de forma independiente, sin puntos<br>muertos le brinda para disfrutar del nuevo mundo divertido con sentimientos<br>reales.<\/li>\n\n\n\n<li>Sensor integrado de 9 ejes,<br>360 \u00b0<\/li>\n\n\n\n<li>La velocidad de movimiento de la cabina de 10 mm\/s a<br>167 mm\/s que permite moverse en el nuevo y<br>maravilloso mundo.<\/li>\n\n\n\n<li>Con la plataforma giratoria<br>experimenta completamente el placer real del desplazamiento<br>espacial.<\/li>\n\n\n\n<li>Universal sin l\u00edmites,\u2026\u2026 la fantas\u00eda con la que jam\u00e1s hab\u00edas so\u00f1ado se har\u00e1 realidad ahora.<\/li>\n\n\n\n<li>Incre\u00edbles experiencias de realidad virtual<br>Explore cada creaci\u00f3n maravillosa de nuestro mundo, transmita el momento en el presente, predice el futuro.<\/li>\n<\/ul>\n<\/div><\/div>\n\n\n\n<figure class=\"wp-block-gallery has-nested-images columns-default is-cropped wp-block-gallery-1 is-layout-flex wp-block-gallery-is-layout-flex\">\n<figure class=\"wp-block-image size-large\"><img loading=\"lazy\" decoding=\"async\" width=\"981\" height=\"300\" data-id=\"5586\" src=\"https:\/\/eveniments.es\/wp-content\/uploads\/2023\/06\/DOSIER-VR-GAME-STATION-Y-PLATAFORMAS-Abril-2023-1-44-1.jpg\" alt=\"\" class=\"wp-image-5586\" srcset=\"https:\/\/eveniments.es\/wp-content\/uploads\/2023\/06\/DOSIER-VR-GAME-STATION-Y-PLATAFORMAS-Abril-2023-1-44-1.jpg 981w, https:\/\/eveniments.es\/wp-content\/uploads\/2023\/06\/DOSIER-VR-GAME-STATION-Y-PLATAFORMAS-Abril-2023-1-44-1-300x92.jpg 300w, https:\/\/eveniments.es\/wp-content\/uploads\/2023\/06\/DOSIER-VR-GAME-STATION-Y-PLATAFORMAS-Abril-2023-1-44-1-768x235.jpg 768w\" sizes=\"auto, (max-width: 981px) 100vw, 981px\" \/><\/figure>\n\n\n\n<figure class=\"wp-block-image size-full\"><img loading=\"lazy\" decoding=\"async\" width=\"982\" height=\"380\" data-id=\"5583\" src=\"https:\/\/eveniments.es\/wp-content\/uploads\/2023\/06\/DOSIER-VR-GAME-STATION-Y-PLATAFORMAS-Abril-2023-1-42.jpg\" alt=\"\" class=\"wp-image-5583\" srcset=\"https:\/\/eveniments.es\/wp-content\/uploads\/2023\/06\/DOSIER-VR-GAME-STATION-Y-PLATAFORMAS-Abril-2023-1-42.jpg 982w, https:\/\/eveniments.es\/wp-content\/uploads\/2023\/06\/DOSIER-VR-GAME-STATION-Y-PLATAFORMAS-Abril-2023-1-42-300x116.jpg 300w, https:\/\/eveniments.es\/wp-content\/uploads\/2023\/06\/DOSIER-VR-GAME-STATION-Y-PLATAFORMAS-Abril-2023-1-42-768x297.jpg 768w\" sizes=\"auto, (max-width: 982px) 100vw, 982px\" \/><\/figure>\n\n\n\n<figure class=\"wp-block-image size-full\"><img loading=\"lazy\" decoding=\"async\" width=\"980\" height=\"303\" data-id=\"5587\" src=\"https:\/\/eveniments.es\/wp-content\/uploads\/2023\/06\/DOSIER-VR-GAME-STATION-Y-PLATAFORMAS-Abril-2023-1-43-1.jpg\" alt=\"\" class=\"wp-image-5587\" srcset=\"https:\/\/eveniments.es\/wp-content\/uploads\/2023\/06\/DOSIER-VR-GAME-STATION-Y-PLATAFORMAS-Abril-2023-1-43-1.jpg 980w, https:\/\/eveniments.es\/wp-content\/uploads\/2023\/06\/DOSIER-VR-GAME-STATION-Y-PLATAFORMAS-Abril-2023-1-43-1-300x93.jpg 300w, https:\/\/eveniments.es\/wp-content\/uploads\/2023\/06\/DOSIER-VR-GAME-STATION-Y-PLATAFORMAS-Abril-2023-1-43-1-768x237.jpg 768w\" sizes=\"auto, (max-width: 980px) 100vw, 980px\" \/><\/figure>\n<\/figure>\n\n\n\n<figure class=\"wp-block-embed is-type-video is-provider-youtube wp-block-embed-youtube wp-embed-aspect-16-9 wp-has-aspect-ratio\"><div class=\"wp-block-embed__wrapper\">\n<iframe loading=\"lazy\" title=\"Estaci\u00f3n 9d VR\" width=\"500\" height=\"281\" src=\"https:\/\/www.youtube.com\/embed\/vJ4SObSu6hs?feature=oembed\" frameborder=\"0\" allow=\"accelerometer; autoplay; clipboard-write; encrypted-media; gyroscope; picture-in-picture; web-share\" referrerpolicy=\"strict-origin-when-cross-origin\" allowfullscreen><\/iframe>\n<\/div><\/figure>\n","protected":false},"excerpt":{"rendered":"<div class=\"mh-excerpt\"><p>\u00bfNecesitas dinamizar tu evento,feria o celebraci\u00f3n particular? \u00bfQuieres entrar en el Metaverso? Realidad Virtual para tu evento Estaci\u00f3n de realidad virtual<\/p>\n<\/div>","protected":false},"author":1,"featured_media":0,"parent":0,"menu_order":0,"comment_status":"closed","ping_status":"closed","template":"template-full.php","meta":{"footnotes":""},"class_list":["post-1852","page","type-page","status-publish","hentry"],"_links":{"self":[{"href":"https:\/\/eveniments.es\/home\/wp-json\/wp\/v2\/pages\/1852","targetHints":{"allow":["GET"]}}],"collection":[{"href":"https:\/\/eveniments.es\/home\/wp-json\/wp\/v2\/pages"}],"about":[{"href":"https:\/\/eveniments.es\/home\/wp-json\/wp\/v2\/types\/page"}],"author":[{"embeddable":true,"href":"https:\/\/eveniments.es\/home\/wp-json\/wp\/v2\/users\/1"}],"replies":[{"embeddable":true,"href":"https:\/\/eveniments.es\/home\/wp-json\/wp\/v2\/comments?post=1852"}],"version-history":[{"count":56,"href":"https:\/\/eveniments.es\/home\/wp-json\/wp\/v2\/pages\/1852\/revisions"}],"predecessor-version":[{"id":6039,"href":"https:\/\/eveniments.es\/home\/wp-json\/wp\/v2\/pages\/1852\/revisions\/6039"}],"wp:attachment":[{"href":"https:\/\/eveniments.es\/home\/wp-json\/wp\/v2\/media?parent=1852"}],"curies":[{"name":"wp","href":"https:\/\/api.w.org\/{rel}","templated":true}]}}