{"id":2179,"date":"2020-06-19T06:06:16","date_gmt":"2020-06-19T06:06:16","guid":{"rendered":"https:\/\/eveniments.es\/?page_id=2179"},"modified":"2020-06-30T16:09:53","modified_gmt":"2020-06-30T16:09:53","slug":"white-party","status":"publish","type":"page","link":"https:\/\/eveniments.es\/home\/white-party","title":{"rendered":"White Party"},"content":{"rendered":"<p>Llega un m\u00e1gico espect\u00e1culo, puro en esencia como el color que predomina en sus personajes, el blanco. Espect\u00e1culo muy completo lleno de magia y color con vestuarios de calidad.<\/p>\n<p>Gracias al circo, la m\u00fasica y la danza, nuestros personajes envuelven los espacios con sus destrezas y su magia creando una atm\u00f3sfera c\u00e1lida y con una ligera niebla que nos hacer creer que estamos en las nubes.<\/p>\n<p><img loading=\"lazy\" decoding=\"async\" class=\"alignnone wp-image-3187\" src=\"https:\/\/eveniments.es\/wp-content\/uploads\/2020\/06\/White-party-200x300.jpg\" alt=\"\" width=\"1024\" height=\"1538\" srcset=\"https:\/\/eveniments.es\/wp-content\/uploads\/2020\/06\/White-party-200x300.jpg 200w, https:\/\/eveniments.es\/wp-content\/uploads\/2020\/06\/White-party.jpg 253w\" sizes=\"auto, (max-width: 1024px) 100vw, 1024px\" \/><img loading=\"lazy\" decoding=\"async\" class=\"alignnone wp-image-3185\" src=\"https:\/\/eveniments.es\/wp-content\/uploads\/2020\/06\/White-Party1-300x139.jpg\" alt=\"\" width=\"1024\" height=\"473\" srcset=\"https:\/\/eveniments.es\/wp-content\/uploads\/2020\/06\/White-Party1-300x139.jpg 300w, https:\/\/eveniments.es\/wp-content\/uploads\/2020\/06\/White-Party1.jpg 539w\" sizes=\"auto, (max-width: 1024px) 100vw, 1024px\" \/><\/p>\n<p><iframe loading=\"lazy\" title=\"White Party Circus Elements\" width=\"500\" height=\"281\" src=\"https:\/\/www.youtube.com\/embed\/I25equJhdQ4?feature=oembed\" frameborder=\"0\" allow=\"accelerometer; autoplay; clipboard-write; encrypted-media; gyroscope; picture-in-picture; web-share\" referrerpolicy=\"strict-origin-when-cross-origin\" allowfullscreen><\/iframe><\/p>\n","protected":false},"excerpt":{"rendered":"<div class=\"mh-excerpt\"><p>Llega un m\u00e1gico espect\u00e1culo, puro en esencia como el color que predomina en sus personajes, el blanco. Espect\u00e1culo muy completo lleno de magia y color <a class=\"mh-excerpt-more\" href=\"https:\/\/eveniments.es\/home\/white-party\" title=\"White Party\">[&#8230;]<\/a><\/p>\n<\/div>","protected":false},"author":1,"featured_media":0,"parent":0,"menu_order":0,"comment_status":"closed","ping_status":"closed","template":"template-full.php","meta":{"footnotes":""},"class_list":["post-2179","page","type-page","status-publish","hentry"],"_links":{"self":[{"href":"https:\/\/eveniments.es\/home\/wp-json\/wp\/v2\/pages\/2179","targetHints":{"allow":["GET"]}}],"collection":[{"href":"https:\/\/eveniments.es\/home\/wp-json\/wp\/v2\/pages"}],"about":[{"href":"https:\/\/eveniments.es\/home\/wp-json\/wp\/v2\/types\/page"}],"author":[{"embeddable":true,"href":"https:\/\/eveniments.es\/home\/wp-json\/wp\/v2\/users\/1"}],"replies":[{"embeddable":true,"href":"https:\/\/eveniments.es\/home\/wp-json\/wp\/v2\/comments?post=2179"}],"version-history":[{"count":3,"href":"https:\/\/eveniments.es\/home\/wp-json\/wp\/v2\/pages\/2179\/revisions"}],"predecessor-version":[{"id":3189,"href":"https:\/\/eveniments.es\/home\/wp-json\/wp\/v2\/pages\/2179\/revisions\/3189"}],"wp:attachment":[{"href":"https:\/\/eveniments.es\/home\/wp-json\/wp\/v2\/media?parent=2179"}],"curies":[{"name":"wp","href":"https:\/\/api.w.org\/{rel}","templated":true}]}}