{"id":2199,"date":"2020-06-19T07:43:33","date_gmt":"2020-06-19T07:43:33","guid":{"rendered":"https:\/\/eveniments.es\/?page_id=2199"},"modified":"2020-06-30T13:51:13","modified_gmt":"2020-06-30T13:51:13","slug":"tornicolors","status":"publish","type":"page","link":"https:\/\/eveniments.es\/home\/tornicolors","title":{"rendered":"Tornicolors"},"content":{"rendered":"<p>Cabalgata pensada para los m\u00e1s peque\u00f1os. Zancudos con vistosos y coloridos vestuarios, m\u00fasicos y nuestra simp\u00e1tica Froguita repleta de regalos y juegos conseguir\u00e1n que ni\u00f1os y mayores disfruten de todo el recorrido.<\/p>\n<p><img loading=\"lazy\" decoding=\"async\" class=\"alignnone wp-image-2200 size-full\" src=\"https:\/\/eveniments.es\/wp-content\/uploads\/2020\/06\/Tonicolors.jpg\" alt=\"\" width=\"978\" height=\"718\" srcset=\"https:\/\/eveniments.es\/wp-content\/uploads\/2020\/06\/Tonicolors.jpg 978w, https:\/\/eveniments.es\/wp-content\/uploads\/2020\/06\/Tonicolors-300x220.jpg 300w, https:\/\/eveniments.es\/wp-content\/uploads\/2020\/06\/Tonicolors-768x564.jpg 768w, https:\/\/eveniments.es\/wp-content\/uploads\/2020\/06\/Tonicolors-80x60.jpg 80w\" sizes=\"auto, (max-width: 978px) 100vw, 978px\" \/><\/p>\n","protected":false},"excerpt":{"rendered":"<div class=\"mh-excerpt\"><p>Cabalgata pensada para los m\u00e1s peque\u00f1os. Zancudos con vistosos y coloridos vestuarios, m\u00fasicos y nuestra simp\u00e1tica Froguita repleta de regalos y juegos conseguir\u00e1n que ni\u00f1os <a class=\"mh-excerpt-more\" href=\"https:\/\/eveniments.es\/home\/tornicolors\" title=\"Tornicolors\">[&#8230;]<\/a><\/p>\n<\/div>","protected":false},"author":1,"featured_media":0,"parent":0,"menu_order":0,"comment_status":"closed","ping_status":"closed","template":"template-full.php","meta":{"footnotes":""},"class_list":["post-2199","page","type-page","status-publish","hentry"],"_links":{"self":[{"href":"https:\/\/eveniments.es\/home\/wp-json\/wp\/v2\/pages\/2199","targetHints":{"allow":["GET"]}}],"collection":[{"href":"https:\/\/eveniments.es\/home\/wp-json\/wp\/v2\/pages"}],"about":[{"href":"https:\/\/eveniments.es\/home\/wp-json\/wp\/v2\/types\/page"}],"author":[{"embeddable":true,"href":"https:\/\/eveniments.es\/home\/wp-json\/wp\/v2\/users\/1"}],"replies":[{"embeddable":true,"href":"https:\/\/eveniments.es\/home\/wp-json\/wp\/v2\/comments?post=2199"}],"version-history":[{"count":1,"href":"https:\/\/eveniments.es\/home\/wp-json\/wp\/v2\/pages\/2199\/revisions"}],"predecessor-version":[{"id":2201,"href":"https:\/\/eveniments.es\/home\/wp-json\/wp\/v2\/pages\/2199\/revisions\/2201"}],"wp:attachment":[{"href":"https:\/\/eveniments.es\/home\/wp-json\/wp\/v2\/media?parent=2199"}],"curies":[{"name":"wp","href":"https:\/\/api.w.org\/{rel}","templated":true}]}}