{"id":2281,"date":"2020-06-20T10:30:32","date_gmt":"2020-06-20T10:30:32","guid":{"rendered":"https:\/\/eveniments.es\/?page_id=2281"},"modified":"2020-06-30T13:31:08","modified_gmt":"2020-06-30T13:31:08","slug":"el-bosque-magico","status":"publish","type":"page","link":"https:\/\/eveniments.es\/home\/el-bosque-magico","title":{"rendered":"El Bosque M\u00e1gico"},"content":{"rendered":"\n<p>El Bosque Encantado es un espectacular pasacalles que pone de manifiesto la magia de la&nbsp;<strong>caracterizaci\u00f3n profesional<\/strong>, combinada con&nbsp;<strong>una puesta en escena original y atrevida<\/strong>.<\/p>\n<p>Porque si lo piensa, \u00bfqu\u00e9 puedes esperar que salga de El Bosque Encantado? Pues&nbsp;<strong>ilusi\u00f3n, magia, misterio y seres inimaginables sacados de las f\u00e1bulas antiguas<\/strong>. Esa es la apuesta, \u00bfte animas?<\/p>\n<p>Ciertamente, cuenta la leyenda del Bosque Encantado, que un&nbsp;<a href=\"https:\/\/www.google.es\/url?sa=t&amp;rct=j&amp;q=&amp;esrc=s&amp;source=web&amp;cd=1&amp;cad=rja&amp;uact=8&amp;ved=2ahUKEwjgg4eO9c7mAhVrDGMBHcCCCuAQFjAAegQIBBAB&amp;url=https%3A%2F%2Fes.wikipedia.org%2Fwiki%2FHada&amp;usg=AOvVaw0C6se7UjnMSdwUTUsJHm7g\">hada<\/a>&nbsp;hechiz\u00f3 a un grupo de monjes que hirieron a plantas y animales que viv\u00edan en un bosque, y que como escarmiento, el hada los confin\u00f3 durante 1.000 a\u00f1os, con una apariencia de seres h\u00edbridos, mitad humanos y mitad elementos de ese bosque, para que aprendiesen la lecci\u00f3n. Ahora arrastran&nbsp;<strong>una llamativa imagen fant\u00e1stica<\/strong>. Podemos verlos con una rama por nariz, con sus cuerpos embutidos en un tronco de \u00e1rbol a\u00f1ejo, rodeados de musgo en todo su cuerpo y hasta cubiertos de flores o ra\u00edces.<\/p>\n<p>Ahora, se dice que est\u00e1n terminando su castigo y que andan de peregrinaje entre los pueblos, quiz\u00e1s el pr\u00f3ximo destino sea tu municipio,&nbsp;<a href=\"https:\/\/www.espectaculosvertigo.com\/reservar\/\">\u00bfte atreves a invitarlos a las pr\u00f3ximas fiestas?<\/a><\/p>\n<p><iframe loading=\"lazy\" title=\"El Bosque Mag\u00edco\" width=\"500\" height=\"281\" src=\"https:\/\/www.youtube.com\/embed\/ggFh3X7l72o?feature=oembed\" frameborder=\"0\" allow=\"accelerometer; autoplay; clipboard-write; encrypted-media; gyroscope; picture-in-picture; web-share\" referrerpolicy=\"strict-origin-when-cross-origin\" allowfullscreen><\/iframe><\/p>\n","protected":false},"excerpt":{"rendered":"<div class=\"mh-excerpt\"><\/div>","protected":false},"author":1,"featured_media":0,"parent":0,"menu_order":0,"comment_status":"closed","ping_status":"closed","template":"template-full.php","meta":{"footnotes":""},"class_list":["post-2281","page","type-page","status-publish","hentry"],"_links":{"self":[{"href":"https:\/\/eveniments.es\/home\/wp-json\/wp\/v2\/pages\/2281","targetHints":{"allow":["GET"]}}],"collection":[{"href":"https:\/\/eveniments.es\/home\/wp-json\/wp\/v2\/pages"}],"about":[{"href":"https:\/\/eveniments.es\/home\/wp-json\/wp\/v2\/types\/page"}],"author":[{"embeddable":true,"href":"https:\/\/eveniments.es\/home\/wp-json\/wp\/v2\/users\/1"}],"replies":[{"embeddable":true,"href":"https:\/\/eveniments.es\/home\/wp-json\/wp\/v2\/comments?post=2281"}],"version-history":[{"count":1,"href":"https:\/\/eveniments.es\/home\/wp-json\/wp\/v2\/pages\/2281\/revisions"}],"predecessor-version":[{"id":2282,"href":"https:\/\/eveniments.es\/home\/wp-json\/wp\/v2\/pages\/2281\/revisions\/2282"}],"wp:attachment":[{"href":"https:\/\/eveniments.es\/home\/wp-json\/wp\/v2\/media?parent=2281"}],"curies":[{"name":"wp","href":"https:\/\/api.w.org\/{rel}","templated":true}]}}