{"id":2287,"date":"2020-06-20T10:41:55","date_gmt":"2020-06-20T10:41:55","guid":{"rendered":"https:\/\/eveniments.es\/?page_id=2287"},"modified":"2020-06-30T13:40:05","modified_gmt":"2020-06-30T13:40:05","slug":"onirius","status":"publish","type":"page","link":"https:\/\/eveniments.es\/home\/onirius","title":{"rendered":"Onirius"},"content":{"rendered":"\n<p>Nos sumergimos en un mundo fant\u00e1stico, delirante, on\u00edrico. En una lucha entre el d\u00eda y la noche que avanza &nbsp;de forma amenazante sobre una carroza, a modo de ariete, tirada por tenebrosas criaturas de lo Oscuro.<\/p>\n<p>La cabalgata abre con un enorme traje que arrastra formando una estela, donde destacar\u00e1n unos fabulosos colores rojizos, negros brillantes y azul noche que marcar\u00e1 un enorme contraste con los blancos perlados del d\u00eda. La finalizaci\u00f3n de la cabalgata nos encontraremos con un escenario &nbsp;contemplando el renacer de la luz tras vencer a la terrible noche y por fin, vencer sus miedos en una tarde fat\u00eddica y de luz.<\/p>\n<p><img loading=\"lazy\" decoding=\"async\" class=\"alignnone wp-image-2288 size-full\" src=\"https:\/\/eveniments.es\/wp-content\/uploads\/2020\/06\/Onirius.jpg.jpg\" alt=\"\" width=\"740\" height=\"543\" srcset=\"https:\/\/eveniments.es\/wp-content\/uploads\/2020\/06\/Onirius.jpg.jpg 740w, https:\/\/eveniments.es\/wp-content\/uploads\/2020\/06\/Onirius.jpg-300x220.jpg 300w, https:\/\/eveniments.es\/wp-content\/uploads\/2020\/06\/Onirius.jpg-80x60.jpg 80w\" sizes=\"auto, (max-width: 740px) 100vw, 740px\" \/><\/p>\n","protected":false},"excerpt":{"rendered":"<div class=\"mh-excerpt\"><\/div>","protected":false},"author":1,"featured_media":0,"parent":0,"menu_order":0,"comment_status":"closed","ping_status":"closed","template":"template-full.php","meta":{"footnotes":""},"class_list":["post-2287","page","type-page","status-publish","hentry"],"_links":{"self":[{"href":"https:\/\/eveniments.es\/home\/wp-json\/wp\/v2\/pages\/2287","targetHints":{"allow":["GET"]}}],"collection":[{"href":"https:\/\/eveniments.es\/home\/wp-json\/wp\/v2\/pages"}],"about":[{"href":"https:\/\/eveniments.es\/home\/wp-json\/wp\/v2\/types\/page"}],"author":[{"embeddable":true,"href":"https:\/\/eveniments.es\/home\/wp-json\/wp\/v2\/users\/1"}],"replies":[{"embeddable":true,"href":"https:\/\/eveniments.es\/home\/wp-json\/wp\/v2\/comments?post=2287"}],"version-history":[{"count":1,"href":"https:\/\/eveniments.es\/home\/wp-json\/wp\/v2\/pages\/2287\/revisions"}],"predecessor-version":[{"id":2289,"href":"https:\/\/eveniments.es\/home\/wp-json\/wp\/v2\/pages\/2287\/revisions\/2289"}],"wp:attachment":[{"href":"https:\/\/eveniments.es\/home\/wp-json\/wp\/v2\/media?parent=2287"}],"curies":[{"name":"wp","href":"https:\/\/api.w.org\/{rel}","templated":true}]}}