{"id":2295,"date":"2020-06-20T10:51:36","date_gmt":"2020-06-20T10:51:36","guid":{"rendered":"https:\/\/eveniments.es\/?page_id=2295"},"modified":"2020-06-30T13:39:52","modified_gmt":"2020-06-30T13:39:52","slug":"ninfas-marinas","status":"publish","type":"page","link":"https:\/\/eveniments.es\/home\/ninfas-marinas","title":{"rendered":"Ninfas Marinas"},"content":{"rendered":"\n<p>Las bailarinas representan el paso a trav\u00e9s de las aguas que los moros tuvieron que realizar para llegar a nuestras costas. Estas ninfas marinas realizar\u00e1n una elegante coreograf\u00eda que encantar\u00e1 a todos los p\u00fablicos.<\/p>\n<p><iframe loading=\"lazy\" title=\"Ninfas Marinas\" width=\"500\" height=\"375\" src=\"https:\/\/www.youtube.com\/embed\/4Yd5_RTnHbY?feature=oembed\" frameborder=\"0\" allow=\"accelerometer; autoplay; clipboard-write; encrypted-media; gyroscope; picture-in-picture; web-share\" referrerpolicy=\"strict-origin-when-cross-origin\" allowfullscreen><\/iframe><\/p>\n","protected":false},"excerpt":{"rendered":"<div class=\"mh-excerpt\"><\/div>","protected":false},"author":1,"featured_media":0,"parent":0,"menu_order":0,"comment_status":"closed","ping_status":"closed","template":"template-full.php","meta":{"footnotes":""},"class_list":["post-2295","page","type-page","status-publish","hentry"],"_links":{"self":[{"href":"https:\/\/eveniments.es\/home\/wp-json\/wp\/v2\/pages\/2295","targetHints":{"allow":["GET"]}}],"collection":[{"href":"https:\/\/eveniments.es\/home\/wp-json\/wp\/v2\/pages"}],"about":[{"href":"https:\/\/eveniments.es\/home\/wp-json\/wp\/v2\/types\/page"}],"author":[{"embeddable":true,"href":"https:\/\/eveniments.es\/home\/wp-json\/wp\/v2\/users\/1"}],"replies":[{"embeddable":true,"href":"https:\/\/eveniments.es\/home\/wp-json\/wp\/v2\/comments?post=2295"}],"version-history":[{"count":1,"href":"https:\/\/eveniments.es\/home\/wp-json\/wp\/v2\/pages\/2295\/revisions"}],"predecessor-version":[{"id":2296,"href":"https:\/\/eveniments.es\/home\/wp-json\/wp\/v2\/pages\/2295\/revisions\/2296"}],"wp:attachment":[{"href":"https:\/\/eveniments.es\/home\/wp-json\/wp\/v2\/media?parent=2295"}],"curies":[{"name":"wp","href":"https:\/\/api.w.org\/{rel}","templated":true}]}}