{"id":2341,"date":"2020-06-20T11:45:29","date_gmt":"2020-06-20T11:45:29","guid":{"rendered":"https:\/\/eveniments.es\/?page_id=2341"},"modified":"2020-06-30T13:37:09","modified_gmt":"2020-06-30T13:37:09","slug":"la-jungla","status":"publish","type":"page","link":"https:\/\/eveniments.es\/home\/la-jungla","title":{"rendered":"La Jungla"},"content":{"rendered":"\n<p><strong>La jungla<\/strong>&nbsp;invade la ciudad con personajes de una de las tribus que&nbsp;habitan en ella. Los&nbsp; animales han sido domesticados por los humanos, pero se rigen por sus instintos y a veces se asustan y atacan todo aquello que pone en peligro sus vidas. Durante el recorrido, la tribu ejecutar\u00e1 coreograf\u00edas y rituales en los que el p\u00fablico participar\u00e1 de una manera activa. La fiesta y la sorpresa en este espect\u00e1culo est\u00e1n m\u00e1s que garantizadas en una puesta en escena llena de color, m\u00fasica y provocaci\u00f3n. Con la jungla lo que se pretende es hacer pasar un buen rato de buena diversi\u00f3n familiar, salvaje y fant\u00e1stica.<\/p>\n<p><img loading=\"lazy\" decoding=\"async\" class=\"alignnone wp-image-2342 size-full\" src=\"https:\/\/eveniments.es\/wp-content\/uploads\/2020\/06\/La-Jungla2.jpg\" alt=\"\" width=\"800\" height=\"533\" srcset=\"https:\/\/eveniments.es\/wp-content\/uploads\/2020\/06\/La-Jungla2.jpg 800w, https:\/\/eveniments.es\/wp-content\/uploads\/2020\/06\/La-Jungla2-300x200.jpg 300w, https:\/\/eveniments.es\/wp-content\/uploads\/2020\/06\/La-Jungla2-768x512.jpg 768w\" sizes=\"auto, (max-width: 800px) 100vw, 800px\" \/><img loading=\"lazy\" decoding=\"async\" class=\"alignnone wp-image-2343 size-full\" src=\"https:\/\/eveniments.es\/wp-content\/uploads\/2020\/06\/La-Jungla3.jpg\" alt=\"\" width=\"800\" height=\"533\" srcset=\"https:\/\/eveniments.es\/wp-content\/uploads\/2020\/06\/La-Jungla3.jpg 800w, https:\/\/eveniments.es\/wp-content\/uploads\/2020\/06\/La-Jungla3-300x200.jpg 300w, https:\/\/eveniments.es\/wp-content\/uploads\/2020\/06\/La-Jungla3-768x512.jpg 768w\" sizes=\"auto, (max-width: 800px) 100vw, 800px\" \/><img loading=\"lazy\" decoding=\"async\" class=\"alignnone wp-image-2344 size-full\" src=\"https:\/\/eveniments.es\/wp-content\/uploads\/2020\/06\/La-Jungla4.jpg\" alt=\"\" width=\"800\" height=\"533\" srcset=\"https:\/\/eveniments.es\/wp-content\/uploads\/2020\/06\/La-Jungla4.jpg 800w, https:\/\/eveniments.es\/wp-content\/uploads\/2020\/06\/La-Jungla4-300x200.jpg 300w, https:\/\/eveniments.es\/wp-content\/uploads\/2020\/06\/La-Jungla4-768x512.jpg 768w\" sizes=\"auto, (max-width: 800px) 100vw, 800px\" \/><img loading=\"lazy\" decoding=\"async\" class=\"alignnone wp-image-2345 size-full\" src=\"https:\/\/eveniments.es\/wp-content\/uploads\/2020\/06\/La-Jungla5.jpg\" alt=\"\" width=\"800\" height=\"533\" srcset=\"https:\/\/eveniments.es\/wp-content\/uploads\/2020\/06\/La-Jungla5.jpg 800w, https:\/\/eveniments.es\/wp-content\/uploads\/2020\/06\/La-Jungla5-300x200.jpg 300w, https:\/\/eveniments.es\/wp-content\/uploads\/2020\/06\/La-Jungla5-768x512.jpg 768w\" sizes=\"auto, (max-width: 800px) 100vw, 800px\" \/><\/p>\n","protected":false},"excerpt":{"rendered":"<div class=\"mh-excerpt\"><\/div>","protected":false},"author":1,"featured_media":0,"parent":0,"menu_order":0,"comment_status":"closed","ping_status":"closed","template":"template-full.php","meta":{"footnotes":""},"class_list":["post-2341","page","type-page","status-publish","hentry"],"_links":{"self":[{"href":"https:\/\/eveniments.es\/home\/wp-json\/wp\/v2\/pages\/2341","targetHints":{"allow":["GET"]}}],"collection":[{"href":"https:\/\/eveniments.es\/home\/wp-json\/wp\/v2\/pages"}],"about":[{"href":"https:\/\/eveniments.es\/home\/wp-json\/wp\/v2\/types\/page"}],"author":[{"embeddable":true,"href":"https:\/\/eveniments.es\/home\/wp-json\/wp\/v2\/users\/1"}],"replies":[{"embeddable":true,"href":"https:\/\/eveniments.es\/home\/wp-json\/wp\/v2\/comments?post=2341"}],"version-history":[{"count":1,"href":"https:\/\/eveniments.es\/home\/wp-json\/wp\/v2\/pages\/2341\/revisions"}],"predecessor-version":[{"id":2346,"href":"https:\/\/eveniments.es\/home\/wp-json\/wp\/v2\/pages\/2341\/revisions\/2346"}],"wp:attachment":[{"href":"https:\/\/eveniments.es\/home\/wp-json\/wp\/v2\/media?parent=2341"}],"curies":[{"name":"wp","href":"https:\/\/api.w.org\/{rel}","templated":true}]}}