{"id":2399,"date":"2020-06-21T17:59:53","date_gmt":"2020-06-21T17:59:53","guid":{"rendered":"https:\/\/eveniments.es\/?page_id=2399"},"modified":"2020-06-30T17:01:15","modified_gmt":"2020-06-30T17:01:15","slug":"giant-lumen","status":"publish","type":"page","link":"https:\/\/eveniments.es\/home\/giant-lumen","title":{"rendered":"Giant Lumen"},"content":{"rendered":"\n<p class=\"p1\"><span class=\"s1\"><strong>Pasacalles nocturno<\/strong>&nbsp;en el que diversas marionetas gigantes pasean y se<span class=\"Apple-converted-space\">&nbsp;&nbsp;<\/span>mueven coreogr\u00e1ficamente al son de la m\u00fasica. Un espect\u00e1culo<span class=\"Apple-converted-space\">&nbsp;&nbsp;<\/span>asombroso y lum\u00ednico, en el que&nbsp;<strong>marionetas de grandes dimensiones<\/strong>,<span class=\"Apple-converted-space\">&nbsp;&nbsp;<\/span>desprenden luz gracias a dispositivos LED, bailando seg\u00fan una<span class=\"Apple-converted-space\">&nbsp;&nbsp;<\/span>coreograf\u00eda.<\/span><\/p>\n<p class=\"p2\"><span class=\"s1\">Incluye 5 marionetas , entre p\u00e1jaros, gigantes y estructura de sonido y<span class=\"Apple-converted-space\">&nbsp;&nbsp;<\/span>luz. Va arrastrada por un peque\u00f1o tractor.<\/span><\/p>\n<p class=\"p2\"><span class=\"s1\">Estas&nbsp;<strong>Marionetas<\/strong>&nbsp;tambi\u00e9n funcionan por el d\u00eda donde se puede utilizar la<span class=\"Apple-converted-space\">&nbsp;&nbsp;<\/span>bicicleta .<\/span><\/p>\n<p><strong>INCLUYE:<\/strong><\/p>\n<ul class=\"ul1\">\n<li class=\"li1\"><span class=\"s2\">5 ( 5 marionetas + Estructura de sonido)&nbsp;<\/span><\/li>\n<li class=\"li1\"><span class=\"s2\">60 -90 min m\u00e1ximo<\/span><\/li>\n<li class=\"li1\"><span class=\"s2\">2000W Sonido port\u00e1til<\/span><\/li>\n<\/ul>\n<p><img loading=\"lazy\" decoding=\"async\" class=\"alignnone wp-image-3210\" src=\"https:\/\/eveniments.es\/wp-content\/uploads\/2020\/06\/THE-GIANT-copia-300x188.jpg\" alt=\"\" width=\"1024\" height=\"640\" srcset=\"https:\/\/eveniments.es\/wp-content\/uploads\/2020\/06\/THE-GIANT-copia-300x188.jpg 300w, https:\/\/eveniments.es\/wp-content\/uploads\/2020\/06\/THE-GIANT-copia-768x480.jpg 768w, https:\/\/eveniments.es\/wp-content\/uploads\/2020\/06\/THE-GIANT-copia.jpg 800w\" sizes=\"auto, (max-width: 1024px) 100vw, 1024px\" \/><img loading=\"lazy\" decoding=\"async\" class=\"alignnone wp-image-3211\" src=\"https:\/\/eveniments.es\/wp-content\/uploads\/2020\/06\/THE-GIANT-LUMENT-copia-300x188.jpg\" alt=\"\" width=\"1024\" height=\"640\" srcset=\"https:\/\/eveniments.es\/wp-content\/uploads\/2020\/06\/THE-GIANT-LUMENT-copia-300x188.jpg 300w, https:\/\/eveniments.es\/wp-content\/uploads\/2020\/06\/THE-GIANT-LUMENT-copia-768x480.jpg 768w, https:\/\/eveniments.es\/wp-content\/uploads\/2020\/06\/THE-GIANT-LUMENT-copia.jpg 800w\" sizes=\"auto, (max-width: 1024px) 100vw, 1024px\" \/><img loading=\"lazy\" decoding=\"async\" class=\"alignnone wp-image-3212\" src=\"https:\/\/eveniments.es\/wp-content\/uploads\/2020\/06\/THE-GIANT-LUMENT-III-copia-300x188.jpg\" alt=\"\" width=\"1024\" height=\"640\" srcset=\"https:\/\/eveniments.es\/wp-content\/uploads\/2020\/06\/THE-GIANT-LUMENT-III-copia-300x188.jpg 300w, https:\/\/eveniments.es\/wp-content\/uploads\/2020\/06\/THE-GIANT-LUMENT-III-copia-768x480.jpg 768w, https:\/\/eveniments.es\/wp-content\/uploads\/2020\/06\/THE-GIANT-LUMENT-III-copia.jpg 800w\" sizes=\"auto, (max-width: 1024px) 100vw, 1024px\" \/><\/p>\n<p><iframe loading=\"lazy\" title=\"Giant Lumen\" width=\"500\" height=\"281\" src=\"https:\/\/www.youtube.com\/embed\/JVL5_Nq1Ygg?feature=oembed\" frameborder=\"0\" allow=\"accelerometer; autoplay; clipboard-write; encrypted-media; gyroscope; picture-in-picture; web-share\" referrerpolicy=\"strict-origin-when-cross-origin\" allowfullscreen><\/iframe><\/p>\n","protected":false},"excerpt":{"rendered":"<div class=\"mh-excerpt\"><\/div>","protected":false},"author":1,"featured_media":0,"parent":0,"menu_order":0,"comment_status":"closed","ping_status":"closed","template":"template-full.php","meta":{"footnotes":""},"class_list":["post-2399","page","type-page","status-publish","hentry"],"_links":{"self":[{"href":"https:\/\/eveniments.es\/home\/wp-json\/wp\/v2\/pages\/2399","targetHints":{"allow":["GET"]}}],"collection":[{"href":"https:\/\/eveniments.es\/home\/wp-json\/wp\/v2\/pages"}],"about":[{"href":"https:\/\/eveniments.es\/home\/wp-json\/wp\/v2\/types\/page"}],"author":[{"embeddable":true,"href":"https:\/\/eveniments.es\/home\/wp-json\/wp\/v2\/users\/1"}],"replies":[{"embeddable":true,"href":"https:\/\/eveniments.es\/home\/wp-json\/wp\/v2\/comments?post=2399"}],"version-history":[{"count":3,"href":"https:\/\/eveniments.es\/home\/wp-json\/wp\/v2\/pages\/2399\/revisions"}],"predecessor-version":[{"id":3224,"href":"https:\/\/eveniments.es\/home\/wp-json\/wp\/v2\/pages\/2399\/revisions\/3224"}],"wp:attachment":[{"href":"https:\/\/eveniments.es\/home\/wp-json\/wp\/v2\/media?parent=2399"}],"curies":[{"name":"wp","href":"https:\/\/api.w.org\/{rel}","templated":true}]}}