{"id":2447,"date":"2020-06-21T18:50:49","date_gmt":"2020-06-21T18:50:49","guid":{"rendered":"https:\/\/eveniments.es\/?page_id=2447"},"modified":"2020-06-30T13:29:50","modified_gmt":"2020-06-30T13:29:50","slug":"dinopolis","status":"publish","type":"page","link":"https:\/\/eveniments.es\/home\/dinopolis","title":{"rendered":"Din\u00f3polis"},"content":{"rendered":"\n<p>Unos juguetones dinosaurios hinchables de diferentes formas y colores participan en el pasacalles haciendo de las suyas. Estos grandotes dinosaurios interact\u00faan especialmente con los ni\u00f1os para que \u00e9stos se diviertan con ellos y se sumen a las travesuras de estos grandes pero bonachones dinosaurios, que su \u00fanica intenci\u00f3n es hacer lo que m\u00e1s les gusta: Jugar con los ni\u00f1os.<\/p>\n<p><img loading=\"lazy\" decoding=\"async\" class=\"alignnone wp-image-2448 size-full\" src=\"https:\/\/eveniments.es\/wp-content\/uploads\/2020\/06\/Dinos1.jpg\" alt=\"\" width=\"800\" height=\"520\" srcset=\"https:\/\/eveniments.es\/wp-content\/uploads\/2020\/06\/Dinos1.jpg 800w, https:\/\/eveniments.es\/wp-content\/uploads\/2020\/06\/Dinos1-300x195.jpg 300w, https:\/\/eveniments.es\/wp-content\/uploads\/2020\/06\/Dinos1-768x499.jpg 768w\" sizes=\"auto, (max-width: 800px) 100vw, 800px\" \/><\/p>\n","protected":false},"excerpt":{"rendered":"<div class=\"mh-excerpt\"><\/div>","protected":false},"author":1,"featured_media":0,"parent":0,"menu_order":0,"comment_status":"closed","ping_status":"closed","template":"template-full.php","meta":{"footnotes":""},"class_list":["post-2447","page","type-page","status-publish","hentry"],"_links":{"self":[{"href":"https:\/\/eveniments.es\/home\/wp-json\/wp\/v2\/pages\/2447","targetHints":{"allow":["GET"]}}],"collection":[{"href":"https:\/\/eveniments.es\/home\/wp-json\/wp\/v2\/pages"}],"about":[{"href":"https:\/\/eveniments.es\/home\/wp-json\/wp\/v2\/types\/page"}],"author":[{"embeddable":true,"href":"https:\/\/eveniments.es\/home\/wp-json\/wp\/v2\/users\/1"}],"replies":[{"embeddable":true,"href":"https:\/\/eveniments.es\/home\/wp-json\/wp\/v2\/comments?post=2447"}],"version-history":[{"count":1,"href":"https:\/\/eveniments.es\/home\/wp-json\/wp\/v2\/pages\/2447\/revisions"}],"predecessor-version":[{"id":2449,"href":"https:\/\/eveniments.es\/home\/wp-json\/wp\/v2\/pages\/2447\/revisions\/2449"}],"wp:attachment":[{"href":"https:\/\/eveniments.es\/home\/wp-json\/wp\/v2\/media?parent=2447"}],"curies":[{"name":"wp","href":"https:\/\/api.w.org\/{rel}","templated":true}]}}