{"id":2482,"date":"2020-06-21T21:06:49","date_gmt":"2020-06-21T21:06:49","guid":{"rendered":"https:\/\/eveniments.es\/?page_id=2482"},"modified":"2020-06-30T13:26:47","modified_gmt":"2020-06-30T13:26:47","slug":"caballos-gigantes","status":"publish","type":"page","link":"https:\/\/eveniments.es\/home\/caballos-gigantes","title":{"rendered":"Caballos Gigantes"},"content":{"rendered":"\n<p><strong>Espect\u00e1culo de caballos de gran tama\u00f1o<\/strong>&nbsp;que cuentan con m\u00e1s de 3,5 metros de altura. Los materiales que utilizan son materiales hinchables y son puestos en escena por titiriteros con espectaculares trajes de pura leyenda.<\/p>\n<p>Cuenta con una espectacular manada de caballos de color blanco, que simbolizan la paz, la pureza y el esp\u00edritu. Estos pasear\u00e1n&nbsp; junto con el humo, las luces nocturnas y la m\u00fasica, creando pues&nbsp;una atm\u00f3sfera fant\u00e1stica de ensue\u00f1o.<\/p>\n<p>El espect\u00e1culo es adaptable siendo la versi\u00f3n m\u00e1xima de doce personajes y el Pegaso. Un espect\u00e1culo que nos invita a so\u00f1ar.&nbsp;<\/p>\n<p><img loading=\"lazy\" decoding=\"async\" class=\"alignnone wp-image-2483 size-full\" src=\"https:\/\/eveniments.es\/wp-content\/uploads\/2020\/06\/Caballo-inchable-2.jpg\" alt=\"\" width=\"800\" height=\"535\" srcset=\"https:\/\/eveniments.es\/wp-content\/uploads\/2020\/06\/Caballo-inchable-2.jpg 800w, https:\/\/eveniments.es\/wp-content\/uploads\/2020\/06\/Caballo-inchable-2-300x201.jpg 300w, https:\/\/eveniments.es\/wp-content\/uploads\/2020\/06\/Caballo-inchable-2-768x514.jpg 768w\" sizes=\"auto, (max-width: 800px) 100vw, 800px\" \/><img loading=\"lazy\" decoding=\"async\" class=\"alignnone wp-image-2484 size-full\" src=\"https:\/\/eveniments.es\/wp-content\/uploads\/2020\/06\/caballos-inchables1.jpg\" alt=\"\" width=\"800\" height=\"535\" srcset=\"https:\/\/eveniments.es\/wp-content\/uploads\/2020\/06\/caballos-inchables1.jpg 800w, https:\/\/eveniments.es\/wp-content\/uploads\/2020\/06\/caballos-inchables1-300x201.jpg 300w, https:\/\/eveniments.es\/wp-content\/uploads\/2020\/06\/caballos-inchables1-768x514.jpg 768w\" sizes=\"auto, (max-width: 800px) 100vw, 800px\" \/><\/p>\n","protected":false},"excerpt":{"rendered":"<div class=\"mh-excerpt\"><\/div>","protected":false},"author":1,"featured_media":0,"parent":0,"menu_order":0,"comment_status":"closed","ping_status":"closed","template":"template-full.php","meta":{"footnotes":""},"class_list":["post-2482","page","type-page","status-publish","hentry"],"_links":{"self":[{"href":"https:\/\/eveniments.es\/home\/wp-json\/wp\/v2\/pages\/2482","targetHints":{"allow":["GET"]}}],"collection":[{"href":"https:\/\/eveniments.es\/home\/wp-json\/wp\/v2\/pages"}],"about":[{"href":"https:\/\/eveniments.es\/home\/wp-json\/wp\/v2\/types\/page"}],"author":[{"embeddable":true,"href":"https:\/\/eveniments.es\/home\/wp-json\/wp\/v2\/users\/1"}],"replies":[{"embeddable":true,"href":"https:\/\/eveniments.es\/home\/wp-json\/wp\/v2\/comments?post=2482"}],"version-history":[{"count":1,"href":"https:\/\/eveniments.es\/home\/wp-json\/wp\/v2\/pages\/2482\/revisions"}],"predecessor-version":[{"id":2485,"href":"https:\/\/eveniments.es\/home\/wp-json\/wp\/v2\/pages\/2482\/revisions\/2485"}],"wp:attachment":[{"href":"https:\/\/eveniments.es\/home\/wp-json\/wp\/v2\/media?parent=2482"}],"curies":[{"name":"wp","href":"https:\/\/api.w.org\/{rel}","templated":true}]}}