{"id":2511,"date":"2020-06-22T07:31:29","date_gmt":"2020-06-22T07:31:29","guid":{"rendered":"https:\/\/eveniments.es\/?page_id=2511"},"modified":"2020-06-30T13:25:24","modified_gmt":"2020-06-30T13:25:24","slug":"aqualia","status":"publish","type":"page","link":"https:\/\/eveniments.es\/home\/aqualia","title":{"rendered":"Aqualia"},"content":{"rendered":"\n<p>Aqualia es una representaci\u00f3n para todos los p\u00fablicos inspirada en el mundo submarino.<\/p>\n<p>Una obra inspirada en el mundo submarino, donde diferentes animalitos se ven envueltos en la gran aventura de tratar de salvar a un naufrago, ayud\u00e1ndole a su botella a llegar a la playa, con este acto de valentia los peces esperan llamar la atenci\u00f3n de los seres humanos para que estos puedan ayudarles&nbsp;a salvar su mundo.<\/p>\n<p>Es una experiencia donde la magia del teatro fluorescente, la m\u00fasica, los colores y los personajes se conjugan para producir las m\u00e1s bellas emociones, divertir, conmover y hacer reflexionar al mundo sobre el futuro de nuestros oc\u00e9anos. Un espect\u00e1culo que divierte y ense\u00f1a a toda la familia.<\/p>\n<p><img loading=\"lazy\" decoding=\"async\" class=\"alignnone wp-image-2512 size-full\" src=\"https:\/\/eveniments.es\/wp-content\/uploads\/2020\/06\/Aqualia.jpg\" alt=\"\" width=\"840\" height=\"616\" srcset=\"https:\/\/eveniments.es\/wp-content\/uploads\/2020\/06\/Aqualia.jpg 840w, https:\/\/eveniments.es\/wp-content\/uploads\/2020\/06\/Aqualia-300x220.jpg 300w, https:\/\/eveniments.es\/wp-content\/uploads\/2020\/06\/Aqualia-768x563.jpg 768w, https:\/\/eveniments.es\/wp-content\/uploads\/2020\/06\/Aqualia-80x60.jpg 80w\" sizes=\"auto, (max-width: 840px) 100vw, 840px\" \/><\/p>\n<p><iframe loading=\"lazy\" title=\"Aqualia\" width=\"500\" height=\"375\" src=\"https:\/\/www.youtube.com\/embed\/M_oBRXhjED0?feature=oembed\" frameborder=\"0\" allow=\"accelerometer; autoplay; clipboard-write; encrypted-media; gyroscope; picture-in-picture; web-share\" referrerpolicy=\"strict-origin-when-cross-origin\" allowfullscreen><\/iframe><\/p>\n<p>&nbsp;<\/p>\n","protected":false},"excerpt":{"rendered":"<div class=\"mh-excerpt\"><\/div>","protected":false},"author":1,"featured_media":0,"parent":0,"menu_order":0,"comment_status":"closed","ping_status":"closed","template":"template-full.php","meta":{"footnotes":""},"class_list":["post-2511","page","type-page","status-publish","hentry"],"_links":{"self":[{"href":"https:\/\/eveniments.es\/home\/wp-json\/wp\/v2\/pages\/2511","targetHints":{"allow":["GET"]}}],"collection":[{"href":"https:\/\/eveniments.es\/home\/wp-json\/wp\/v2\/pages"}],"about":[{"href":"https:\/\/eveniments.es\/home\/wp-json\/wp\/v2\/types\/page"}],"author":[{"embeddable":true,"href":"https:\/\/eveniments.es\/home\/wp-json\/wp\/v2\/users\/1"}],"replies":[{"embeddable":true,"href":"https:\/\/eveniments.es\/home\/wp-json\/wp\/v2\/comments?post=2511"}],"version-history":[{"count":2,"href":"https:\/\/eveniments.es\/home\/wp-json\/wp\/v2\/pages\/2511\/revisions"}],"predecessor-version":[{"id":2515,"href":"https:\/\/eveniments.es\/home\/wp-json\/wp\/v2\/pages\/2511\/revisions\/2515"}],"wp:attachment":[{"href":"https:\/\/eveniments.es\/home\/wp-json\/wp\/v2\/media?parent=2511"}],"curies":[{"name":"wp","href":"https:\/\/api.w.org\/{rel}","templated":true}]}}