{"id":2523,"date":"2020-06-22T07:43:17","date_gmt":"2020-06-22T07:43:17","guid":{"rendered":"https:\/\/eveniments.es\/?page_id=2523"},"modified":"2020-06-30T15:50:45","modified_gmt":"2020-06-30T15:50:45","slug":"albolea","status":"publish","type":"page","link":"https:\/\/eveniments.es\/home\/albolea","title":{"rendered":"Albolea"},"content":{"rendered":"\n<p>Nuestros artistas circenses ofrecer\u00e1n un pasacalles diferente adaptando nuestras animaciones, vestuario, n\u00famero de artistas, escenograf\u00eda y t\u00e9cnicas de circo al espect\u00e1culo que necesite. Contamos con contorsionistas, malabaristas, zancudos, tragafuegos, personaje sobre bola, &nbsp;etc.<\/p>\n<p><img loading=\"lazy\" decoding=\"async\" class=\"alignnone wp-image-2525 size-large\" src=\"https:\/\/eveniments.es\/wp-content\/uploads\/2020\/06\/Albolea-2-1024x576.jpg\" alt=\"\" width=\"1024\" height=\"576\" srcset=\"https:\/\/eveniments.es\/wp-content\/uploads\/2020\/06\/Albolea-2-1024x576.jpg 1024w, https:\/\/eveniments.es\/wp-content\/uploads\/2020\/06\/Albolea-2-300x169.jpg 300w, https:\/\/eveniments.es\/wp-content\/uploads\/2020\/06\/Albolea-2-768x432.jpg 768w, https:\/\/eveniments.es\/wp-content\/uploads\/2020\/06\/Albolea-2-1536x864.jpg 1536w, https:\/\/eveniments.es\/wp-content\/uploads\/2020\/06\/Albolea-2-678x381.jpg 678w, https:\/\/eveniments.es\/wp-content\/uploads\/2020\/06\/Albolea-2.jpg 1600w\" sizes=\"auto, (max-width: 1024px) 100vw, 1024px\" \/><img loading=\"lazy\" decoding=\"async\" class=\"alignnone wp-image-2526 size-large\" src=\"https:\/\/eveniments.es\/wp-content\/uploads\/2020\/06\/Albolea-1024x576.jpg\" alt=\"\" width=\"1024\" height=\"576\" srcset=\"https:\/\/eveniments.es\/wp-content\/uploads\/2020\/06\/Albolea-1024x576.jpg 1024w, https:\/\/eveniments.es\/wp-content\/uploads\/2020\/06\/Albolea-300x169.jpg 300w, https:\/\/eveniments.es\/wp-content\/uploads\/2020\/06\/Albolea-768x432.jpg 768w, https:\/\/eveniments.es\/wp-content\/uploads\/2020\/06\/Albolea-1536x864.jpg 1536w, https:\/\/eveniments.es\/wp-content\/uploads\/2020\/06\/Albolea-678x381.jpg 678w, https:\/\/eveniments.es\/wp-content\/uploads\/2020\/06\/Albolea.jpg 1600w\" sizes=\"auto, (max-width: 1024px) 100vw, 1024px\" \/><\/p>\n","protected":false},"excerpt":{"rendered":"<div class=\"mh-excerpt\"><\/div>","protected":false},"author":1,"featured_media":0,"parent":0,"menu_order":0,"comment_status":"closed","ping_status":"closed","template":"template-full.php","meta":{"footnotes":""},"class_list":["post-2523","page","type-page","status-publish","hentry"],"_links":{"self":[{"href":"https:\/\/eveniments.es\/home\/wp-json\/wp\/v2\/pages\/2523","targetHints":{"allow":["GET"]}}],"collection":[{"href":"https:\/\/eveniments.es\/home\/wp-json\/wp\/v2\/pages"}],"about":[{"href":"https:\/\/eveniments.es\/home\/wp-json\/wp\/v2\/types\/page"}],"author":[{"embeddable":true,"href":"https:\/\/eveniments.es\/home\/wp-json\/wp\/v2\/users\/1"}],"replies":[{"embeddable":true,"href":"https:\/\/eveniments.es\/home\/wp-json\/wp\/v2\/comments?post=2523"}],"version-history":[{"count":3,"href":"https:\/\/eveniments.es\/home\/wp-json\/wp\/v2\/pages\/2523\/revisions"}],"predecessor-version":[{"id":3176,"href":"https:\/\/eveniments.es\/home\/wp-json\/wp\/v2\/pages\/2523\/revisions\/3176"}],"wp:attachment":[{"href":"https:\/\/eveniments.es\/home\/wp-json\/wp\/v2\/media?parent=2523"}],"curies":[{"name":"wp","href":"https:\/\/api.w.org\/{rel}","templated":true}]}}