{"id":2622,"date":"2020-06-22T10:05:33","date_gmt":"2020-06-22T10:05:33","guid":{"rendered":"https:\/\/eveniments.es\/?page_id=2622"},"modified":"2020-06-30T14:01:59","modified_gmt":"2020-06-30T14:01:59","slug":"barco-zeppelin","status":"publish","type":"page","link":"https:\/\/eveniments.es\/home\/barco-zeppelin","title":{"rendered":"Barco Zeppelin"},"content":{"rendered":"\n<p>Capitanes Sopladores abren el camino a la \u2018nave\u2019 fuera de tiempo \u2026<br>\u201cSe\u00f1ora Vigie \u2018gobierna el barco mientras que Chris\u2019 Vaporiste activa las m\u00e1quinas \u2026Carb\u00f3n para el tren! Mantener el rumbo para el barco! Absorbe el aire a trav\u00e9s de las alas! Permitir a las h\u00e9lices de propulsi\u00f3n de la nave! Evaluar la profundidad del agua para el submarino! Sin olvidar para enviar vapor a las ruedas de paletas! Choo! Choo!<br>Un barco que te adentra en la \u00e9poca Francesa.<br>Movido por un veh\u00edculo en su interior realiza efectos de sonido, iluminaci\u00f3n, burbujas,giro de 360\u00aa.<br>Sin lugar a dudas es un gran espect\u00e1culo con movimientos mec\u00e1nicos que sorprenden a los asistentes.con una dimensi\u00f3n de<br>DIMENSIONES: 6x5m<br>\u00bfQUE INCLUYE?<br>\u2022 Barco Zeppelin<br>\u2022 Personajes<br>\u2022 Equipo de sonido<br>\u2022 4 Sopladores<br>\u2022 Efectos especiales como burbujas y confeti<\/p>\n<p><img loading=\"lazy\" decoding=\"async\" class=\"wp-image-2623 size-large alignnone\" src=\"https:\/\/eveniments.es\/wp-content\/uploads\/2020\/06\/Zepelin4-1024x731.jpg\" alt=\"\" width=\"1024\" height=\"731\" srcset=\"https:\/\/eveniments.es\/wp-content\/uploads\/2020\/06\/Zepelin4-1024x731.jpg 1024w, https:\/\/eveniments.es\/wp-content\/uploads\/2020\/06\/Zepelin4-300x214.jpg 300w, https:\/\/eveniments.es\/wp-content\/uploads\/2020\/06\/Zepelin4-768x548.jpg 768w, https:\/\/eveniments.es\/wp-content\/uploads\/2020\/06\/Zepelin4.jpg 1280w\" sizes=\"auto, (max-width: 1024px) 100vw, 1024px\" \/><img loading=\"lazy\" decoding=\"async\" class=\"alignnone wp-image-2624\" src=\"https:\/\/eveniments.es\/wp-content\/uploads\/2020\/06\/Zeppelin3-300x200.jpg\" alt=\"\" width=\"1024\" height=\"683\" srcset=\"https:\/\/eveniments.es\/wp-content\/uploads\/2020\/06\/Zeppelin3-300x200.jpg 300w, https:\/\/eveniments.es\/wp-content\/uploads\/2020\/06\/Zeppelin3.jpg 720w\" sizes=\"auto, (max-width: 1024px) 100vw, 1024px\" \/><img loading=\"lazy\" decoding=\"async\" class=\"alignnone wp-image-2625\" src=\"https:\/\/eveniments.es\/wp-content\/uploads\/2020\/06\/Zeppelin2-300x294.jpg\" alt=\"\" width=\"1024\" height=\"1003\" srcset=\"https:\/\/eveniments.es\/wp-content\/uploads\/2020\/06\/Zeppelin2-300x294.jpg 300w, https:\/\/eveniments.es\/wp-content\/uploads\/2020\/06\/Zeppelin2-768x753.jpg 768w, https:\/\/eveniments.es\/wp-content\/uploads\/2020\/06\/Zeppelin2.jpg 794w\" sizes=\"auto, (max-width: 1024px) 100vw, 1024px\" \/><img loading=\"lazy\" decoding=\"async\" class=\"alignnone wp-image-2626\" src=\"https:\/\/eveniments.es\/wp-content\/uploads\/2020\/06\/Zepelin1-300x200.jpg\" alt=\"\" width=\"1024\" height=\"682\" srcset=\"https:\/\/eveniments.es\/wp-content\/uploads\/2020\/06\/Zepelin1-300x200.jpg 300w, https:\/\/eveniments.es\/wp-content\/uploads\/2020\/06\/Zepelin1-768x512.jpg 768w, https:\/\/eveniments.es\/wp-content\/uploads\/2020\/06\/Zepelin1.jpg 800w\" sizes=\"auto, (max-width: 1024px) 100vw, 1024px\" \/><\/p>\n","protected":false},"excerpt":{"rendered":"<div class=\"mh-excerpt\"><\/div>","protected":false},"author":1,"featured_media":0,"parent":0,"menu_order":0,"comment_status":"closed","ping_status":"closed","template":"template-full.php","meta":{"footnotes":""},"class_list":["post-2622","page","type-page","status-publish","hentry"],"_links":{"self":[{"href":"https:\/\/eveniments.es\/home\/wp-json\/wp\/v2\/pages\/2622","targetHints":{"allow":["GET"]}}],"collection":[{"href":"https:\/\/eveniments.es\/home\/wp-json\/wp\/v2\/pages"}],"about":[{"href":"https:\/\/eveniments.es\/home\/wp-json\/wp\/v2\/types\/page"}],"author":[{"embeddable":true,"href":"https:\/\/eveniments.es\/home\/wp-json\/wp\/v2\/users\/1"}],"replies":[{"embeddable":true,"href":"https:\/\/eveniments.es\/home\/wp-json\/wp\/v2\/comments?post=2622"}],"version-history":[{"count":3,"href":"https:\/\/eveniments.es\/home\/wp-json\/wp\/v2\/pages\/2622\/revisions"}],"predecessor-version":[{"id":3150,"href":"https:\/\/eveniments.es\/home\/wp-json\/wp\/v2\/pages\/2622\/revisions\/3150"}],"wp:attachment":[{"href":"https:\/\/eveniments.es\/home\/wp-json\/wp\/v2\/media?parent=2622"}],"curies":[{"name":"wp","href":"https:\/\/api.w.org\/{rel}","templated":true}]}}