{"id":2641,"date":"2020-06-22T10:21:31","date_gmt":"2020-06-22T10:21:31","guid":{"rendered":"https:\/\/eveniments.es\/?page_id=2641"},"modified":"2020-06-30T13:29:14","modified_gmt":"2020-06-30T13:29:14","slug":"cremah","status":"publish","type":"page","link":"https:\/\/eveniments.es\/home\/cremah","title":{"rendered":"Cremah"},"content":{"rendered":"\n<p>El espect\u00e1culo Cremah, en su versi\u00f3n itinerante, saca a pasear por las calles de la ciudad a una familia de dragones \u2013reptiles que nosotros denominamos velocidragons. La familia est\u00e1 formada por tres dragones: el padre Arg\u00f3n, la<br>madre Atal y la cr\u00eda Kremah. Van acompa\u00f1ados por dos estructuras m\u00f3viles que nos sirven, a la vez, como soporte a la luz y al sonido, y como elementos escenogr\u00e1ficos incorporados a las acciones que realizan los velocidragons.<br>Este espect\u00e1culo se caracteriza por su interacci\u00f3n con el p\u00fablico en todo momento<br>ELEMENTOS<br>\u2022 Cremah<br>\u2022 Arg\u00f3n<br>\u2022 Atal<br>\u2022 Carro de sonido Torre de luz y sonido<br>M\u00daSICA<br>Banda sonora que mezcla m\u00fasica c\u00e9ltica con heavy combinando la parte mitol\u00f3gica por parte de los dragones y la parte industrial por parte de las m\u00e1quinas.<br>EFECTOS<br>Todos los efectos pretenden sugestionar al p\u00fablico. B\u00e1sicamente hay m\u00e1quinas de humo, efectos con CO2 y pirot\u00e9cnicos* realizados con bengalas de mano de diferentes colores. Todos ellos estar\u00e1n distribuidos sobre las<br>estructuras m\u00f3viles (torres y carro de sonido).<br>La pirotecnia es opcional.<\/p>\n<p><img loading=\"lazy\" decoding=\"async\" class=\"alignnone  wp-image-2642\" src=\"https:\/\/eveniments.es\/wp-content\/uploads\/2020\/06\/Cremah3-copia-300x201.jpg\" alt=\"\" width=\"560\" height=\"375\" srcset=\"https:\/\/eveniments.es\/wp-content\/uploads\/2020\/06\/Cremah3-copia-300x201.jpg 300w, https:\/\/eveniments.es\/wp-content\/uploads\/2020\/06\/Cremah3-copia.jpg 323w\" sizes=\"auto, (max-width: 560px) 100vw, 560px\" \/><img loading=\"lazy\" decoding=\"async\" class=\"alignnone  wp-image-2643\" src=\"https:\/\/eveniments.es\/wp-content\/uploads\/2020\/06\/Cremah2-copia.jpg\" alt=\"\" width=\"558\" height=\"372\"><img loading=\"lazy\" decoding=\"async\" class=\"alignnone  wp-image-2644\" src=\"https:\/\/eveniments.es\/wp-content\/uploads\/2020\/06\/Cremah-copia.jpg\" alt=\"\" width=\"560\" height=\"373\"><\/p>\n","protected":false},"excerpt":{"rendered":"<div class=\"mh-excerpt\"><\/div>","protected":false},"author":1,"featured_media":0,"parent":0,"menu_order":0,"comment_status":"closed","ping_status":"closed","template":"template-full.php","meta":{"footnotes":""},"class_list":["post-2641","page","type-page","status-publish","hentry"],"_links":{"self":[{"href":"https:\/\/eveniments.es\/home\/wp-json\/wp\/v2\/pages\/2641","targetHints":{"allow":["GET"]}}],"collection":[{"href":"https:\/\/eveniments.es\/home\/wp-json\/wp\/v2\/pages"}],"about":[{"href":"https:\/\/eveniments.es\/home\/wp-json\/wp\/v2\/types\/page"}],"author":[{"embeddable":true,"href":"https:\/\/eveniments.es\/home\/wp-json\/wp\/v2\/users\/1"}],"replies":[{"embeddable":true,"href":"https:\/\/eveniments.es\/home\/wp-json\/wp\/v2\/comments?post=2641"}],"version-history":[{"count":1,"href":"https:\/\/eveniments.es\/home\/wp-json\/wp\/v2\/pages\/2641\/revisions"}],"predecessor-version":[{"id":2645,"href":"https:\/\/eveniments.es\/home\/wp-json\/wp\/v2\/pages\/2641\/revisions\/2645"}],"wp:attachment":[{"href":"https:\/\/eveniments.es\/home\/wp-json\/wp\/v2\/media?parent=2641"}],"curies":[{"name":"wp","href":"https:\/\/api.w.org\/{rel}","templated":true}]}}