{"id":3303,"date":"2020-07-03T16:26:49","date_gmt":"2020-07-03T16:26:49","guid":{"rendered":"https:\/\/eveniments.es\/?page_id=3303"},"modified":"2020-07-06T14:22:09","modified_gmt":"2020-07-06T14:22:09","slug":"white-sensation","status":"publish","type":"page","link":"https:\/\/eveniments.es\/home\/white-sensation","title":{"rendered":"White Sensation"},"content":{"rendered":"\n<p>Nos trasladamos a Ibiza para transportar al espectador a las noches blancas y a la magia de los espect\u00e1culos que tienen lugar en la isla. <br>Una performance elegante, llena de glamour en la que el blanco ser\u00e1 el color predominante. Lentos y delicados movimientos mostrar\u00e1n la elegancia de nuestros personajes quienes actuar\u00e1n para crear una atm\u00f3sfera \u00fanica y hacer que sea una experiencia inolvidable. <br>Para ello contaremos con la Diosa en zancos, la Dama Barroca y varios bailarines que no solo actuar\u00e1n sino que interactuar\u00e1n con el p\u00fablico mostrando lo mejor de s\u00ed mismos. <br>VESTUARIOS: <br>La puesta en escena es muy elegante e impactante. <br>Todos los personajes van vestidos de blanco en una l\u00ednea muy barroca y recargada, siendo los grandes protagonistas los volantes, las plumas y los cristales de strass. <br>NOTA VESTUARIOS Las bailarinas que llevan vestuarios cortos, si lo desean bajo petici\u00f3n por escrito pueden llevar mallas o legging para ir completamente tapadas <br><img loading=\"lazy\" decoding=\"async\" class=\"alignnone wp-image-3305\" src=\"https:\/\/eveniments.es\/wp-content\/uploads\/2020\/07\/Dossier-Eveniments-white-sesion-300x209.jpg\" alt=\"\" width=\"1024\" height=\"712\" srcset=\"https:\/\/eveniments.es\/wp-content\/uploads\/2020\/07\/Dossier-Eveniments-white-sesion-300x209.jpg 300w, https:\/\/eveniments.es\/wp-content\/uploads\/2020\/07\/Dossier-Eveniments-white-sesion.jpg 644w\" sizes=\"auto, (max-width: 1024px) 100vw, 1024px\" \/><\/p>\n<p><img loading=\"lazy\" decoding=\"async\" class=\"alignnone wp-image-3304\" src=\"https:\/\/eveniments.es\/wp-content\/uploads\/2020\/07\/Dossier-Eveniments-white-sesion1-300x216.jpg\" alt=\"\" width=\"1024\" height=\"738\" srcset=\"https:\/\/eveniments.es\/wp-content\/uploads\/2020\/07\/Dossier-Eveniments-white-sesion1-300x216.jpg 300w, https:\/\/eveniments.es\/wp-content\/uploads\/2020\/07\/Dossier-Eveniments-white-sesion1.jpg 644w\" sizes=\"auto, (max-width: 1024px) 100vw, 1024px\" \/><\/p>\n<p>[pdf-embedder url=\u00bbhttps:\/\/eveniments.es\/wp-content\/uploads\/2020\/07\/Dossier-Eveniments-white-sesion.pdf\u00bb title=\u00bbDossier Eveniments white sesion\u00bb]<\/p>\n","protected":false},"excerpt":{"rendered":"<div class=\"mh-excerpt\"><\/div>","protected":false},"author":1,"featured_media":0,"parent":0,"menu_order":0,"comment_status":"closed","ping_status":"closed","template":"template-full.php","meta":{"footnotes":""},"class_list":["post-3303","page","type-page","status-publish","hentry"],"_links":{"self":[{"href":"https:\/\/eveniments.es\/home\/wp-json\/wp\/v2\/pages\/3303","targetHints":{"allow":["GET"]}}],"collection":[{"href":"https:\/\/eveniments.es\/home\/wp-json\/wp\/v2\/pages"}],"about":[{"href":"https:\/\/eveniments.es\/home\/wp-json\/wp\/v2\/types\/page"}],"author":[{"embeddable":true,"href":"https:\/\/eveniments.es\/home\/wp-json\/wp\/v2\/users\/1"}],"replies":[{"embeddable":true,"href":"https:\/\/eveniments.es\/home\/wp-json\/wp\/v2\/comments?post=3303"}],"version-history":[{"count":1,"href":"https:\/\/eveniments.es\/home\/wp-json\/wp\/v2\/pages\/3303\/revisions"}],"predecessor-version":[{"id":3307,"href":"https:\/\/eveniments.es\/home\/wp-json\/wp\/v2\/pages\/3303\/revisions\/3307"}],"wp:attachment":[{"href":"https:\/\/eveniments.es\/home\/wp-json\/wp\/v2\/media?parent=3303"}],"curies":[{"name":"wp","href":"https:\/\/api.w.org\/{rel}","templated":true}]}}