{"id":3527,"date":"2020-07-07T10:41:24","date_gmt":"2020-07-07T10:41:24","guid":{"rendered":"https:\/\/eveniments.es\/?page_id=3527"},"modified":"2020-07-15T12:43:51","modified_gmt":"2020-07-15T12:43:51","slug":"patruyasos-2","status":"publish","type":"page","link":"https:\/\/eveniments.es\/home\/patruyasos-2","title":{"rendered":"Patruyasos"},"content":{"rendered":"\n<p>Dos personajes exc\u00e9ntricos crear\u00e1n mundos de fantas\u00eda, risas, sorpresa, ternura y fuerza. Puro juego a trav\u00e9s de un lenguaje sencillo, transparente y directo. Se adentrar\u00e1n en un mundo desordenado que encontrar\u00e1 sentido a trav\u00e9s de juegos de malabares y magia c\u00f3mica. <br>Patrusayos es diversi\u00f3n, sorpresa, ternura\u2026\u2026\u2026\u2026\u2026\u2026\u2026..<\/p>\n<p>Duraci\u00f3n : 2 horas <br>Formaci\u00f3n: 2-12 personajes<\/p>\n<p>[pdf-embedder url=\u00bbhttps:\/\/eveniments.es\/wp-content\/uploads\/2020\/07\/Patruyasos.pdf\u00bb]<\/p>\n","protected":false},"excerpt":{"rendered":"<div class=\"mh-excerpt\"><\/div>","protected":false},"author":1,"featured_media":0,"parent":0,"menu_order":0,"comment_status":"closed","ping_status":"closed","template":"template-full.php","meta":{"footnotes":""},"class_list":["post-3527","page","type-page","status-publish","hentry"],"_links":{"self":[{"href":"https:\/\/eveniments.es\/home\/wp-json\/wp\/v2\/pages\/3527","targetHints":{"allow":["GET"]}}],"collection":[{"href":"https:\/\/eveniments.es\/home\/wp-json\/wp\/v2\/pages"}],"about":[{"href":"https:\/\/eveniments.es\/home\/wp-json\/wp\/v2\/types\/page"}],"author":[{"embeddable":true,"href":"https:\/\/eveniments.es\/home\/wp-json\/wp\/v2\/users\/1"}],"replies":[{"embeddable":true,"href":"https:\/\/eveniments.es\/home\/wp-json\/wp\/v2\/comments?post=3527"}],"version-history":[{"count":1,"href":"https:\/\/eveniments.es\/home\/wp-json\/wp\/v2\/pages\/3527\/revisions"}],"predecessor-version":[{"id":3529,"href":"https:\/\/eveniments.es\/home\/wp-json\/wp\/v2\/pages\/3527\/revisions\/3529"}],"wp:attachment":[{"href":"https:\/\/eveniments.es\/home\/wp-json\/wp\/v2\/media?parent=3527"}],"curies":[{"name":"wp","href":"https:\/\/api.w.org\/{rel}","templated":true}]}}