{"id":3632,"date":"2020-07-15T12:21:34","date_gmt":"2020-07-15T12:21:34","guid":{"rendered":"https:\/\/eveniments.es\/?page_id=3632"},"modified":"2020-07-15T12:40:52","modified_gmt":"2020-07-15T12:40:52","slug":"hula-hoop-sobre-bola","status":"publish","type":"page","link":"https:\/\/eveniments.es\/home\/hula-hoop-sobre-bola","title":{"rendered":"Hula Hoop sobre bola"},"content":{"rendered":"\n<p>HULA HOOP SOBRE BOLA Y ACORDE\u00d3N <br>El dominio del equilibrio de esta artista no deja a nadie indiferente. El circo desde sus principios ha contado con el show de equilibrio sobre una bola. Hasta aqu\u00ed nada del otro mundo. Pero a esta incre\u00edble artista le encanta rizar el rizo y ha creado varios n\u00fameros en los que combina show de Hula Hoops sobre la bola y por si esto no fuera suficiente lo combina tocando a su vez el acorde\u00f3n. <br>La arias cuenta con un show de humor a d\u00fao en el que introduce los elementos mencionados anteriormente. <br><img loading=\"lazy\" decoding=\"async\" class=\"alignnone wp-image-3636\" src=\"https:\/\/eveniments.es\/wp-content\/uploads\/2020\/07\/hula-hoop-bola-3-1-286x300.jpg\" alt=\"\" width=\"1024\" height=\"1073\" srcset=\"https:\/\/eveniments.es\/wp-content\/uploads\/2020\/07\/hula-hoop-bola-3-1-286x300.jpg 286w, https:\/\/eveniments.es\/wp-content\/uploads\/2020\/07\/hula-hoop-bola-3-1-977x1024.jpg 977w, https:\/\/eveniments.es\/wp-content\/uploads\/2020\/07\/hula-hoop-bola-3-1-768x805.jpg 768w, https:\/\/eveniments.es\/wp-content\/uploads\/2020\/07\/hula-hoop-bola-3-1.jpg 1416w\" sizes=\"auto, (max-width: 1024px) 100vw, 1024px\" \/><img loading=\"lazy\" decoding=\"async\" class=\"alignnone wp-image-3637\" src=\"https:\/\/eveniments.es\/wp-content\/uploads\/2020\/07\/hula-hoop-bola-1-197x300.jpg\" alt=\"\" width=\"1024\" height=\"1563\" srcset=\"https:\/\/eveniments.es\/wp-content\/uploads\/2020\/07\/hula-hoop-bola-1-197x300.jpg 197w, https:\/\/eveniments.es\/wp-content\/uploads\/2020\/07\/hula-hoop-bola-1-671x1024.jpg 671w, https:\/\/eveniments.es\/wp-content\/uploads\/2020\/07\/hula-hoop-bola-1-768x1173.jpg 768w, https:\/\/eveniments.es\/wp-content\/uploads\/2020\/07\/hula-hoop-bola-1-1006x1536.jpg 1006w, https:\/\/eveniments.es\/wp-content\/uploads\/2020\/07\/hula-hoop-bola-1-1341x2048.jpg 1341w, https:\/\/eveniments.es\/wp-content\/uploads\/2020\/07\/hula-hoop-bola-1.jpg 1348w\" sizes=\"auto, (max-width: 1024px) 100vw, 1024px\" \/><img loading=\"lazy\" decoding=\"async\" class=\"alignnone wp-image-3638\" src=\"https:\/\/eveniments.es\/wp-content\/uploads\/2020\/07\/hula-hoop-bola4-1-168x300.jpg\" alt=\"\" width=\"1024\" height=\"1828\" srcset=\"https:\/\/eveniments.es\/wp-content\/uploads\/2020\/07\/hula-hoop-bola4-1-168x300.jpg 168w, https:\/\/eveniments.es\/wp-content\/uploads\/2020\/07\/hula-hoop-bola4-1-574x1024.jpg 574w, https:\/\/eveniments.es\/wp-content\/uploads\/2020\/07\/hula-hoop-bola4-1-768x1371.jpg 768w, https:\/\/eveniments.es\/wp-content\/uploads\/2020\/07\/hula-hoop-bola4-1-860x1536.jpg 860w, https:\/\/eveniments.es\/wp-content\/uploads\/2020\/07\/hula-hoop-bola4-1.jpg 936w\" sizes=\"auto, (max-width: 1024px) 100vw, 1024px\" \/><img loading=\"lazy\" decoding=\"async\" class=\"alignnone wp-image-3639\" src=\"https:\/\/eveniments.es\/wp-content\/uploads\/2020\/07\/hula-hop-bola2-238x300.jpg\" alt=\"\" width=\"1024\" height=\"1290\" srcset=\"https:\/\/eveniments.es\/wp-content\/uploads\/2020\/07\/hula-hop-bola2-238x300.jpg 238w, https:\/\/eveniments.es\/wp-content\/uploads\/2020\/07\/hula-hop-bola2-813x1024.jpg 813w, https:\/\/eveniments.es\/wp-content\/uploads\/2020\/07\/hula-hop-bola2-768x967.jpg 768w, https:\/\/eveniments.es\/wp-content\/uploads\/2020\/07\/hula-hop-bola2-1220x1536.jpg 1220w, https:\/\/eveniments.es\/wp-content\/uploads\/2020\/07\/hula-hop-bola2.jpg 1342w\" sizes=\"auto, (max-width: 1024px) 100vw, 1024px\" \/><\/p>\n<p><iframe loading=\"lazy\" title=\"SHOW HULA HOOP &amp; ACORDEON LADY FANTASY\" width=\"500\" height=\"281\" src=\"https:\/\/www.youtube.com\/embed\/eVg-UJ25_bU?feature=oembed\" frameborder=\"0\" allow=\"accelerometer; autoplay; clipboard-write; encrypted-media; gyroscope; picture-in-picture; web-share\" referrerpolicy=\"strict-origin-when-cross-origin\" allowfullscreen><\/iframe><\/p>\n","protected":false},"excerpt":{"rendered":"<div class=\"mh-excerpt\"><\/div>","protected":false},"author":1,"featured_media":0,"parent":0,"menu_order":0,"comment_status":"closed","ping_status":"closed","template":"template-full.php","meta":{"footnotes":""},"class_list":["post-3632","page","type-page","status-publish","hentry"],"_links":{"self":[{"href":"https:\/\/eveniments.es\/home\/wp-json\/wp\/v2\/pages\/3632","targetHints":{"allow":["GET"]}}],"collection":[{"href":"https:\/\/eveniments.es\/home\/wp-json\/wp\/v2\/pages"}],"about":[{"href":"https:\/\/eveniments.es\/home\/wp-json\/wp\/v2\/types\/page"}],"author":[{"embeddable":true,"href":"https:\/\/eveniments.es\/home\/wp-json\/wp\/v2\/users\/1"}],"replies":[{"embeddable":true,"href":"https:\/\/eveniments.es\/home\/wp-json\/wp\/v2\/comments?post=3632"}],"version-history":[{"count":1,"href":"https:\/\/eveniments.es\/home\/wp-json\/wp\/v2\/pages\/3632\/revisions"}],"predecessor-version":[{"id":3640,"href":"https:\/\/eveniments.es\/home\/wp-json\/wp\/v2\/pages\/3632\/revisions\/3640"}],"wp:attachment":[{"href":"https:\/\/eveniments.es\/home\/wp-json\/wp\/v2\/media?parent=3632"}],"curies":[{"name":"wp","href":"https:\/\/api.w.org\/{rel}","templated":true}]}}