{"id":3655,"date":"2020-07-16T09:26:07","date_gmt":"2020-07-16T09:26:07","guid":{"rendered":"https:\/\/eveniments.es\/?page_id=3655"},"modified":"2020-07-16T09:26:08","modified_gmt":"2020-07-16T09:26:08","slug":"sirenas","status":"publish","type":"page","link":"https:\/\/eveniments.es\/home\/sirenas","title":{"rendered":"Sirenas"},"content":{"rendered":"\n<p>Las sirenas son uno de los seres mas entra\u00f1ables con el que todos hemos so\u00f1ado. Por ello adaptamos distintos shows tanto en agua como a\u00e9reos para crear una puesta en escena m\u00e1gica y \u00fanica.<\/p>\n<p><img loading=\"lazy\" decoding=\"async\" class=\"alignnone wp-image-3656\" src=\"https:\/\/eveniments.es\/wp-content\/uploads\/2020\/07\/sirenas-3-300x199.jpg\" alt=\"\" width=\"1024\" height=\"680\" srcset=\"https:\/\/eveniments.es\/wp-content\/uploads\/2020\/07\/sirenas-3-300x199.jpg 300w, https:\/\/eveniments.es\/wp-content\/uploads\/2020\/07\/sirenas-3.jpg 634w\" sizes=\"auto, (max-width: 1024px) 100vw, 1024px\" \/><img loading=\"lazy\" decoding=\"async\" class=\"alignnone wp-image-3657\" src=\"https:\/\/eveniments.es\/wp-content\/uploads\/2020\/07\/sirenas1-300x217.jpg\" alt=\"\" width=\"1024\" height=\"740\" srcset=\"https:\/\/eveniments.es\/wp-content\/uploads\/2020\/07\/sirenas1-300x217.jpg 300w, https:\/\/eveniments.es\/wp-content\/uploads\/2020\/07\/sirenas1.jpg 650w\" sizes=\"auto, (max-width: 1024px) 100vw, 1024px\" \/><img loading=\"lazy\" decoding=\"async\" class=\"alignnone wp-image-3658\" src=\"https:\/\/eveniments.es\/wp-content\/uploads\/2020\/07\/sirenas-300x201.jpg\" alt=\"\" width=\"1024\" height=\"687\" srcset=\"https:\/\/eveniments.es\/wp-content\/uploads\/2020\/07\/sirenas-300x201.jpg 300w, https:\/\/eveniments.es\/wp-content\/uploads\/2020\/07\/sirenas.jpg 596w\" sizes=\"auto, (max-width: 1024px) 100vw, 1024px\" \/><\/p>\n","protected":false},"excerpt":{"rendered":"<div class=\"mh-excerpt\"><\/div>","protected":false},"author":1,"featured_media":0,"parent":0,"menu_order":0,"comment_status":"closed","ping_status":"closed","template":"template-full.php","meta":{"footnotes":""},"class_list":["post-3655","page","type-page","status-publish","hentry"],"_links":{"self":[{"href":"https:\/\/eveniments.es\/home\/wp-json\/wp\/v2\/pages\/3655","targetHints":{"allow":["GET"]}}],"collection":[{"href":"https:\/\/eveniments.es\/home\/wp-json\/wp\/v2\/pages"}],"about":[{"href":"https:\/\/eveniments.es\/home\/wp-json\/wp\/v2\/types\/page"}],"author":[{"embeddable":true,"href":"https:\/\/eveniments.es\/home\/wp-json\/wp\/v2\/users\/1"}],"replies":[{"embeddable":true,"href":"https:\/\/eveniments.es\/home\/wp-json\/wp\/v2\/comments?post=3655"}],"version-history":[{"count":1,"href":"https:\/\/eveniments.es\/home\/wp-json\/wp\/v2\/pages\/3655\/revisions"}],"predecessor-version":[{"id":3659,"href":"https:\/\/eveniments.es\/home\/wp-json\/wp\/v2\/pages\/3655\/revisions\/3659"}],"wp:attachment":[{"href":"https:\/\/eveniments.es\/home\/wp-json\/wp\/v2\/media?parent=3655"}],"curies":[{"name":"wp","href":"https:\/\/api.w.org\/{rel}","templated":true}]}}