{"id":3679,"date":"2020-07-16T10:18:45","date_gmt":"2020-07-16T10:18:45","guid":{"rendered":"https:\/\/eveniments.es\/?page_id=3679"},"modified":"2020-07-16T10:50:25","modified_gmt":"2020-07-16T10:50:25","slug":"essencia","status":"publish","type":"page","link":"https:\/\/eveniments.es\/home\/essencia","title":{"rendered":"ESSENCIA"},"content":{"rendered":"\n<p>Espect\u00e1culo de animaci\u00f3n con diferentes disciplinas. Estas performances se caracterizan por realizar pases coros , que puede ocurrir en cualquier lugar y se involucran de una manera muy directa al artista con el publico. <br>Un espect\u00e1culo lleno energ\u00eda donde la fuerza de la m\u00fasica y la calidad de movimientos ser\u00e1n los protagonistas. El n\u00facleo central ser\u00e1 una espectacular coreograf\u00eda acrob\u00e1tica, con acrosport (figuras humanas), banquinas y acrobacia de suelo. La dificultad t\u00e9cnica del deporte de alta competici\u00f3n y la b\u00fasqueda de una est\u00e9tica innovadora tanto en vestuario como en movimientos har\u00e1n una fusi\u00f3n impactante y ser\u00e1n capaces de sorprender en cualquier tipo de evento.<\/p>\n<p><img loading=\"lazy\" decoding=\"async\" class=\"alignnone wp-image-3680\" src=\"https:\/\/eveniments.es\/wp-content\/uploads\/2020\/07\/esencia1-300x217.jpg\" alt=\"\" width=\"1024\" height=\"740\" srcset=\"https:\/\/eveniments.es\/wp-content\/uploads\/2020\/07\/esencia1-300x217.jpg 300w, https:\/\/eveniments.es\/wp-content\/uploads\/2020\/07\/esencia1-768x555.jpg 768w, https:\/\/eveniments.es\/wp-content\/uploads\/2020\/07\/esencia1.jpg 996w\" sizes=\"auto, (max-width: 1024px) 100vw, 1024px\" \/><img loading=\"lazy\" decoding=\"async\" class=\"alignnone wp-image-3681 size-large\" src=\"https:\/\/eveniments.es\/wp-content\/uploads\/2020\/07\/esencia-1024x633.jpg\" alt=\"\" width=\"1024\" height=\"633\" srcset=\"https:\/\/eveniments.es\/wp-content\/uploads\/2020\/07\/esencia-1024x633.jpg 1024w, https:\/\/eveniments.es\/wp-content\/uploads\/2020\/07\/esencia-300x186.jpg 300w, https:\/\/eveniments.es\/wp-content\/uploads\/2020\/07\/esencia-768x475.jpg 768w, https:\/\/eveniments.es\/wp-content\/uploads\/2020\/07\/esencia-1536x950.jpg 1536w, https:\/\/eveniments.es\/wp-content\/uploads\/2020\/07\/esencia.jpg 1591w\" sizes=\"auto, (max-width: 1024px) 100vw, 1024px\" \/><\/p>\n","protected":false},"excerpt":{"rendered":"<div class=\"mh-excerpt\"><\/div>","protected":false},"author":1,"featured_media":0,"parent":0,"menu_order":0,"comment_status":"closed","ping_status":"closed","template":"template-full.php","meta":{"footnotes":""},"class_list":["post-3679","page","type-page","status-publish","hentry"],"_links":{"self":[{"href":"https:\/\/eveniments.es\/home\/wp-json\/wp\/v2\/pages\/3679","targetHints":{"allow":["GET"]}}],"collection":[{"href":"https:\/\/eveniments.es\/home\/wp-json\/wp\/v2\/pages"}],"about":[{"href":"https:\/\/eveniments.es\/home\/wp-json\/wp\/v2\/types\/page"}],"author":[{"embeddable":true,"href":"https:\/\/eveniments.es\/home\/wp-json\/wp\/v2\/users\/1"}],"replies":[{"embeddable":true,"href":"https:\/\/eveniments.es\/home\/wp-json\/wp\/v2\/comments?post=3679"}],"version-history":[{"count":2,"href":"https:\/\/eveniments.es\/home\/wp-json\/wp\/v2\/pages\/3679\/revisions"}],"predecessor-version":[{"id":3684,"href":"https:\/\/eveniments.es\/home\/wp-json\/wp\/v2\/pages\/3679\/revisions\/3684"}],"wp:attachment":[{"href":"https:\/\/eveniments.es\/home\/wp-json\/wp\/v2\/media?parent=3679"}],"curies":[{"name":"wp","href":"https:\/\/api.w.org\/{rel}","templated":true}]}}