{"id":3742,"date":"2020-07-17T08:39:28","date_gmt":"2020-07-17T08:39:28","guid":{"rendered":"https:\/\/eveniments.es\/?page_id=3742"},"modified":"2020-07-17T08:39:29","modified_gmt":"2020-07-17T08:39:29","slug":"pintura-realidad-virtual","status":"publish","type":"page","link":"https:\/\/eveniments.es\/home\/pintura-realidad-virtual","title":{"rendered":"Pintura Realidad Virtual"},"content":{"rendered":"\n<p>Gracias a esta herramienta, el mundo virtual ser\u00e1 su estudio de pintura y el aire, su lienzo., El pintor se adentrar\u00e1 en un espacio tridimensional donde puede dibujar lo que desee y interactuar con los trazos creados. <br>Esta tecnolog\u00eda nos permite dibujar a escala utilizando un entorno tridimensional inmersivo que intenta ser lo m\u00e1s intuitivo posible. Con \u00e9l podremos ver nuestra obra desde cualquier \u00e1ngulo o caminar por su interior. <br>Utilizaremos unos controladores para poder mover de un lado del dibujo y elegir el tipo de paleta que queremos utilizar. <br>Podremos hacer y deshacer, elegir diferentes tipos pinceles y brochas din\u00e1micas con efectos, y utilizar una completa paleta de colores. <br>Tambi\u00e9n tendremos la posibilidad de cambiar el fondo de pantalla en busca de una ambientaci\u00f3n que nos inspire o quede bien con nuestro dibujo, y una vez hayamos terminado podremos sacarle una foto desde cualquier \u00e1ngulo o distancia para mostrar la obra al completo o s\u00f3lo un fragmento.<\/p>\n<p><img loading=\"lazy\" decoding=\"async\" class=\"alignnone wp-image-3743 size-large\" src=\"https:\/\/eveniments.es\/wp-content\/uploads\/2020\/07\/pintura-realidad-virtaul3-1024x495.jpg\" alt=\"\" width=\"1024\" height=\"495\" srcset=\"https:\/\/eveniments.es\/wp-content\/uploads\/2020\/07\/pintura-realidad-virtaul3-1024x495.jpg 1024w, https:\/\/eveniments.es\/wp-content\/uploads\/2020\/07\/pintura-realidad-virtaul3-300x145.jpg 300w, https:\/\/eveniments.es\/wp-content\/uploads\/2020\/07\/pintura-realidad-virtaul3-768x371.jpg 768w, https:\/\/eveniments.es\/wp-content\/uploads\/2020\/07\/pintura-realidad-virtaul3.jpg 1476w\" sizes=\"auto, (max-width: 1024px) 100vw, 1024px\" \/><img loading=\"lazy\" decoding=\"async\" class=\"alignnone wp-image-3744 size-large\" src=\"https:\/\/eveniments.es\/wp-content\/uploads\/2020\/07\/pintura-realidad-virtual1-1024x529.jpg\" alt=\"\" width=\"1024\" height=\"529\" srcset=\"https:\/\/eveniments.es\/wp-content\/uploads\/2020\/07\/pintura-realidad-virtual1-1024x529.jpg 1024w, https:\/\/eveniments.es\/wp-content\/uploads\/2020\/07\/pintura-realidad-virtual1-300x155.jpg 300w, https:\/\/eveniments.es\/wp-content\/uploads\/2020\/07\/pintura-realidad-virtual1-768x397.jpg 768w, https:\/\/eveniments.es\/wp-content\/uploads\/2020\/07\/pintura-realidad-virtual1-1536x794.jpg 1536w, https:\/\/eveniments.es\/wp-content\/uploads\/2020\/07\/pintura-realidad-virtual1.jpg 1706w\" sizes=\"auto, (max-width: 1024px) 100vw, 1024px\" \/><img loading=\"lazy\" decoding=\"async\" class=\"alignnone wp-image-3745 size-large\" src=\"https:\/\/eveniments.es\/wp-content\/uploads\/2020\/07\/pintura-realidad-virtual-1024x531.jpg\" alt=\"\" width=\"1024\" height=\"531\" srcset=\"https:\/\/eveniments.es\/wp-content\/uploads\/2020\/07\/pintura-realidad-virtual-1024x531.jpg 1024w, https:\/\/eveniments.es\/wp-content\/uploads\/2020\/07\/pintura-realidad-virtual-300x155.jpg 300w, https:\/\/eveniments.es\/wp-content\/uploads\/2020\/07\/pintura-realidad-virtual-768x398.jpg 768w, https:\/\/eveniments.es\/wp-content\/uploads\/2020\/07\/pintura-realidad-virtual-1536x796.jpg 1536w, https:\/\/eveniments.es\/wp-content\/uploads\/2020\/07\/pintura-realidad-virtual.jpg 1652w\" sizes=\"auto, (max-width: 1024px) 100vw, 1024px\" \/><\/p>\n","protected":false},"excerpt":{"rendered":"<div class=\"mh-excerpt\"><\/div>","protected":false},"author":1,"featured_media":0,"parent":0,"menu_order":0,"comment_status":"closed","ping_status":"closed","template":"template-full.php","meta":{"footnotes":""},"class_list":["post-3742","page","type-page","status-publish","hentry"],"_links":{"self":[{"href":"https:\/\/eveniments.es\/home\/wp-json\/wp\/v2\/pages\/3742","targetHints":{"allow":["GET"]}}],"collection":[{"href":"https:\/\/eveniments.es\/home\/wp-json\/wp\/v2\/pages"}],"about":[{"href":"https:\/\/eveniments.es\/home\/wp-json\/wp\/v2\/types\/page"}],"author":[{"embeddable":true,"href":"https:\/\/eveniments.es\/home\/wp-json\/wp\/v2\/users\/1"}],"replies":[{"embeddable":true,"href":"https:\/\/eveniments.es\/home\/wp-json\/wp\/v2\/comments?post=3742"}],"version-history":[{"count":1,"href":"https:\/\/eveniments.es\/home\/wp-json\/wp\/v2\/pages\/3742\/revisions"}],"predecessor-version":[{"id":3746,"href":"https:\/\/eveniments.es\/home\/wp-json\/wp\/v2\/pages\/3742\/revisions\/3746"}],"wp:attachment":[{"href":"https:\/\/eveniments.es\/home\/wp-json\/wp\/v2\/media?parent=3742"}],"curies":[{"name":"wp","href":"https:\/\/api.w.org\/{rel}","templated":true}]}}