{"id":3783,"date":"2020-07-17T10:39:41","date_gmt":"2020-07-17T10:39:41","guid":{"rendered":"https:\/\/eveniments.es\/?page_id=3783"},"modified":"2023-05-16T10:40:03","modified_gmt":"2023-05-16T10:40:03","slug":"cover-dance-saxo","status":"publish","type":"page","link":"https:\/\/eveniments.es\/home\/cover-dance-saxo","title":{"rendered":"Cover Dance Saxo"},"content":{"rendered":"\n<p>Por m\u00e9ritos propios es considerado como uno de los mejores saxos. Ha trabajado por casi todo el pa\u00eds tanto como solista como en orquestas y grupos de m\u00fasica. Su show es casi \u00fanico, haciendo de speaker all\u00e1 donde lo requieren.<\/p>\n<p><img loading=\"lazy\" decoding=\"async\" class=\"alignnone wp-image-3790\" src=\"https:\/\/eveniments.es\/wp-content\/uploads\/2020\/07\/saxo-laser-3-265x300.jpg\" alt=\"\" width=\"1024\" height=\"1159\" srcset=\"https:\/\/eveniments.es\/wp-content\/uploads\/2020\/07\/saxo-laser-3-265x300.jpg 265w, https:\/\/eveniments.es\/wp-content\/uploads\/2020\/07\/saxo-laser-3.jpg 530w\" sizes=\"auto, (max-width: 1024px) 100vw, 1024px\" \/><img loading=\"lazy\" decoding=\"async\" class=\"alignnone wp-image-3793\" src=\"https:\/\/eveniments.es\/wp-content\/uploads\/2020\/07\/saxo-300x167.jpg\" alt=\"\" width=\"1024\" height=\"571\" srcset=\"https:\/\/eveniments.es\/wp-content\/uploads\/2020\/07\/saxo-300x167.jpg 300w, https:\/\/eveniments.es\/wp-content\/uploads\/2020\/07\/saxo-768x429.jpg 768w, https:\/\/eveniments.es\/wp-content\/uploads\/2020\/07\/saxo.jpg 880w\" sizes=\"auto, (max-width: 1024px) 100vw, 1024px\" \/><\/p>\n<p><iframe loading=\"lazy\" title=\"Saxo Covers\" width=\"500\" height=\"281\" src=\"https:\/\/www.youtube.com\/embed\/FdOSWMJ-xMg?feature=oembed\" frameborder=\"0\" allow=\"accelerometer; autoplay; clipboard-write; encrypted-media; gyroscope; picture-in-picture; web-share\" referrerpolicy=\"strict-origin-when-cross-origin\" allowfullscreen><\/iframe><\/p>\n","protected":false},"excerpt":{"rendered":"<div class=\"mh-excerpt\"><\/div>","protected":false},"author":1,"featured_media":0,"parent":0,"menu_order":0,"comment_status":"closed","ping_status":"closed","template":"template-full.php","meta":{"footnotes":""},"class_list":["post-3783","page","type-page","status-publish","hentry"],"_links":{"self":[{"href":"https:\/\/eveniments.es\/home\/wp-json\/wp\/v2\/pages\/3783","targetHints":{"allow":["GET"]}}],"collection":[{"href":"https:\/\/eveniments.es\/home\/wp-json\/wp\/v2\/pages"}],"about":[{"href":"https:\/\/eveniments.es\/home\/wp-json\/wp\/v2\/types\/page"}],"author":[{"embeddable":true,"href":"https:\/\/eveniments.es\/home\/wp-json\/wp\/v2\/users\/1"}],"replies":[{"embeddable":true,"href":"https:\/\/eveniments.es\/home\/wp-json\/wp\/v2\/comments?post=3783"}],"version-history":[{"count":5,"href":"https:\/\/eveniments.es\/home\/wp-json\/wp\/v2\/pages\/3783\/revisions"}],"predecessor-version":[{"id":5021,"href":"https:\/\/eveniments.es\/home\/wp-json\/wp\/v2\/pages\/3783\/revisions\/5021"}],"wp:attachment":[{"href":"https:\/\/eveniments.es\/home\/wp-json\/wp\/v2\/media?parent=3783"}],"curies":[{"name":"wp","href":"https:\/\/api.w.org\/{rel}","templated":true}]}}