{"id":3915,"date":"2020-07-21T13:49:55","date_gmt":"2020-07-21T13:49:55","guid":{"rendered":"https:\/\/eveniments.es\/?page_id=3915"},"modified":"2020-07-21T13:52:14","modified_gmt":"2020-07-21T13:52:14","slug":"champagne-aereo","status":"publish","type":"page","link":"https:\/\/eveniments.es\/home\/champagne-aereo","title":{"rendered":"Champagne A\u00e9reo"},"content":{"rendered":"\n<p>Profesionales en espect\u00e1culos a\u00e9reos, proponemos esta animaci\u00f3n original que consiste en servir una copa de Champagne desde el aire. Al estilo de un hada de Champagne, nuestra artista distribuye con delicadeza la preciosa bebida desde cualquier soporte adaptado al evento.<\/p>\n<p><img loading=\"lazy\" decoding=\"async\" class=\"alignnone wp-image-3916\" src=\"https:\/\/eveniments.es\/wp-content\/uploads\/2020\/07\/Champagne-aereo-300x200.jpg\" alt=\"\" width=\"1024\" height=\"683\" srcset=\"https:\/\/eveniments.es\/wp-content\/uploads\/2020\/07\/Champagne-aereo-300x200.jpg 300w, https:\/\/eveniments.es\/wp-content\/uploads\/2020\/07\/Champagne-aereo.jpg 717w\" sizes=\"auto, (max-width: 1024px) 100vw, 1024px\" \/><img loading=\"lazy\" decoding=\"async\" class=\"alignnone wp-image-3917\" src=\"https:\/\/eveniments.es\/wp-content\/uploads\/2020\/07\/Champagne-aereo1-300x201.jpg\" alt=\"\" width=\"1024\" height=\"686\" srcset=\"https:\/\/eveniments.es\/wp-content\/uploads\/2020\/07\/Champagne-aereo1-300x201.jpg 300w, https:\/\/eveniments.es\/wp-content\/uploads\/2020\/07\/Champagne-aereo1.jpg 666w\" sizes=\"auto, (max-width: 1024px) 100vw, 1024px\" \/><\/p>\n","protected":false},"excerpt":{"rendered":"<div class=\"mh-excerpt\"><\/div>","protected":false},"author":1,"featured_media":0,"parent":0,"menu_order":0,"comment_status":"closed","ping_status":"closed","template":"template-full.php","meta":{"footnotes":""},"class_list":["post-3915","page","type-page","status-publish","hentry"],"_links":{"self":[{"href":"https:\/\/eveniments.es\/home\/wp-json\/wp\/v2\/pages\/3915","targetHints":{"allow":["GET"]}}],"collection":[{"href":"https:\/\/eveniments.es\/home\/wp-json\/wp\/v2\/pages"}],"about":[{"href":"https:\/\/eveniments.es\/home\/wp-json\/wp\/v2\/types\/page"}],"author":[{"embeddable":true,"href":"https:\/\/eveniments.es\/home\/wp-json\/wp\/v2\/users\/1"}],"replies":[{"embeddable":true,"href":"https:\/\/eveniments.es\/home\/wp-json\/wp\/v2\/comments?post=3915"}],"version-history":[{"count":1,"href":"https:\/\/eveniments.es\/home\/wp-json\/wp\/v2\/pages\/3915\/revisions"}],"predecessor-version":[{"id":3918,"href":"https:\/\/eveniments.es\/home\/wp-json\/wp\/v2\/pages\/3915\/revisions\/3918"}],"wp:attachment":[{"href":"https:\/\/eveniments.es\/home\/wp-json\/wp\/v2\/media?parent=3915"}],"curies":[{"name":"wp","href":"https:\/\/api.w.org\/{rel}","templated":true}]}}