{"id":3988,"date":"2020-07-21T15:03:03","date_gmt":"2020-07-21T15:03:03","guid":{"rendered":"https:\/\/eveniments.es\/?page_id=3988"},"modified":"2023-05-16T10:43:31","modified_gmt":"2023-05-16T10:43:31","slug":"laser-flamenco","status":"publish","type":"page","link":"https:\/\/eveniments.es\/home\/laser-flamenco","title":{"rendered":"L\u00e1ser Flamenco"},"content":{"rendered":"\n<p>El show l\u00e1ser y el baile espa\u00f1ol se unen para crear Lasermenco. Una combinaci\u00f3n de m\u00fasica espa\u00f1ola, baile y luces. Los bailarines realizaran una exquisita coreograf\u00eda flamenca al son de los destellos coloridos del l\u00e1ser.<\/p>\n<p><img loading=\"lazy\" decoding=\"async\" class=\"alignnone wp-image-3989 size-large\" src=\"https:\/\/eveniments.es\/wp-content\/uploads\/2020\/07\/Dossier-Crearte-events-V9-1-9-1024x585.jpg\" alt=\"\" width=\"1024\" height=\"585\" srcset=\"https:\/\/eveniments.es\/wp-content\/uploads\/2020\/07\/Dossier-Crearte-events-V9-1-9-1024x585.jpg 1024w, https:\/\/eveniments.es\/wp-content\/uploads\/2020\/07\/Dossier-Crearte-events-V9-1-9-300x171.jpg 300w, https:\/\/eveniments.es\/wp-content\/uploads\/2020\/07\/Dossier-Crearte-events-V9-1-9-768x439.jpg 768w, https:\/\/eveniments.es\/wp-content\/uploads\/2020\/07\/Dossier-Crearte-events-V9-1-9-1536x878.jpg 1536w, https:\/\/eveniments.es\/wp-content\/uploads\/2020\/07\/Dossier-Crearte-events-V9-1-9.jpg 1645w\" sizes=\"auto, (max-width: 1024px) 100vw, 1024px\" \/><\/p>\n<p><iframe loading=\"lazy\" src=\"\/\/www.youtube.com\/embed\/aDmAgMmFxXI\" width=\"560\" height=\"314\" allowfullscreen=\"allowfullscreen\"><\/iframe><\/p>\n","protected":false},"excerpt":{"rendered":"<div class=\"mh-excerpt\"><\/div>","protected":false},"author":1,"featured_media":0,"parent":0,"menu_order":0,"comment_status":"closed","ping_status":"closed","template":"template-full.php","meta":{"footnotes":""},"class_list":["post-3988","page","type-page","status-publish","hentry"],"_links":{"self":[{"href":"https:\/\/eveniments.es\/home\/wp-json\/wp\/v2\/pages\/3988","targetHints":{"allow":["GET"]}}],"collection":[{"href":"https:\/\/eveniments.es\/home\/wp-json\/wp\/v2\/pages"}],"about":[{"href":"https:\/\/eveniments.es\/home\/wp-json\/wp\/v2\/types\/page"}],"author":[{"embeddable":true,"href":"https:\/\/eveniments.es\/home\/wp-json\/wp\/v2\/users\/1"}],"replies":[{"embeddable":true,"href":"https:\/\/eveniments.es\/home\/wp-json\/wp\/v2\/comments?post=3988"}],"version-history":[{"count":3,"href":"https:\/\/eveniments.es\/home\/wp-json\/wp\/v2\/pages\/3988\/revisions"}],"predecessor-version":[{"id":5024,"href":"https:\/\/eveniments.es\/home\/wp-json\/wp\/v2\/pages\/3988\/revisions\/5024"}],"wp:attachment":[{"href":"https:\/\/eveniments.es\/home\/wp-json\/wp\/v2\/media?parent=3988"}],"curies":[{"name":"wp","href":"https:\/\/api.w.org\/{rel}","templated":true}]}}

Láser Flamenco

<p>El show láser y el baile español se unen para crear Lasermenco. Una combinación de música española, baile y luces. Los bailarines realizaran una exquisita coreografía flamenca al son de los destellos coloridos del láser.</p>
<p><img loading="lazy" decoding="async" class="alignnone wp-image-3989 size-large" src="https://eveniments.es/wp-content/uploads/2020/07/Dossier-Crearte-events-V9-1-9-1024x585.jpg" alt="" width="1024" height="585" srcset="https://eveniments.es/wp-content/uploads/2020/07/Dossier-Crearte-events-V9-1-9-1024x585.jpg 1024w, https://eveniments.es/wp-content/uploads/2020/07/Dossier-Crearte-events-V9-1-9-300x171.jpg 300w, https://eveniments.es/wp-content/uploads/2020/07/Dossier-Crearte-events-V9-1-9-768x439.jpg 768w, https://eveniments.es/wp-content/uploads/2020/07/Dossier-Crearte-events-V9-1-9-1536x878.jpg 1536w, https://eveniments.es/wp-content/uploads/2020/07/Dossier-Crearte-events-V9-1-9.jpg 1645w" sizes="auto, (max-width: 1024px) 100vw, 1024px" /></p>
<p><iframe loading="lazy" src="//www.youtube.com/embed/aDmAgMmFxXI" width="560" height="314" allowfullscreen="allowfullscreen"></iframe></p>
