{"id":4128,"date":"2020-07-22T05:27:37","date_gmt":"2020-07-22T05:27:37","guid":{"rendered":"https:\/\/eveniments.es\/?page_id=4128"},"modified":"2020-07-22T05:27:38","modified_gmt":"2020-07-22T05:27:38","slug":"crazy-island","status":"publish","type":"page","link":"https:\/\/eveniments.es\/home\/crazy-island","title":{"rendered":"Crazy Island"},"content":{"rendered":"\n<p>Es una banda de m\u00fasica electr\u00f3nica formada por la cantante cubana Ela Fernandez, el percusionista Aurelio Vargas y Victor Vallejo a los teclados y trompeta. <br>CRAZY ISLAND es pionero en Espa\u00f1a en llevar la m\u00fasica electr\u00f3nica a las salas y eventos tanto del panorama nacional como el extranjero en riguroso directo interpretando temas propios como su primer single &#8216;From Tonight&#8217; y versiones adaptadas a la electr\u00f3nica. <br>Un derroche de m\u00fasica, luces y locura el que los CRAZY ISLAND nos ofrecen en su nuevo espect\u00e1culo<\/p>\n<p><img loading=\"lazy\" decoding=\"async\" class=\"alignnone wp-image-4129\" src=\"https:\/\/eveniments.es\/wp-content\/uploads\/2020\/07\/Crazy-Island-2-300x172.jpg\" alt=\"\" width=\"1024\" height=\"586\" srcset=\"https:\/\/eveniments.es\/wp-content\/uploads\/2020\/07\/Crazy-Island-2-300x172.jpg 300w, https:\/\/eveniments.es\/wp-content\/uploads\/2020\/07\/Crazy-Island-2.jpg 732w\" sizes=\"auto, (max-width: 1024px) 100vw, 1024px\" \/><img loading=\"lazy\" decoding=\"async\" class=\"alignnone wp-image-4130\" src=\"https:\/\/eveniments.es\/wp-content\/uploads\/2020\/07\/Crazy-Island-300x169.jpg\" alt=\"\" width=\"1024\" height=\"575\" srcset=\"https:\/\/eveniments.es\/wp-content\/uploads\/2020\/07\/Crazy-Island-300x169.jpg 300w, https:\/\/eveniments.es\/wp-content\/uploads\/2020\/07\/Crazy-Island-678x381.jpg 678w, https:\/\/eveniments.es\/wp-content\/uploads\/2020\/07\/Crazy-Island.jpg 735w\" sizes=\"auto, (max-width: 1024px) 100vw, 1024px\" \/><\/p>\n<p><iframe loading=\"lazy\" title=\"Crazy Island\" width=\"500\" height=\"281\" src=\"https:\/\/www.youtube.com\/embed\/lsZRTdrXvvU?feature=oembed\" frameborder=\"0\" allow=\"accelerometer; autoplay; clipboard-write; encrypted-media; gyroscope; picture-in-picture; web-share\" referrerpolicy=\"strict-origin-when-cross-origin\" allowfullscreen><\/iframe><\/p>\n","protected":false},"excerpt":{"rendered":"<div class=\"mh-excerpt\"><\/div>","protected":false},"author":1,"featured_media":0,"parent":0,"menu_order":0,"comment_status":"closed","ping_status":"closed","template":"template-full.php","meta":{"footnotes":""},"class_list":["post-4128","page","type-page","status-publish","hentry"],"_links":{"self":[{"href":"https:\/\/eveniments.es\/home\/wp-json\/wp\/v2\/pages\/4128","targetHints":{"allow":["GET"]}}],"collection":[{"href":"https:\/\/eveniments.es\/home\/wp-json\/wp\/v2\/pages"}],"about":[{"href":"https:\/\/eveniments.es\/home\/wp-json\/wp\/v2\/types\/page"}],"author":[{"embeddable":true,"href":"https:\/\/eveniments.es\/home\/wp-json\/wp\/v2\/users\/1"}],"replies":[{"embeddable":true,"href":"https:\/\/eveniments.es\/home\/wp-json\/wp\/v2\/comments?post=4128"}],"version-history":[{"count":1,"href":"https:\/\/eveniments.es\/home\/wp-json\/wp\/v2\/pages\/4128\/revisions"}],"predecessor-version":[{"id":4131,"href":"https:\/\/eveniments.es\/home\/wp-json\/wp\/v2\/pages\/4128\/revisions\/4131"}],"wp:attachment":[{"href":"https:\/\/eveniments.es\/home\/wp-json\/wp\/v2\/media?parent=4128"}],"curies":[{"name":"wp","href":"https:\/\/api.w.org\/{rel}","templated":true}]}}