{"id":4390,"date":"2021-05-20T06:27:06","date_gmt":"2021-05-20T06:27:06","guid":{"rendered":"https:\/\/eveniments.es\/?page_id=4390"},"modified":"2021-05-20T10:52:25","modified_gmt":"2021-05-20T10:52:25","slug":"bodas-tematica-de-cine","status":"publish","type":"page","link":"https:\/\/eveniments.es\/home\/bodas-tematica-de-cine","title":{"rendered":"Bodas Tem\u00e1ticas de Cine"},"content":{"rendered":"\n<h3 class=\"p1\">\u00a1Eveniments te trae inspiraci\u00f3n con diversas tem\u00e1ticas de bodas basadas en tus pel\u00edculas favoritas!<\/h3>\n<p class=\"p1\">Nos encanta el arte y por tanto nos encanta el s\u00e9ptimo arte,&nbsp;<strong>el cine<\/strong>, y si t\u00fa eres de los que tambi\u00e9n aman la gran pantalla estamos seguros de que estas&nbsp;<a href=\"https:\/\/www.crearteevents.com\/bodas-tematicas\/\"><strong>bodas tem\u00e1ticas<\/strong><\/a>&nbsp;de cine te encantar\u00e1n. A continuaci\u00f3n te proponemos diferentes ideas y tem\u00e1ticas para que tu boda llegue a ser la&nbsp;<em>\u201cboda del a\u00f1o\u201d<\/em>&nbsp;y todos tus asistentes recuerden para siempre tu d\u00eda como un d\u00eda \u00fanico y original.<\/p>\n<p class=\"p1\">Sabemos lo que nuestras parejas aman el cine por eso te traemos diferentes propuestas para que el d\u00eda de&nbsp;<a href=\"https:\/\/www.crearteevents.com\/bodas\/\">tu boda<\/a>&nbsp;se corresponda m\u00e1s con tus inquietudes, gustos y personalidad. Esta recopilaci\u00f3n de&nbsp;<strong>bodas de parejas reales<\/strong>&nbsp;seguro que te sorprende, sobre todo si sois fan\u00e1ticos de alguna pel\u00edcula en concreto, adem\u00e1s os brindar\u00e1 muchas buenas ideas para que puedas elegir vivir una experiencia de cine el d\u00eda de tu boda. \u00a1Vive una boda de cine!<span class=\"Apple-converted-space\">&nbsp;<\/span><\/p>\n<h4><strong>1. Boda al estilo 007<\/strong><\/h4>\n<p>Para los fans de nuestro esp\u00eda favorito, el agente 007, James Bond. Esta boda aportar\u00e1 todo el glamour y la elegancia de las pel\u00edculas de 007.&nbsp;<strong>El dorado, el negro y el blanco<\/strong>&nbsp;ser\u00e1 la paleta de color por excelencia que nos brinde elegancia y sofisticaci\u00f3n. Los looks de los novios ser\u00e1n incre\u00edbles, tendremos a nuestra&nbsp;<strong>hermosa y sexy chica Bond<\/strong>&nbsp;y un&nbsp;<strong>deslumbrante, elegante<\/strong>&nbsp;y por supuesto un poco&nbsp;<strong>descarado<\/strong>&nbsp;<strong>novio Bond<\/strong>. No podemos olvidarnos del<strong>&nbsp;veh\u00edculo 007<\/strong>, est\u00e9 puede ser un coche antiguo, uno moderno o incluso si el presupuesto lo permite un helic\u00f3ptero. Est\u00e1s bodas pueden ser acompa\u00f1adas por animaciones acrob\u00e1ticas o con elementos relacionados con&nbsp;<strong>el casino y el juego&nbsp;<\/strong>para que tus invitados se lo pasen en grande al&nbsp;igual que en las fiestas del esp\u00eda m\u00e1s famoso de todos los tiempos y un mont\u00f3n de detalles relacionados con la saga de esp\u00edas.<\/p>\n[ngg src=\u00bbgalleries\u00bb ids=\u00bb18&#8243; display=\u00bbbasic_imagebrowser\u00bb]\n\n\n\n<div class=\"wpb_text_column wpb_content_element \">\n<div class=\"wpb_wrapper\">\n<h4><strong>2. Boda Se\u00f1or de los Anillos<\/strong><\/h4>\n<p>Una boda llena de&nbsp;<strong>fantas\u00eda y con un m\u00e1gico tinte \u00e9pico<\/strong>, al estilo medieval, pero con un&nbsp;<strong>toque fant\u00e1stico y heroico<\/strong>, la tem\u00e1tica del se\u00f1or de los anillos nos transporta a un mundo de ensue\u00f1o. Puedes elegir con que de los personajes te sientes m\u00e1s identificado, hay novios que prefieren los&nbsp;<strong>hobbits<\/strong>&nbsp;y su buc\u00f3lico pueblo, con una est\u00e9tica sencilla y floral que nos acerque a la naturaleza; pero tambi\u00e9n puedes elegir m\u00e1s el estilo \u00e9lfico con un tinte m\u00edstico, o el humano, con una mayor grandiosidad pero con mucha \u00e9pica y nobleza por parte de todos. No puede faltar por supuesto el&nbsp;<strong>anillo de poder, del poder del amor<\/strong>&nbsp;totalmente personalizado para vosotros.&nbsp; Sin duda es una boda con una belleza extraordinaria en donde tus invitados disfrutar\u00e1n tanto o m\u00e1s que con las legendarias pel\u00edculas.<\/p>\n[ngg src=\u00bbgalleries\u00bb ids=\u00bb19&#8243; display=\u00bbbasic_imagebrowser\u00bb]\n<\/div>\n<\/div>\n<div class=\"wpb_images_carousel wpb_content_element vc_clearfix\">\n<div class=\"wpb_wrapper\">\n<div id=\"vc_images-carousel-2-1621455698\" class=\"vc_slide vc_images_carousel vc_build\" data-ride=\"vc_carousel\" data-wrap=\"false\" data-interval=\"0\" data-auto-height=\"yes\" data-mode=\"horizontal\" data-partial=\"false\" data-per-view=\"1\" data-hide-on-end=\"true\">\n<div class=\"wpb_text_column wpb_content_element \">\n<div class=\"wpb_wrapper\">\n<h4><strong>3. Bodas Robin Hood<\/strong><\/h4>\n<p>Estas bodas nos acercan a la<strong>&nbsp;naturaleza y al bosque<\/strong>, son bodas que buscan una gran conexi\u00f3n con la naturaleza, por eso los motivos que acompa\u00f1en a la boda ser\u00e1n sencillos pero delicados centros de flores, y elementos de la naturaleza.&nbsp;<strong>El arco de flechas<\/strong>&nbsp;no puede faltar as\u00ed como detalles referentes a la historia que nos concierne. La localizaci\u00f3n perfecta ser\u00e1, por supuesto, un exterior y cerca de la naturaleza. Una boda llena de&nbsp;<strong>poes\u00eda y delicadeza<\/strong>&nbsp;que te transportar\u00e1 a la naturaleza del bosque y sus seres.<\/p>\n[ngg src=\u00bbgalleries\u00bb ids=\u00bb20&#8243; display=\u00bbbasic_imagebrowser\u00bb]\n<\/div>\n<\/div>\n<div class=\"wpb_images_carousel wpb_content_element vc_clearfix\">\n<div class=\"wpb_wrapper\">\n<div id=\"vc_images-carousel-3-1621455698\" class=\"vc_slide vc_images_carousel vc_build\" data-ride=\"vc_carousel\" data-wrap=\"true\" data-interval=\"5000\" data-auto-height=\"yes\" data-mode=\"horizontal\" data-partial=\"false\" data-per-view=\"1\" data-hide-on-end=\"false\">\n<div class=\"wpb_text_column wpb_content_element \">\n<div class=\"wpb_wrapper\">\n<h4>4.Bodas Superh\u00e9roes<\/h4>\n<p>Estas bodas siempre son un verdadero \u00e9xito para tus invitados, son bodas&nbsp;<strong>divertidas, llenas de sorpresas<\/strong>&nbsp;y detalles relacionados con los superh\u00e9roes. Los novios se convertir\u00e1n en los superh\u00e9roes de este d\u00eda, existen numeras opciones para organizar este tipo de bodas, se puede elegir un personaje concreto como&nbsp;<strong>Superman, Hulk o Spider-Man<\/strong>, pero tambi\u00e9n se puede hacer una boda gen\u00e9rica que, involucrando a tus invitados, ser\u00e1n los secundarios vestidos o con detalles sobre el mundo de los superh\u00e9roes. Sin duda sacar\u00e9is un mont\u00f3n de&nbsp;<strong>fotos divertidas<\/strong>&nbsp;de esta boda.<\/p>\n<\/div>\n<\/div>\n<div class=\"wpb_images_carousel wpb_content_element vc_clearfix\">\n<div class=\"wpb_wrapper\">\n<div id=\"vc_images-carousel-4-1621455698\" class=\"vc_slide vc_images_carousel vc_build\" data-ride=\"vc_carousel\" data-wrap=\"false\" data-interval=\"0\" data-auto-height=\"yes\" data-mode=\"horizontal\" data-partial=\"false\" data-per-view=\"1\" data-hide-on-end=\"true\">\n[ngg src=\u00bbgalleries\u00bb ids=\u00bb21&#8243; display=\u00bbbasic_imagebrowser\u00bb]\n<div class=\"vc_carousel-inner\">\n<div class=\"vc_carousel-slideline\">\n<div class=\"vc_carousel-slideline-inner\">\n<div class=\"vc_item vc_active\">\n<h4><strong>5. Boda Star Wars<\/strong><\/h4>\n<p>Para los fan\u00e1ticos de la saga de George Lucas existe por supuesto las bodas estilo Star Wars. La est\u00e9tica de Star Wars no se limita solo a uno o dos accesorios como podr\u00edan ser la tarta de bodas y las invitaciones, sino que existe todo tipo de cosas relacionadas a las bodas representadas con el mundo de la saga de Luke Skywalker y compa\u00f1\u00eda.&nbsp;<strong>Las invitaciones, el anillo, la tarta y sus mu\u00f1ecos, la decoraci\u00f3n, el ramo, los gemelos, etc\u2026 Todo puede ser personalizable con la est\u00e9tica Star Wars<\/strong>, adem\u00e1s los invitados podr\u00e1n tambi\u00e9n caracterizarse de los personajes que m\u00e1s les gusten y<strong>&nbsp;las espadas l\u00e1seres<\/strong>&nbsp;podr\u00e1n ser el elemento perfecto para todos ellos. Sin duda otra boda con la que te divertir\u00e1s haciendo fotos divertidas con tus invitados.<\/p>\n[ngg src=\u00bbgalleries\u00bb ids=\u00bb22&#8243; display=\u00bbbasic_imagebrowser\u00bb]\n<\/div>\n<\/div>\n<\/div>\n<\/div>\n<\/div>\n<\/div>\n<\/div>\n<\/div>\n<\/div>\n<\/div>\n<\/div>\n<\/div>\n<\/div>\n\n\n\n<div class=\"wpb_text_column wpb_content_element \">\n<div class=\"wpb_wrapper\">\n<h4><strong>6. Boda Alicia en el pa\u00eds de las maravillas<\/strong><\/h4>\n<p>Estas bodas son m\u00e1gicas y sorprendentes, la est\u00e9tica estar\u00e1 recreando este cl\u00e1sico cuento de la literatura infantil, por lo que no puede faltar ese toque<strong>&nbsp;fant\u00e1stico, colorido y a la vez un poco loco<\/strong>. Personajes de Alicia en el pa\u00eds de las maravillas, como&nbsp;<strong>el conejo, el gato o el sombrero loco<\/strong> no pueden dejar de aparecer. Es un cuento con mucha magia, d\u00f3nde com\u00edas una galletita especial y te convertir\u00e1s en gigante o min\u00fascula\u2026 Y el tiempo era algo a tener en cuenta, un conejo hablaba y las cartas ten\u00edan su protagonismo habiendo una reina loca y malvada de corazones\u2026 La ambientaci\u00f3n del banquete se basar\u00e1n en la escena del cuento donde todos los personajes comparten la hora del t\u00e9, por lo que existen muchos recursos que evocan ese momento del cuento; desde tazas apiladas o flotando, a vestir las sillas de las telas que m\u00e1s te gusten, plantas a modo de \u00e1rbol, el reloj del conejito de la suerte, o el laberinto. Sin duda es una tem\u00e1tica muy divertida y a la vez tierna, bonita y original.<\/p>\n[ngg src=\u00bbgalleries\u00bb ids=\u00bb23&#8243; display=\u00bbbasic_imagebrowser\u00bb]\n<\/div>\n<\/div>\n<div class=\"wpb_images_carousel wpb_content_element vc_clearfix\">\n<div class=\"wpb_wrapper\">\n<div id=\"vc_images-carousel-6-1621455698\" class=\"vc_slide vc_images_carousel vc_build\" data-ride=\"vc_carousel\" data-wrap=\"false\" data-interval=\"0\" data-auto-height=\"yes\" data-mode=\"horizontal\" data-partial=\"false\" data-per-view=\"1\" data-hide-on-end=\"true\">\n<div class=\"vc_carousel-inner\">\n<div class=\"vc_carousel-slideline\">\n<div class=\"vc_carousel-slideline-inner\">\n<div class=\"vc_item vc_active\">\n<div class=\"wpb_text_column wpb_content_element \">\n<div class=\"wpb_wrapper\">\n<h4 class=\"p1\"><b>7.&nbsp;<\/b><b>Boda el estilo Harry Potter<\/b><\/h4>\n<p>Otro de los grandes referentes de la literatura que no decepcionan son las bodas basadas en las novelas de J. K. Rowling, la saga del mago Harry Potter. Son muchas las parejas que son verdaderamente fan\u00e1ticas de este mundo lleno de magia y fantas\u00eda, adem\u00e1s la est\u00e9tica del colegio&nbsp;<em>Hogwarts<\/em>&nbsp;muy sofisticada y elegante por lo que&nbsp; puede ser una tem\u00e1tica perfecta para una boda. Existen multitud de detalles que pod\u00e9is personalizar con esta tem\u00e1tica, desde Hedwid, la lechuza de Harry, al sombrero seleccionador, los colores de las diferentes casas de Hogwarts, las varitas, los dulces m\u00e1gicos o las pociones,&nbsp; la escoba, la snitch dorada, las velas flotantes, los hechizos, etc\u2026 en definitiva ten\u00e9is un gran abanico de posibilidades para transportar a tus invitados a este mundo m\u00e1gico. Sin duda una tem\u00e1tica perfecta si sois de los que os gusta la magia.<\/p>\n<\/div>\n<\/div>\n<div class=\"wpb_images_carousel wpb_content_element vc_clearfix\">\n<div class=\"wpb_wrapper\">\n<div id=\"vc_images-carousel-7-1621455698\" class=\"vc_slide vc_images_carousel vc_build\" data-ride=\"vc_carousel\" data-wrap=\"false\" data-interval=\"0\" data-auto-height=\"yes\" data-mode=\"horizontal\" data-partial=\"false\" data-per-view=\"1\" data-hide-on-end=\"true\">\n<div class=\"vc_carousel-inner\">\n<div class=\"vc_carousel-slideline\">\n<div class=\"vc_carousel-slideline-inner\">\n<div class=\"vc_item vc_active\">&nbsp;<\/div>\n<\/div>\n<\/div>\n<\/div>\n<\/div>\n<\/div>\n<\/div>\n<\/div>\n<\/div>\n<\/div>\n<\/div>\n<\/div>\n<\/div>\n<\/div>\n[ngg src=\u00bbgalleries\u00bb ids=\u00bb24&#8243; display=\u00bbbasic_imagebrowser\u00bb]\n\n\n\n<div class=\"wpb_text_column wpb_content_element \">\n<div class=\"wpb_wrapper\">\n<h4><strong>8. Bodas Disney<\/strong><\/h4>\n<p>Las bodas Disney son un verdadero cl\u00e1sico del cine. Son muchas las novias que quieren sentirse como princesas el d\u00eda de su boda, por lo que son tem\u00e1ticas son un verdadero cl\u00e1sico y el sue\u00f1o de muchas; el pr\u00edncipe y la princesa se casan,&nbsp; es un d\u00eda de fantas\u00eda y alegr\u00eda. Adem\u00e1s dentro de esta tem\u00e1tica existen diferentes opciones para elegir, ya que adem\u00e1s de poder hacer la t\u00edpica&nbsp;<strong>Boda Disney<\/strong>&nbsp;con su pr\u00edncipe, su carroza, sus diamantes y su castillo, puedes elegir tambi\u00e9n una de las historias de Disney y recrearla para el d\u00eda de tu boda, la boda puede basarse pel\u00edculas como&nbsp;<strong>la Sirenita, la Cenicienta, la Bella y la Bestia, Blanca nieves<\/strong>&nbsp;o m\u00e1s modernas como&nbsp;<strong>Frozen<\/strong>\u2026 T\u00fa eliges, pero no dejes de cumplir tu sue\u00f1o de tener una&nbsp;<strong>\u00abboda de cuento\u00bb.&nbsp;<\/strong><\/p>\n[ngg src=\u00bbgalleries\u00bb ids=\u00bb25&#8243; display=\u00bbbasic_imagebrowser\u00bb]\n<\/div>\n<\/div>\n<div class=\"wpb_images_carousel wpb_content_element vc_clearfix\">\n<div class=\"wpb_wrapper\">\n<div id=\"vc_images-carousel-8-1621455698\" class=\"vc_slide vc_images_carousel vc_build\" data-ride=\"vc_carousel\" data-wrap=\"false\" data-interval=\"0\" data-auto-height=\"yes\" data-mode=\"horizontal\" data-partial=\"false\" data-per-view=\"1\" data-hide-on-end=\"true\">\n<h4 class=\"p1\"><b>9. Bodas Piratas del caribe<\/b><\/h4>\n<p>Una boda mucho m\u00e1s ca\u00f1era para los amantes del mar y el peligro es la boda basada en la pel\u00edcula de Piratas del caribe. Una boda pirata es sin duda una boda cerca del&nbsp;<strong>mar<\/strong>&nbsp;en la que&nbsp;<strong>el ron<\/strong>&nbsp;y la&nbsp;<strong>vestimenta pirata<\/strong>&nbsp;acompa\u00f1an toda la velada. Es una boda que tiene que complementarse con elementos del mar,&nbsp;<strong>cofres de pirata<\/strong>, oro, y tal vez alg\u00fan parche para alg\u00fan invitado, incluso puedes plantearte celebrarla dentro de&nbsp;<strong>un barco&nbsp;<\/strong>o simbolizarlo con elementos que evoquen a \u00e9l. Podr\u00e1s elegir entre el estilo de Jack Sparrow o Will Turner, pero sin duda dejar\u00e1s enamorada a tu Elizabeth Swann.<\/p>\n[ngg src=\u00bbgalleries\u00bb ids=\u00bb26&#8243; display=\u00bbbasic_imagebrowser\u00bb]\n<div class=\"vc_carousel-inner\">\n<div class=\"vc_carousel-slideline\">\n<div class=\"vc_carousel-slideline-inner\">\n<div class=\"vc_item vc_active\">\n<p class=\"p1\"><b>10. Boda al estilo La novia de Frankenstein<\/b><\/p>\n<p>Para los novios amantes del negro y lo g\u00f3tico, tenemos las bodas basadas en pel\u00edculas como la novia de Frankenstein. Est\u00e1s bodas tendr\u00e1n un halo de misterio y drama; cargadas de simbolismo rom\u00e1ntico, deber\u00e1n estar acompa\u00f1adas por el estilo victoriano de los ropajes, las velas, las mantillas, y el negro ser\u00e1 su se\u00f1a de identidad. Son bodas cuyo significada entra\u00f1a&nbsp;<strong>el amor m\u00e1s all\u00e1 de la existencia terrenal<\/strong>, su lema es<strong>&nbsp;\u00abel amor m\u00e1s all\u00e1 de la muerte\u00bb<\/strong>&nbsp;por lo que este amor eterno se transmitir\u00e1 con una atmosfera oscura, elegante, fantasmag\u00f3rica cargada de elementos decorativos que nos lleven al mundo simb\u00f3lico de la ultratumba; ata\u00fades, cuervos, calaveras, velas, libros antiguos, podr\u00e1n ser una bonita decoraci\u00f3n para esta boda. Los castillos o arquitecturas antiguas y sombr\u00edas ser\u00e1n localizaciones id\u00f3neas para este tipo de boda. Una boda sin duda muy rom\u00e1ntica.<\/p>\n[ngg src=\u00bbgalleries\u00bb ids=\u00bb27&#8243; display=\u00bbbasic_imagebrowser\u00bb]\n<\/div>\n<\/div>\n<\/div>\n<\/div>\n<\/div>\n<\/div>\n<\/div>\n\n\n\n<div class=\"wpb_text_column wpb_content_element \">\n<div class=\"wpb_wrapper\">\n<h4 class=\"p1\"><b>11.&nbsp;<\/b><b>Boda al estilo Hollywood<\/b><\/h4>\n<p>Por \u00faltimo si lo que quieres es algo m\u00e1s gen\u00e9rico del cine, te traemos la tem\u00e1tica basada en la \u00e9poca dorada de Hollywood que recrea el famoso ambiente de la ceremonia de los premios \u00d3scar. El d\u00eda de tu boda contar\u00e1 con el mayor glamour del s\u00e9ptimo arte. La alfombra roja no podr\u00e1 faltar as\u00ed como los paparazzi que se encargar\u00e1n de fotograf\u00edas a los famosos novios y sus invitados. Esta boda deber\u00e1 contar con elementos t\u00edpicos del cine, las palomitas, los dorados, los tickets de entradas, las estatuillas de los \u00f3scares, un photocall, hasta podr\u00e9is hacer hasta un cartel de pel\u00edcula con vuestro retrato para que los invitados lo firmen. Sin duda esta es una tem\u00e1tica que ofrece muchas opciones y variantes que no dejar\u00e1 indiferente a nadie y te transportar\u00e1 a la \u00e9poca dorada del cine.<\/p>\n[ngg src=\u00bbgalleries\u00bb ids=\u00bb28&#8243; display=\u00bbbasic_imagebrowser\u00bb]\n<\/div>\n<\/div>\n<div class=\"wpb_images_carousel wpb_content_element vc_clearfix\">\n<div class=\"wpb_wrapper\">\n<div id=\"vc_images-carousel-11-1621455698\" class=\"vc_slide vc_images_carousel vc_build\" data-ride=\"vc_carousel\" data-wrap=\"false\" data-interval=\"0\" data-auto-height=\"yes\" data-mode=\"horizontal\" data-partial=\"false\" data-per-view=\"1\" data-hide-on-end=\"true\">\n<div class=\"vc_carousel-inner\">\n<div class=\"vc_carousel-slideline\">\n<div class=\"vc_carousel-slideline-inner\">\n<div class=\"vc_item vc_active\">&nbsp;<\/div>\n<\/div>\n<\/div>\n<\/div>\n<\/div>\n<\/div>\n<\/div>\n","protected":false},"excerpt":{"rendered":"<div class=\"mh-excerpt\"><\/div>","protected":false},"author":1,"featured_media":0,"parent":0,"menu_order":0,"comment_status":"closed","ping_status":"closed","template":"template-full.php","meta":{"footnotes":""},"class_list":["post-4390","page","type-page","status-publish","hentry"],"_links":{"self":[{"href":"https:\/\/eveniments.es\/home\/wp-json\/wp\/v2\/pages\/4390","targetHints":{"allow":["GET"]}}],"collection":[{"href":"https:\/\/eveniments.es\/home\/wp-json\/wp\/v2\/pages"}],"about":[{"href":"https:\/\/eveniments.es\/home\/wp-json\/wp\/v2\/types\/page"}],"author":[{"embeddable":true,"href":"https:\/\/eveniments.es\/home\/wp-json\/wp\/v2\/users\/1"}],"replies":[{"embeddable":true,"href":"https:\/\/eveniments.es\/home\/wp-json\/wp\/v2\/comments?post=4390"}],"version-history":[{"count":12,"href":"https:\/\/eveniments.es\/home\/wp-json\/wp\/v2\/pages\/4390\/revisions"}],"predecessor-version":[{"id":4604,"href":"https:\/\/eveniments.es\/home\/wp-json\/wp\/v2\/pages\/4390\/revisions\/4604"}],"wp:attachment":[{"href":"https:\/\/eveniments.es\/home\/wp-json\/wp\/v2\/media?parent=4390"}],"curies":[{"name":"wp","href":"https:\/\/api.w.org\/{rel}","templated":true}]}}