{"id":4955,"date":"2023-05-16T08:22:20","date_gmt":"2023-05-16T08:22:20","guid":{"rendered":"https:\/\/eveniments.es\/home\/?page_id=4955"},"modified":"2023-05-16T11:41:36","modified_gmt":"2023-05-16T11:41:36","slug":"musica-muy-especial","status":"publish","type":"page","link":"https:\/\/eveniments.es\/home\/musica-muy-especial","title":{"rendered":"M\u00fasica muy especial"},"content":{"rendered":"\n<div class=\"wp-block-media-text alignwide is-stacked-on-mobile is-image-fill\"><figure class=\"wp-block-media-text__media\" style=\"background-image:url(https:\/\/eveniments.es\/wp-content\/uploads\/2023\/05\/Dancer-Led-1-1.jpg);background-position:50% 50%\"><img loading=\"lazy\" decoding=\"async\" width=\"800\" height=\"533\" src=\"https:\/\/eveniments.es\/wp-content\/uploads\/2023\/05\/Dancer-Led-1-1.jpg\" alt=\"\" class=\"wp-image-4956 size-full\" srcset=\"https:\/\/eveniments.es\/wp-content\/uploads\/2023\/05\/Dancer-Led-1-1.jpg 800w, https:\/\/eveniments.es\/wp-content\/uploads\/2023\/05\/Dancer-Led-1-1-300x200.jpg 300w, https:\/\/eveniments.es\/wp-content\/uploads\/2023\/05\/Dancer-Led-1-1-768x512.jpg 768w\" sizes=\"auto, (max-width: 800px) 100vw, 800px\" \/><\/figure><div class=\"wp-block-media-text__content\">\n<h3 style=\"text-align: center;\"><strong>Actuaciones musicales espect\u00e1culares ,originales con la tecnolog\u00eda m\u00e1s actual.Shows \u00fanicos que no dejar\u00e1n a nadie indiferente<\/strong><\/h3>\n<\/div><\/div>\n\n\n\n<figure class=\"wp-block-gallery has-nested-images columns-3 is-cropped wp-block-gallery-1 is-layout-flex wp-block-gallery-is-layout-flex\">\n<figure class=\"wp-block-image size-full is-style-rounded\"><a href=\"https:\/\/eveniments.es\/home\/violin-laservisual-mapping-2\"><img loading=\"lazy\" decoding=\"async\" width=\"1024\" height=\"1024\" data-id=\"4976\" src=\"https:\/\/eveniments.es\/wp-content\/uploads\/2023\/05\/Dossier-Crearte-events-V9-9-2-1024x1024-1.jpg\" alt=\"\" class=\"wp-image-4976\" srcset=\"https:\/\/eveniments.es\/wp-content\/uploads\/2023\/05\/Dossier-Crearte-events-V9-9-2-1024x1024-1.jpg 1024w, https:\/\/eveniments.es\/wp-content\/uploads\/2023\/05\/Dossier-Crearte-events-V9-9-2-1024x1024-1-300x300.jpg 300w, https:\/\/eveniments.es\/wp-content\/uploads\/2023\/05\/Dossier-Crearte-events-V9-9-2-1024x1024-1-150x150.jpg 150w, https:\/\/eveniments.es\/wp-content\/uploads\/2023\/05\/Dossier-Crearte-events-V9-9-2-1024x1024-1-768x768.jpg 768w\" sizes=\"auto, (max-width: 1024px) 100vw, 1024px\" \/><\/a><figcaption class=\"wp-element-caption\">Viol\u00edn Laser+Visual Mapping<\/figcaption><\/figure>\n\n\n\n<figure class=\"wp-block-image size-full is-style-rounded\"><a href=\"https:\/\/eveniments.es\/home\/piano-flotante\"><img loading=\"lazy\" decoding=\"async\" width=\"702\" height=\"445\" data-id=\"4978\" src=\"https:\/\/eveniments.es\/wp-content\/uploads\/2023\/05\/Piano-Flotante5-1.jpg\" alt=\"\" class=\"wp-image-4978\" srcset=\"https:\/\/eveniments.es\/wp-content\/uploads\/2023\/05\/Piano-Flotante5-1.jpg 702w, https:\/\/eveniments.es\/wp-content\/uploads\/2023\/05\/Piano-Flotante5-1-300x190.jpg 300w\" sizes=\"auto, (max-width: 702px) 100vw, 702px\" \/><\/a><figcaption class=\"wp-element-caption\">Piano Flotante<\/figcaption><\/figure>\n\n\n\n<figure class=\"wp-block-image size-full is-style-rounded\"><a href=\"https:\/\/eveniments.es\/home\/laser-man\"><img loading=\"lazy\" decoding=\"async\" width=\"1024\" height=\"769\" data-id=\"4979\" src=\"https:\/\/eveniments.es\/wp-content\/uploads\/2023\/05\/Laserman7-1024x769-3.jpg\" alt=\"\" class=\"wp-image-4979\" srcset=\"https:\/\/eveniments.es\/wp-content\/uploads\/2023\/05\/Laserman7-1024x769-3.jpg 1024w, https:\/\/eveniments.es\/wp-content\/uploads\/2023\/05\/Laserman7-1024x769-3-300x225.jpg 300w, https:\/\/eveniments.es\/wp-content\/uploads\/2023\/05\/Laserman7-1024x769-3-768x577.jpg 768w, https:\/\/eveniments.es\/wp-content\/uploads\/2023\/05\/Laserman7-1024x769-3-678x509.jpg 678w, https:\/\/eveniments.es\/wp-content\/uploads\/2023\/05\/Laserman7-1024x769-3-326x245.jpg 326w, https:\/\/eveniments.es\/wp-content\/uploads\/2023\/05\/Laserman7-1024x769-3-80x60.jpg 80w\" sizes=\"auto, (max-width: 1024px) 100vw, 1024px\" \/><\/a><figcaption class=\"wp-element-caption\">Laser Man<\/figcaption><\/figure>\n\n\n\n<figure class=\"wp-block-image size-full is-style-rounded\"><a href=\"https:\/\/eveniments.es\/home\/magic-drums\"><img loading=\"lazy\" decoding=\"async\" width=\"1024\" height=\"682\" data-id=\"4983\" src=\"https:\/\/eveniments.es\/wp-content\/uploads\/2023\/05\/Av-Drums-1024x682-1.jpg\" alt=\"\" class=\"wp-image-4983\" srcset=\"https:\/\/eveniments.es\/wp-content\/uploads\/2023\/05\/Av-Drums-1024x682-1.jpg 1024w, https:\/\/eveniments.es\/wp-content\/uploads\/2023\/05\/Av-Drums-1024x682-1-300x200.jpg 300w, https:\/\/eveniments.es\/wp-content\/uploads\/2023\/05\/Av-Drums-1024x682-1-768x512.jpg 768w\" sizes=\"auto, (max-width: 1024px) 100vw, 1024px\" \/><\/a><figcaption class=\"wp-element-caption\">Magic Drums<\/figcaption><\/figure>\n\n\n\n<figure class=\"wp-block-image size-full is-style-rounded\"><a href=\"https:\/\/eveniments.es\/home\/saxo-arpa-laser\"><img loading=\"lazy\" decoding=\"async\" width=\"1024\" height=\"832\" data-id=\"4981\" src=\"https:\/\/eveniments.es\/wp-content\/uploads\/2023\/05\/saxo-laser-2-1024x832-1.jpg\" alt=\"\" class=\"wp-image-4981\" srcset=\"https:\/\/eveniments.es\/wp-content\/uploads\/2023\/05\/saxo-laser-2-1024x832-1.jpg 1024w, https:\/\/eveniments.es\/wp-content\/uploads\/2023\/05\/saxo-laser-2-1024x832-1-300x244.jpg 300w, https:\/\/eveniments.es\/wp-content\/uploads\/2023\/05\/saxo-laser-2-1024x832-1-768x624.jpg 768w\" sizes=\"auto, (max-width: 1024px) 100vw, 1024px\" \/><\/a><figcaption class=\"wp-element-caption\">Saxo Arpa Laser<\/figcaption><\/figure>\n\n\n\n<figure class=\"wp-block-image size-full is-style-rounded\"><a href=\"https:\/\/eveniments.es\/home\/led-drummers-percussion\"><img loading=\"lazy\" decoding=\"async\" width=\"1024\" height=\"701\" data-id=\"4980\" src=\"https:\/\/eveniments.es\/wp-content\/uploads\/2023\/05\/Dossier-Crearte-events-V9-4-5-1024x701-2.jpg\" alt=\"\" class=\"wp-image-4980\" srcset=\"https:\/\/eveniments.es\/wp-content\/uploads\/2023\/05\/Dossier-Crearte-events-V9-4-5-1024x701-2.jpg 1024w, https:\/\/eveniments.es\/wp-content\/uploads\/2023\/05\/Dossier-Crearte-events-V9-4-5-1024x701-2-300x205.jpg 300w, https:\/\/eveniments.es\/wp-content\/uploads\/2023\/05\/Dossier-Crearte-events-V9-4-5-1024x701-2-768x526.jpg 768w\" sizes=\"auto, (max-width: 1024px) 100vw, 1024px\" \/><\/a><figcaption class=\"wp-element-caption\">Led Drummers persusi\u00f3n<\/figcaption><\/figure>\n\n\n\n<figure class=\"wp-block-image size-full is-style-rounded\"><a href=\"https:\/\/eveniments.es\/home\/show-violinista-aerea\"><img loading=\"lazy\" decoding=\"async\" width=\"652\" height=\"400\" data-id=\"4986\" src=\"https:\/\/eveniments.es\/wp-content\/uploads\/2023\/05\/Violinista-Bola-Led-.jpg\" alt=\"\" class=\"wp-image-4986\" srcset=\"https:\/\/eveniments.es\/wp-content\/uploads\/2023\/05\/Violinista-Bola-Led-.jpg 652w, https:\/\/eveniments.es\/wp-content\/uploads\/2023\/05\/Violinista-Bola-Led--300x184.jpg 300w\" sizes=\"auto, (max-width: 652px) 100vw, 652px\" \/><\/a><figcaption class=\"wp-element-caption\">Show violinista aerea<\/figcaption><\/figure>\n\n\n\n<figure class=\"wp-block-image size-full is-style-rounded\"><a href=\"https:\/\/eveniments.es\/home\/percusion-industrial-toompak\"><img loading=\"lazy\" decoding=\"async\" width=\"898\" height=\"557\" data-id=\"4987\" src=\"https:\/\/eveniments.es\/wp-content\/uploads\/2023\/05\/Toompak-2.jpg\" alt=\"\" class=\"wp-image-4987\" srcset=\"https:\/\/eveniments.es\/wp-content\/uploads\/2023\/05\/Toompak-2.jpg 898w, https:\/\/eveniments.es\/wp-content\/uploads\/2023\/05\/Toompak-2-300x186.jpg 300w, https:\/\/eveniments.es\/wp-content\/uploads\/2023\/05\/Toompak-2-768x476.jpg 768w\" sizes=\"auto, (max-width: 898px) 100vw, 898px\" \/><\/a><figcaption class=\"wp-element-caption\">Percusi\u00f3n Industrial<\/figcaption><\/figure>\n\n\n\n<figure class=\"wp-block-image size-full is-style-rounded\"><a href=\"https:\/\/eveniments.es\/home\/anastasia\"><img loading=\"lazy\" decoding=\"async\" width=\"1024\" height=\"768\" data-id=\"4989\" src=\"https:\/\/eveniments.es\/wp-content\/uploads\/2023\/05\/Anastasia-1024x768-1.jpg\" alt=\"\" class=\"wp-image-4989\" srcset=\"https:\/\/eveniments.es\/wp-content\/uploads\/2023\/05\/Anastasia-1024x768-1.jpg 1024w, https:\/\/eveniments.es\/wp-content\/uploads\/2023\/05\/Anastasia-1024x768-1-300x225.jpg 300w, https:\/\/eveniments.es\/wp-content\/uploads\/2023\/05\/Anastasia-1024x768-1-768x576.jpg 768w, https:\/\/eveniments.es\/wp-content\/uploads\/2023\/05\/Anastasia-1024x768-1-678x509.jpg 678w, https:\/\/eveniments.es\/wp-content\/uploads\/2023\/05\/Anastasia-1024x768-1-326x245.jpg 326w, https:\/\/eveniments.es\/wp-content\/uploads\/2023\/05\/Anastasia-1024x768-1-80x60.jpg 80w\" sizes=\"auto, (max-width: 1024px) 100vw, 1024px\" \/><\/a><figcaption class=\"wp-element-caption\">Anastasia<\/figcaption><\/figure>\n\n\n\n<figure class=\"wp-block-image size-full is-style-rounded\"><a href=\"https:\/\/eveniments.es\/home\/cover-dance-saxo\"><img loading=\"lazy\" decoding=\"async\" width=\"880\" height=\"491\" data-id=\"4991\" src=\"https:\/\/eveniments.es\/wp-content\/uploads\/2023\/05\/saxo.jpg\" alt=\"\" class=\"wp-image-4991\" srcset=\"https:\/\/eveniments.es\/wp-content\/uploads\/2023\/05\/saxo.jpg 880w, https:\/\/eveniments.es\/wp-content\/uploads\/2023\/05\/saxo-300x167.jpg 300w, https:\/\/eveniments.es\/wp-content\/uploads\/2023\/05\/saxo-768x429.jpg 768w\" sizes=\"auto, (max-width: 880px) 100vw, 880px\" \/><\/a><figcaption class=\"wp-element-caption\">Cover Dance Saxo<\/figcaption><\/figure>\n\n\n\n<figure class=\"wp-block-image size-full is-style-rounded\"><a href=\"https:\/\/eveniments.es\/home\/laser-flamenco\"><img loading=\"lazy\" decoding=\"async\" width=\"1024\" height=\"585\" data-id=\"4992\" src=\"https:\/\/eveniments.es\/wp-content\/uploads\/2023\/05\/laser-flamenco.jpg\" alt=\"\" class=\"wp-image-4992\" srcset=\"https:\/\/eveniments.es\/wp-content\/uploads\/2023\/05\/laser-flamenco.jpg 1024w, https:\/\/eveniments.es\/wp-content\/uploads\/2023\/05\/laser-flamenco-300x171.jpg 300w, https:\/\/eveniments.es\/wp-content\/uploads\/2023\/05\/laser-flamenco-768x439.jpg 768w\" sizes=\"auto, (max-width: 1024px) 100vw, 1024px\" \/><\/a><figcaption class=\"wp-element-caption\">Laser Flamenco<\/figcaption><\/figure>\n\n\n\n<figure class=\"wp-block-image size-full is-style-rounded\"><a href=\"https:\/\/eveniments.es\/home\/luminitronix\"><img loading=\"lazy\" decoding=\"async\" width=\"604\" height=\"367\" data-id=\"4993\" src=\"https:\/\/eveniments.es\/wp-content\/uploads\/2023\/05\/Luminitronix.jpg\" alt=\"\" class=\"wp-image-4993\" srcset=\"https:\/\/eveniments.es\/wp-content\/uploads\/2023\/05\/Luminitronix.jpg 604w, https:\/\/eveniments.es\/wp-content\/uploads\/2023\/05\/Luminitronix-300x182.jpg 300w\" sizes=\"auto, (max-width: 604px) 100vw, 604px\" \/><\/a><figcaption class=\"wp-element-caption\">Luminitronix<\/figcaption><\/figure>\n\n\n\n<figure class=\"wp-block-image size-full is-style-rounded\"><a href=\"https:\/\/eveniments.es\/home\/servicios\/espectaculos-tecnologicos\/dancer-led\"><img loading=\"lazy\" decoding=\"async\" width=\"800\" height=\"533\" data-id=\"4994\" src=\"https:\/\/eveniments.es\/wp-content\/uploads\/2023\/05\/Dancer-Led-1-1-1.jpg\" alt=\"\" class=\"wp-image-4994\" srcset=\"https:\/\/eveniments.es\/wp-content\/uploads\/2023\/05\/Dancer-Led-1-1-1.jpg 800w, https:\/\/eveniments.es\/wp-content\/uploads\/2023\/05\/Dancer-Led-1-1-1-300x200.jpg 300w, https:\/\/eveniments.es\/wp-content\/uploads\/2023\/05\/Dancer-Led-1-1-1-768x512.jpg 768w\" sizes=\"auto, (max-width: 800px) 100vw, 800px\" \/><\/a><figcaption class=\"wp-element-caption\">Dancer Led<\/figcaption><\/figure>\n\n\n\n<figure class=\"wp-block-image size-full is-style-rounded\"><a href=\"https:\/\/eveniments.es\/home\/danza-body-percussion-pro\"><img loading=\"lazy\" decoding=\"async\" width=\"1024\" height=\"510\" data-id=\"4995\" src=\"https:\/\/eveniments.es\/wp-content\/uploads\/2023\/05\/Dossier-Crearte-events-V9-25-1024x510-1.jpg\" alt=\"\" class=\"wp-image-4995\" srcset=\"https:\/\/eveniments.es\/wp-content\/uploads\/2023\/05\/Dossier-Crearte-events-V9-25-1024x510-1.jpg 1024w, https:\/\/eveniments.es\/wp-content\/uploads\/2023\/05\/Dossier-Crearte-events-V9-25-1024x510-1-300x149.jpg 300w, https:\/\/eveniments.es\/wp-content\/uploads\/2023\/05\/Dossier-Crearte-events-V9-25-1024x510-1-768x383.jpg 768w\" sizes=\"auto, (max-width: 1024px) 100vw, 1024px\" \/><\/a><figcaption class=\"wp-element-caption\">Dance &amp; Body Percussion Pro<\/figcaption><\/figure>\n\n\n\n<figure class=\"wp-block-image size-full is-style-rounded\"><a href=\"https:\/\/eveniments.es\/home\/luminium\"><img loading=\"lazy\" decoding=\"async\" width=\"1024\" height=\"682\" data-id=\"4996\" src=\"https:\/\/eveniments.es\/wp-content\/uploads\/2023\/05\/Luminium.jpg\" alt=\"\" class=\"wp-image-4996\" srcset=\"https:\/\/eveniments.es\/wp-content\/uploads\/2023\/05\/Luminium.jpg 1024w, https:\/\/eveniments.es\/wp-content\/uploads\/2023\/05\/Luminium-300x200.jpg 300w, https:\/\/eveniments.es\/wp-content\/uploads\/2023\/05\/Luminium-768x512.jpg 768w\" sizes=\"auto, (max-width: 1024px) 100vw, 1024px\" \/><\/a><figcaption class=\"wp-element-caption\">Luminium<\/figcaption><\/figure>\n\n\n\n<figure class=\"wp-block-image size-full is-style-rounded\"><a href=\"https:\/\/eveniments.es\/home\/bailarinas-del-futuro\"><img loading=\"lazy\" decoding=\"async\" width=\"553\" height=\"558\" data-id=\"4998\" src=\"https:\/\/eveniments.es\/wp-content\/uploads\/2023\/05\/Bailarinas-del-futuro.jpg\" alt=\"\" class=\"wp-image-4998\" srcset=\"https:\/\/eveniments.es\/wp-content\/uploads\/2023\/05\/Bailarinas-del-futuro.jpg 553w, https:\/\/eveniments.es\/wp-content\/uploads\/2023\/05\/Bailarinas-del-futuro-297x300.jpg 297w, https:\/\/eveniments.es\/wp-content\/uploads\/2023\/05\/Bailarinas-del-futuro-150x150.jpg 150w\" sizes=\"auto, (max-width: 553px) 100vw, 553px\" \/><\/a><figcaption class=\"wp-element-caption\">Bailarinas del futuro<\/figcaption><\/figure>\n\n\n\n<figure class=\"wp-block-image size-full is-style-rounded\"><a href=\"https:\/\/eveniments.es\/home\/alas-de-isis-ledparaguas\"><img loading=\"lazy\" decoding=\"async\" width=\"852\" height=\"480\" data-id=\"5001\" src=\"https:\/\/eveniments.es\/wp-content\/uploads\/2023\/05\/Alas-de-Isis-Led.jpg\" alt=\"\" class=\"wp-image-5001\" srcset=\"https:\/\/eveniments.es\/wp-content\/uploads\/2023\/05\/Alas-de-Isis-Led.jpg 852w, https:\/\/eveniments.es\/wp-content\/uploads\/2023\/05\/Alas-de-Isis-Led-300x169.jpg 300w, https:\/\/eveniments.es\/wp-content\/uploads\/2023\/05\/Alas-de-Isis-Led-768x433.jpg 768w, https:\/\/eveniments.es\/wp-content\/uploads\/2023\/05\/Alas-de-Isis-Led-678x381.jpg 678w\" sizes=\"auto, (max-width: 852px) 100vw, 852px\" \/><\/a><figcaption class=\"wp-element-caption\">Alas de Isis Led<\/figcaption><\/figure>\n\n\n\n<figure class=\"wp-block-image size-full is-style-rounded\"><a href=\"https:\/\/eveniments.es\/home\/led-malabares-logos-alas-de-isis\"><img loading=\"lazy\" decoding=\"async\" width=\"636\" height=\"424\" data-id=\"5005\" src=\"https:\/\/eveniments.es\/wp-content\/uploads\/2023\/05\/malabares-baile.jpg\" alt=\"\" class=\"wp-image-5005\" srcset=\"https:\/\/eveniments.es\/wp-content\/uploads\/2023\/05\/malabares-baile.jpg 636w, https:\/\/eveniments.es\/wp-content\/uploads\/2023\/05\/malabares-baile-300x200.jpg 300w\" sizes=\"auto, (max-width: 636px) 100vw, 636px\" \/><\/a><figcaption class=\"wp-element-caption\">Malabares logo baile<\/figcaption><\/figure>\n\n\n\n<figure class=\"wp-block-image size-full is-style-rounded\"><a href=\"https:\/\/eveniments.es\/home\/doble-michael-jackson\"><img loading=\"lazy\" decoding=\"async\" width=\"892\" height=\"588\" data-id=\"5007\" src=\"https:\/\/eveniments.es\/wp-content\/uploads\/2023\/05\/doble-Michael-Jackson.jpg\" alt=\"\" class=\"wp-image-5007\" srcset=\"https:\/\/eveniments.es\/wp-content\/uploads\/2023\/05\/doble-Michael-Jackson.jpg 892w, https:\/\/eveniments.es\/wp-content\/uploads\/2023\/05\/doble-Michael-Jackson-300x198.jpg 300w, https:\/\/eveniments.es\/wp-content\/uploads\/2023\/05\/doble-Michael-Jackson-768x506.jpg 768w\" sizes=\"auto, (max-width: 892px) 100vw, 892px\" \/><\/a><figcaption class=\"wp-element-caption\">Doble Michael Jackson<\/figcaption><\/figure>\n\n\n\n<figure class=\"wp-block-image size-full is-style-rounded\"><a href=\"https:\/\/kurtsavoy.com\/\"><img loading=\"lazy\" decoding=\"async\" width=\"420\" height=\"280\" data-id=\"5012\" src=\"https:\/\/eveniments.es\/wp-content\/uploads\/2023\/05\/Kurt-Savoy-en-Concierto-420x280-1.jpg\" alt=\"\" class=\"wp-image-5012\" srcset=\"https:\/\/eveniments.es\/wp-content\/uploads\/2023\/05\/Kurt-Savoy-en-Concierto-420x280-1.jpg 420w, https:\/\/eveniments.es\/wp-content\/uploads\/2023\/05\/Kurt-Savoy-en-Concierto-420x280-1-300x200.jpg 300w\" sizes=\"auto, (max-width: 420px) 100vw, 420px\" \/><\/a><figcaption class=\"wp-element-caption\">Kurt Savoy el rey del sibido<\/figcaption><\/figure>\n\n\n\n<figure class=\"wp-block-image size-full is-style-rounded\"><a href=\"https:\/\/eveniments.es\/home\/hombre-orquesta-siglo-xxi\"><img loading=\"lazy\" decoding=\"async\" width=\"732\" height=\"472\" data-id=\"5027\" src=\"https:\/\/eveniments.es\/wp-content\/uploads\/2023\/05\/Hombre-orquesta-2.jpg\" alt=\"\" class=\"wp-image-5027\" srcset=\"https:\/\/eveniments.es\/wp-content\/uploads\/2023\/05\/Hombre-orquesta-2.jpg 732w, https:\/\/eveniments.es\/wp-content\/uploads\/2023\/05\/Hombre-orquesta-2-300x193.jpg 300w\" sizes=\"auto, (max-width: 732px) 100vw, 732px\" \/><\/a><figcaption class=\"wp-element-caption\">Hombre orquesta<\/figcaption><\/figure>\n<\/figure>\n","protected":false},"excerpt":{"rendered":"<div class=\"mh-excerpt\"><\/div>","protected":false},"author":1,"featured_media":0,"parent":0,"menu_order":0,"comment_status":"closed","ping_status":"closed","template":"","meta":{"footnotes":""},"class_list":["post-4955","page","type-page","status-publish","hentry"],"_links":{"self":[{"href":"https:\/\/eveniments.es\/home\/wp-json\/wp\/v2\/pages\/4955","targetHints":{"allow":["GET"]}}],"collection":[{"href":"https:\/\/eveniments.es\/home\/wp-json\/wp\/v2\/pages"}],"about":[{"href":"https:\/\/eveniments.es\/home\/wp-json\/wp\/v2\/types\/page"}],"author":[{"embeddable":true,"href":"https:\/\/eveniments.es\/home\/wp-json\/wp\/v2\/users\/1"}],"replies":[{"embeddable":true,"href":"https:\/\/eveniments.es\/home\/wp-json\/wp\/v2\/comments?post=4955"}],"version-history":[{"count":18,"href":"https:\/\/eveniments.es\/home\/wp-json\/wp\/v2\/pages\/4955\/revisions"}],"predecessor-version":[{"id":5047,"href":"https:\/\/eveniments.es\/home\/wp-json\/wp\/v2\/pages\/4955\/revisions\/5047"}],"wp:attachment":[{"href":"https:\/\/eveniments.es\/home\/wp-json\/wp\/v2\/media?parent=4955"}],"curies":[{"name":"wp","href":"https:\/\/api.w.org\/{rel}","templated":true}]}}