{"id":5814,"date":"2023-08-29T09:44:30","date_gmt":"2023-08-29T09:44:30","guid":{"rendered":"https:\/\/eveniments.es\/home\/?page_id=5814"},"modified":"2023-08-29T11:43:05","modified_gmt":"2023-08-29T11:43:05","slug":"dinamizacion-comercial","status":"publish","type":"page","link":"https:\/\/eveniments.es\/home\/dinamizacion-comercial","title":{"rendered":"DINAMIZACI\u00d3N COMERCIAL"},"content":{"rendered":"\n\n\n\n\n<blockquote class=\"wp-block-quote is-layout-flow wp-block-quote-is-layout-flow\">\n<blockquote class=\"wp-block-quote is-layout-flow wp-block-quote-is-layout-flow\">\n<div class=\"wp-block-group\"><div class=\"wp-block-group__inner-container is-layout-constrained wp-block-group-is-layout-constrained\">\n<h4><strong>Acciones de Street Marketing para la dinamizaci\u00f3n comercial o de espacios.<\/strong><br><br><strong>Creamos el momento para que puedas disfrutar de una amplia variedad de ideas y proyectos para crear flujo y fijar la atenci\u00f3n de los posibles clientes.<\/strong><\/h4>\n<\/div><\/div>\n<\/blockquote>\n<\/blockquote>\n\n\n\n<p><\/p>\n\n\n\n<figure class=\"wp-block-image size-full\"><img loading=\"lazy\" decoding=\"async\" width=\"962\" height=\"542\" src=\"https:\/\/eveniments.es\/wp-content\/uploads\/2023\/08\/pagina-1.jpg\" alt=\"\" class=\"wp-image-5820\" srcset=\"https:\/\/eveniments.es\/wp-content\/uploads\/2023\/08\/pagina-1.jpg 962w, https:\/\/eveniments.es\/wp-content\/uploads\/2023\/08\/pagina-1-300x169.jpg 300w, https:\/\/eveniments.es\/wp-content\/uploads\/2023\/08\/pagina-1-768x433.jpg 768w, https:\/\/eveniments.es\/wp-content\/uploads\/2023\/08\/pagina-1-678x381.jpg 678w\" sizes=\"auto, (max-width: 962px) 100vw, 962px\" \/><\/figure>\n\n\n\n<figure class=\"wp-block-image size-full\"><img loading=\"lazy\" decoding=\"async\" width=\"962\" height=\"542\" src=\"https:\/\/eveniments.es\/wp-content\/uploads\/2023\/08\/pagina-6.jpg\" alt=\"\" class=\"wp-image-5835\" srcset=\"https:\/\/eveniments.es\/wp-content\/uploads\/2023\/08\/pagina-6.jpg 962w, https:\/\/eveniments.es\/wp-content\/uploads\/2023\/08\/pagina-6-300x169.jpg 300w, https:\/\/eveniments.es\/wp-content\/uploads\/2023\/08\/pagina-6-768x433.jpg 768w, https:\/\/eveniments.es\/wp-content\/uploads\/2023\/08\/pagina-6-678x381.jpg 678w\" sizes=\"auto, (max-width: 962px) 100vw, 962px\" \/><\/figure>\n\n\n\n<figure class=\"wp-block-image size-full\"><img loading=\"lazy\" decoding=\"async\" width=\"962\" height=\"542\" src=\"https:\/\/eveniments.es\/wp-content\/uploads\/2023\/08\/pagina-3.jpg\" alt=\"\" class=\"wp-image-5827\" srcset=\"https:\/\/eveniments.es\/wp-content\/uploads\/2023\/08\/pagina-3.jpg 962w, https:\/\/eveniments.es\/wp-content\/uploads\/2023\/08\/pagina-3-300x169.jpg 300w, https:\/\/eveniments.es\/wp-content\/uploads\/2023\/08\/pagina-3-768x433.jpg 768w, https:\/\/eveniments.es\/wp-content\/uploads\/2023\/08\/pagina-3-678x381.jpg 678w\" sizes=\"auto, (max-width: 962px) 100vw, 962px\" \/><\/figure>\n\n\n\n<div class=\"wp-block-media-text alignwide is-stacked-on-mobile is-image-fill\"><figure class=\"wp-block-media-text__media\" style=\"background-image:url(https:\/\/eveniments.es\/wp-content\/uploads\/2023\/08\/pagina-4.jpg);background-position:50% 50%\"><img loading=\"lazy\" decoding=\"async\" width=\"962\" height=\"542\" src=\"https:\/\/eveniments.es\/wp-content\/uploads\/2023\/08\/pagina-4.jpg\" alt=\"\" class=\"wp-image-5828 size-full\" srcset=\"https:\/\/eveniments.es\/wp-content\/uploads\/2023\/08\/pagina-4.jpg 962w, https:\/\/eveniments.es\/wp-content\/uploads\/2023\/08\/pagina-4-300x169.jpg 300w, https:\/\/eveniments.es\/wp-content\/uploads\/2023\/08\/pagina-4-768x433.jpg 768w, https:\/\/eveniments.es\/wp-content\/uploads\/2023\/08\/pagina-4-678x381.jpg 678w\" sizes=\"auto, (max-width: 962px) 100vw, 962px\" \/><\/figure><div class=\"wp-block-media-text__content\">\n<h3 class=\"wp-block-heading\">Estaci\u00f3n de realidad virtual<\/h3>\n\n\n\n<p><br><strong>M\u00f3dulos de realidad virtual para vivir experiencias \u00fanicas.<br>Vive la aventura, el terror, los viajes, las emociones y visita los lugares que no podr\u00e1s imaginar. M\u00e1s de 90 juegos y aplicaciones para disfrutar de esta experiencia<\/strong><\/p>\n<\/div><\/div>\n\n\n\n<div class=\"wp-block-buttons is-layout-flex wp-block-buttons-is-layout-flex\">\n<div class=\"wp-block-button\"><a class=\"wp-block-button__link wp-element-button\" href=\"https:\/\/drive.google.com\/file\/d\/1V88PW13AP_4KxPLSpHc638mWheIVDsiK\/view?usp=sharing\" target=\"_blank\" rel=\"noreferrer noopener\"><mark style=\"background-color:rgba(0, 0, 0, 0)\" class=\"has-inline-color has-white-color\">ver v\u00eddeo<\/mark><\/a><\/div>\n\n\n\n<div class=\"wp-block-button\"><a class=\"wp-block-button__link wp-element-button\" href=\"https:\/\/drive.google.com\/file\/d\/1JN6mQ6qJ3XzmwcEFD13PqAtAdd_NKVvT\/view?usp=sharing\" target=\"_blank\" rel=\"noreferrer noopener\"><mark style=\"background-color:rgba(0, 0, 0, 0)\" class=\"has-inline-color has-white-color\">ver dossier<\/mark><\/a><\/div>\n<\/div>\n\n\n\n<div class=\"wp-block-media-text alignwide has-media-on-the-right is-stacked-on-mobile is-image-fill\"><div class=\"wp-block-media-text__content\">\n<h3 class=\"wp-block-heading\">Photo call 360<\/h3>\n\n\n\n<p><strong>S\u00fabete a nuestra plataforma y ser\u00e1s el protagonista de un bonito v\u00eddeo clip con im\u00e1genes que podr\u00e1s conservar como recuerdo Son enviadas directamente al m\u00f3vil del cliente , totalmente personalizables.<\/strong><\/p>\n<\/div><figure class=\"wp-block-media-text__media\" style=\"background-image:url(https:\/\/eveniments.es\/wp-content\/uploads\/2023\/08\/pagina-5.jpg);background-position:50% 50%\"><img loading=\"lazy\" decoding=\"async\" width=\"962\" height=\"542\" src=\"https:\/\/eveniments.es\/wp-content\/uploads\/2023\/08\/pagina-5.jpg\" alt=\"\" class=\"wp-image-5829 size-full\" srcset=\"https:\/\/eveniments.es\/wp-content\/uploads\/2023\/08\/pagina-5.jpg 962w, https:\/\/eveniments.es\/wp-content\/uploads\/2023\/08\/pagina-5-300x169.jpg 300w, https:\/\/eveniments.es\/wp-content\/uploads\/2023\/08\/pagina-5-768x433.jpg 768w, https:\/\/eveniments.es\/wp-content\/uploads\/2023\/08\/pagina-5-678x381.jpg 678w\" sizes=\"auto, (max-width: 962px) 100vw, 962px\" \/><\/figure><\/div>\n\n\n\n\n\n<div class=\"wp-block-buttons is-layout-flex wp-block-buttons-is-layout-flex\">\n<div class=\"wp-block-button\"><a class=\"wp-block-button__link wp-element-button\" href=\"https:\/\/youtu.be\/1H1fpCNQAto\" target=\"_blank\" rel=\"noreferrer noopener\"><mark style=\"background-color:rgba(0, 0, 0, 0)\" class=\"has-inline-color has-white-color\">ver v\u00eddeo<\/mark><\/a><\/div>\n<\/div>\n\n\n\n<div class=\"wp-block-media-text alignwide is-stacked-on-mobile is-image-fill\"><figure class=\"wp-block-media-text__media\" style=\"background-image:url(https:\/\/eveniments.es\/wp-content\/uploads\/2023\/08\/pagina-7.jpg);background-position:50% 50%\"><img loading=\"lazy\" decoding=\"async\" width=\"962\" height=\"542\" src=\"https:\/\/eveniments.es\/wp-content\/uploads\/2023\/08\/pagina-7.jpg\" alt=\"\" class=\"wp-image-5845 size-full\" srcset=\"https:\/\/eveniments.es\/wp-content\/uploads\/2023\/08\/pagina-7.jpg 962w, https:\/\/eveniments.es\/wp-content\/uploads\/2023\/08\/pagina-7-300x169.jpg 300w, https:\/\/eveniments.es\/wp-content\/uploads\/2023\/08\/pagina-7-768x433.jpg 768w, https:\/\/eveniments.es\/wp-content\/uploads\/2023\/08\/pagina-7-678x381.jpg 678w\" sizes=\"auto, (max-width: 962px) 100vw, 962px\" \/><\/figure><div class=\"wp-block-media-text__content\">\n\n\n<h3 class=\"wp-block-heading\">V\u00eddeo Estrat\u00e9gico<\/h3>\n\n\n\n<p><strong>V\u00eddeo elaborado para concienciar de la importancia de comprar en el comercio local. Formato cortometraje.<\/strong><\/p>\n<\/div><\/div>\n\n\n\n<div class=\"wp-block-buttons is-layout-flex wp-block-buttons-is-layout-flex\">\n<div class=\"wp-block-button\"><a class=\"wp-block-button__link wp-element-button\"><mark style=\"background-color:rgba(0, 0, 0, 0)\" class=\"has-inline-color has-white-color\">ver v\u00eddeo<\/mark><\/a><\/div>\n<\/div>\n\n\n\n<div class=\"wp-block-media-text alignwide has-media-on-the-right is-stacked-on-mobile is-image-fill\" style=\"grid-template-columns:auto 49%\"><div class=\"wp-block-media-text__content\">\n<h3 class=\"wp-block-heading\">Robotilandia<\/h3>\n\n\n\n<p><br>Nuestros robots interactivos tienen capacidades de comunicaci\u00f3n verbales y no verbales y son capaces de caminar e interactuar de una manera natural con las personas.<br>Los asistentes de tu evento har\u00e1n fila para sacarse una foto con ellos.<br>Maestros de Ceremonias-Punto de informaci\u00f3n Community Manager-Fotograf\u00edas al momento<\/p>\n<\/div><figure class=\"wp-block-media-text__media\" style=\"background-image:url(https:\/\/eveniments.es\/wp-content\/uploads\/2023\/08\/pagina-8.jpg);background-position:50% 50%\"><img loading=\"lazy\" decoding=\"async\" width=\"962\" height=\"542\" src=\"https:\/\/eveniments.es\/wp-content\/uploads\/2023\/08\/pagina-8.jpg\" alt=\"\" class=\"wp-image-5849 size-full\" srcset=\"https:\/\/eveniments.es\/wp-content\/uploads\/2023\/08\/pagina-8.jpg 962w, https:\/\/eveniments.es\/wp-content\/uploads\/2023\/08\/pagina-8-300x169.jpg 300w, https:\/\/eveniments.es\/wp-content\/uploads\/2023\/08\/pagina-8-768x433.jpg 768w, https:\/\/eveniments.es\/wp-content\/uploads\/2023\/08\/pagina-8-678x381.jpg 678w\" sizes=\"auto, (max-width: 962px) 100vw, 962px\" \/><\/figure><\/div>\n\n\n\n<div class=\"wp-block-buttons is-layout-flex wp-block-buttons-is-layout-flex\">\n<div class=\"wp-block-button\"><a class=\"wp-block-button__link wp-element-button\" href=\"https:\/\/youtube.com\/shorts\/PYpn4pDlnQ0\" target=\"_blank\" rel=\"noreferrer noopener\"><mark style=\"background-color:rgba(0, 0, 0, 0)\" class=\"has-inline-color has-white-color\">ver v\u00eddeo<\/mark><\/a><\/div>\n\n\n\n<div class=\"wp-block-button\"><a class=\"wp-block-button__link wp-element-button\" href=\"https:\/\/drive.google.com\/file\/d\/1SrHwkqMNaKGYYAGi5b7FJawP9ghr5g7P\/view?usp=sharing\" target=\"_blank\" rel=\"noreferrer noopener\"><mark style=\"background-color:rgba(0, 0, 0, 0)\" class=\"has-inline-color has-white-color\">ver dossier<\/mark><\/a><\/div>\n<\/div>\n\n\n\n<figure class=\"wp-block-image size-full\"><img loading=\"lazy\" decoding=\"async\" width=\"962\" height=\"542\" src=\"https:\/\/eveniments.es\/wp-content\/uploads\/2023\/08\/pafcgina-10.jpg\" alt=\"\" class=\"wp-image-5852\" srcset=\"https:\/\/eveniments.es\/wp-content\/uploads\/2023\/08\/pafcgina-10.jpg 962w, https:\/\/eveniments.es\/wp-content\/uploads\/2023\/08\/pafcgina-10-300x169.jpg 300w, https:\/\/eveniments.es\/wp-content\/uploads\/2023\/08\/pafcgina-10-768x433.jpg 768w, https:\/\/eveniments.es\/wp-content\/uploads\/2023\/08\/pafcgina-10-678x381.jpg 678w\" sizes=\"auto, (max-width: 962px) 100vw, 962px\" \/><\/figure>\n\n\n\n<div class=\"wp-block-media-text alignwide is-stacked-on-mobile is-image-fill\" style=\"grid-template-columns:59% auto\"><figure class=\"wp-block-media-text__media\" style=\"background-image:url(https:\/\/eveniments.es\/wp-content\/uploads\/2023\/08\/pagina-13.jpg);background-position:50% 50%\"><img loading=\"lazy\" decoding=\"async\" width=\"962\" height=\"542\" src=\"https:\/\/eveniments.es\/wp-content\/uploads\/2023\/08\/pagina-13.jpg\" alt=\"\" class=\"wp-image-5861 size-full\" srcset=\"https:\/\/eveniments.es\/wp-content\/uploads\/2023\/08\/pagina-13.jpg 962w, https:\/\/eveniments.es\/wp-content\/uploads\/2023\/08\/pagina-13-300x169.jpg 300w, https:\/\/eveniments.es\/wp-content\/uploads\/2023\/08\/pagina-13-768x433.jpg 768w, https:\/\/eveniments.es\/wp-content\/uploads\/2023\/08\/pagina-13-678x381.jpg 678w\" sizes=\"auto, (max-width: 962px) 100vw, 962px\" \/><\/figure><div class=\"wp-block-media-text__content\">\n<h3 class=\"wp-block-heading\">El se\u00f1or de las Peonzas<\/h3>\n\n\n\n<p>Montado en su tricicarro, viaja por el globo casi sin descanso, donde transporta la totalidad de ese cosmos que manipula con virtuosismo y encanto.<br>El Se\u00f1or de las Peonzas nos muestra un peque\u00f1o gran Circo de Peonzas, donde el espect\u00e1culo destaca por la calidad de sus \u201cartistas\u201d.<\/p>\n<\/div><\/div>\n\n\n\n<div class=\"wp-block-buttons is-layout-flex wp-block-buttons-is-layout-flex\">\n<div class=\"wp-block-button\"><a class=\"wp-block-button__link wp-element-button\" href=\"https:\/\/youtu.be\/WX2A6L8ZarM\" target=\"_blank\" rel=\"noreferrer noopener\"><mark style=\"background-color:rgba(0, 0, 0, 0)\" class=\"has-inline-color has-white-color\">ver v\u00eddeo<\/mark><\/a><\/div>\n<\/div>\n\n\n\n<div class=\"wp-block-media-text alignwide has-media-on-the-right is-stacked-on-mobile is-image-fill\"><div class=\"wp-block-media-text__content\">\n<h3 class=\"wp-block-heading\">Actores por un d\u00eda<\/h3>\n\n\n\n<p>Te proponemos un rodaje de los m\u00e1s divertido, donde nuestro director y sus actores te har\u00e1n vivir el rodaje de una pel\u00edcula en directo, pero cuidado cualquier cosa puede pasar.<\/p>\n<\/div><figure class=\"wp-block-media-text__media\" style=\"background-image:url(https:\/\/eveniments.es\/wp-content\/uploads\/2023\/08\/pagina12.jpg);background-position:50% 50%\"><img loading=\"lazy\" decoding=\"async\" width=\"962\" height=\"542\" src=\"https:\/\/eveniments.es\/wp-content\/uploads\/2023\/08\/pagina12.jpg\" alt=\"\" class=\"wp-image-5860 size-full\" srcset=\"https:\/\/eveniments.es\/wp-content\/uploads\/2023\/08\/pagina12.jpg 962w, https:\/\/eveniments.es\/wp-content\/uploads\/2023\/08\/pagina12-300x169.jpg 300w, https:\/\/eveniments.es\/wp-content\/uploads\/2023\/08\/pagina12-768x433.jpg 768w, https:\/\/eveniments.es\/wp-content\/uploads\/2023\/08\/pagina12-678x381.jpg 678w\" sizes=\"auto, (max-width: 962px) 100vw, 962px\" \/><\/figure><\/div>\n\n\n\n<div class=\"wp-block-buttons is-layout-flex wp-block-buttons-is-layout-flex\">\n<div class=\"wp-block-button\"><a class=\"wp-block-button__link wp-element-button\" href=\"https:\/\/drive.google.com\/file\/d\/1wNKDKgjdYhxQunpylK_jKqyxRLx9zw0U\/view?usp=sharing\" target=\"_blank\" rel=\"noreferrer noopener\"><mark style=\"background-color:rgba(0, 0, 0, 0)\" class=\"has-inline-color has-white-color\">ver dossier<\/mark><\/a><\/div>\n<\/div>\n\n\n\n<div class=\"wp-block-media-text alignwide is-stacked-on-mobile is-image-fill\"><figure class=\"wp-block-media-text__media\" style=\"background-image:url(https:\/\/eveniments.es\/wp-content\/uploads\/2023\/08\/pagina14.jpg);background-position:50% 50%\"><img loading=\"lazy\" decoding=\"async\" width=\"962\" height=\"542\" src=\"https:\/\/eveniments.es\/wp-content\/uploads\/2023\/08\/pagina14.jpg\" alt=\"\" class=\"wp-image-5874 size-full\" srcset=\"https:\/\/eveniments.es\/wp-content\/uploads\/2023\/08\/pagina14.jpg 962w, https:\/\/eveniments.es\/wp-content\/uploads\/2023\/08\/pagina14-300x169.jpg 300w, https:\/\/eveniments.es\/wp-content\/uploads\/2023\/08\/pagina14-768x433.jpg 768w, https:\/\/eveniments.es\/wp-content\/uploads\/2023\/08\/pagina14-678x381.jpg 678w\" sizes=\"auto, (max-width: 962px) 100vw, 962px\" \/><\/figure><div class=\"wp-block-media-text__content\">\n<h3 class=\"wp-block-heading\">El reportero loco<\/h3>\n\n\n\n<p>Divertidas entrevistas a los transe\u00fantes a trav\u00e9s del Reportero m\u00e1s dicharachero. <br>Acompa\u00f1ado de un c\u00e1mara, al m\u00e1s puro estilo \u00abCaiga quien Caiga\u00bb, har\u00e1 preguntas sobre el comercio y les pondr\u00e1 a prueba, con mil y una locuras,.<\/p>\n\n\n<\/div><\/div>\n\n\n\n<div class=\"wp-block-buttons is-layout-flex wp-block-buttons-is-layout-flex\">\n<div class=\"wp-block-button\"><a class=\"wp-block-button__link wp-element-button\" href=\"https:\/\/youtu.be\/PrfTJBZinj4\" target=\"_blank\" rel=\"noreferrer noopener\"><mark style=\"background-color:rgba(0, 0, 0, 0)\" class=\"has-inline-color has-white-color\">ver v\u00eddeo<\/mark><\/a><\/div>\n<\/div>\n\n\n\n<div class=\"wp-block-media-text alignwide has-media-on-the-right is-stacked-on-mobile is-image-fill\" style=\"grid-template-columns:auto 56%\"><div class=\"wp-block-media-text__content\">\n<h3 class=\"wp-block-heading\">Birly y Birloque<\/h3>\n\n\n\n<p>Dos personajes exc\u00e9ntricos, en clave de clown, crear\u00e1n mundos de fantas\u00eda, risas, sorpresa, ternura y fuerza. Puro juego a trav\u00e9s de un lenguaje sencillo, transparente y directo. <br>Se adentran en un mundo desordenado, encontrar\u00e1 sentido con rutinas de malabares, y magia c\u00f3mica.<\/p>\n<\/div><figure class=\"wp-block-media-text__media\" style=\"background-image:url(https:\/\/eveniments.es\/wp-content\/uploads\/2023\/08\/pagina15.jpg);background-position:50% 50%\"><img loading=\"lazy\" decoding=\"async\" width=\"962\" height=\"542\" src=\"https:\/\/eveniments.es\/wp-content\/uploads\/2023\/08\/pagina15.jpg\" alt=\"\" class=\"wp-image-5877 size-full\" srcset=\"https:\/\/eveniments.es\/wp-content\/uploads\/2023\/08\/pagina15.jpg 962w, https:\/\/eveniments.es\/wp-content\/uploads\/2023\/08\/pagina15-300x169.jpg 300w, https:\/\/eveniments.es\/wp-content\/uploads\/2023\/08\/pagina15-768x433.jpg 768w, https:\/\/eveniments.es\/wp-content\/uploads\/2023\/08\/pagina15-678x381.jpg 678w\" sizes=\"auto, (max-width: 962px) 100vw, 962px\" \/><\/figure><\/div>\n\n\n\n<div class=\"wp-block-buttons is-layout-flex wp-block-buttons-is-layout-flex\">\n<div class=\"wp-block-button\"><a class=\"wp-block-button__link wp-element-button\" href=\"https:\/\/drive.google.com\/file\/d\/1PvZrOfg1UFoSrM3HmjNnbI-1Ib2QuS7P\/view?usp=sharing\" target=\"_blank\" rel=\"noreferrer noopener\"><mark style=\"background-color:rgba(0, 0, 0, 0)\" class=\"has-inline-color has-white-color\">ver dossier<\/mark><\/a><\/div>\n<\/div>\n\n\n\n<figure class=\"wp-block-image size-full is-resized\"><img loading=\"lazy\" decoding=\"async\" src=\"https:\/\/eveniments.es\/wp-content\/uploads\/2023\/08\/pagina-16-1.jpg\" alt=\"\" class=\"wp-image-5884\" width=\"897\" height=\"505\" srcset=\"https:\/\/eveniments.es\/wp-content\/uploads\/2023\/08\/pagina-16-1.jpg 962w, https:\/\/eveniments.es\/wp-content\/uploads\/2023\/08\/pagina-16-1-300x169.jpg 300w, https:\/\/eveniments.es\/wp-content\/uploads\/2023\/08\/pagina-16-1-768x433.jpg 768w, https:\/\/eveniments.es\/wp-content\/uploads\/2023\/08\/pagina-16-1-678x381.jpg 678w\" sizes=\"auto, (max-width: 897px) 100vw, 897px\" \/><\/figure>\n\n\n\n<div class=\"wp-block-buttons is-layout-flex wp-block-buttons-is-layout-flex\">\n<div class=\"wp-block-button\"><a class=\"wp-block-button__link wp-element-button\"><mark style=\"background-color:rgba(0, 0, 0, 0)\" class=\"has-inline-color has-white-color\">pasacalles1<\/mark><\/a><\/div>\n\n\n\n<div class=\"wp-block-button\"><a class=\"wp-block-button__link wp-element-button\"><mark style=\"background-color:rgba(0, 0, 0, 0)\" class=\"has-inline-color has-white-color\">pasacalles2<\/mark><\/a><\/div>\n\n\n\n<div class=\"wp-block-button\"><a class=\"wp-block-button__link wp-element-button\"><mark style=\"background-color:rgba(0, 0, 0, 0)\" class=\"has-inline-color has-white-color\">pasacalles3<\/mark><\/a><\/div>\n\n\n\n<div class=\"wp-block-button\"><a class=\"wp-block-button__link wp-element-button\"><mark style=\"background-color:rgba(0, 0, 0, 0)\" class=\"has-inline-color has-white-color\">zancolandia <\/mark><\/a><\/div>\n\n\n\n<div class=\"wp-block-button\"><a class=\"wp-block-button__link wp-element-button\"><mark style=\"background-color:rgba(0, 0, 0, 0)\" class=\"has-inline-color has-white-color\">circolandia<\/mark><\/a><\/div>\n<\/div>\n","protected":false},"excerpt":{"rendered":"<div class=\"mh-excerpt\"><p>Estaci\u00f3n de realidad virtual M\u00f3dulos de realidad virtual para vivir experiencias \u00fanicas.Vive la aventura, el terror, los viajes, las emociones y visita los lugares que <a class=\"mh-excerpt-more\" href=\"https:\/\/eveniments.es\/home\/dinamizacion-comercial\" title=\"DINAMIZACI\u00d3N COMERCIAL\">[&#8230;]<\/a><\/p>\n<\/div>","protected":false},"author":1,"featured_media":0,"parent":0,"menu_order":0,"comment_status":"closed","ping_status":"closed","template":"","meta":{"footnotes":""},"class_list":["post-5814","page","type-page","status-publish","hentry"],"_links":{"self":[{"href":"https:\/\/eveniments.es\/home\/wp-json\/wp\/v2\/pages\/5814","targetHints":{"allow":["GET"]}}],"collection":[{"href":"https:\/\/eveniments.es\/home\/wp-json\/wp\/v2\/pages"}],"about":[{"href":"https:\/\/eveniments.es\/home\/wp-json\/wp\/v2\/types\/page"}],"author":[{"embeddable":true,"href":"https:\/\/eveniments.es\/home\/wp-json\/wp\/v2\/users\/1"}],"replies":[{"embeddable":true,"href":"https:\/\/eveniments.es\/home\/wp-json\/wp\/v2\/comments?post=5814"}],"version-history":[{"count":28,"href":"https:\/\/eveniments.es\/home\/wp-json\/wp\/v2\/pages\/5814\/revisions"}],"predecessor-version":[{"id":5887,"href":"https:\/\/eveniments.es\/home\/wp-json\/wp\/v2\/pages\/5814\/revisions\/5887"}],"wp:attachment":[{"href":"https:\/\/eveniments.es\/home\/wp-json\/wp\/v2\/media?parent=5814"}],"curies":[{"name":"wp","href":"https:\/\/api.w.org\/{rel}","templated":true}]}}